CRAN Package Check Results for Package conjurer

Last updated on 2025-07-12 09:49:15 CEST.

Flavor Version Tinstall Tcheck Ttotal Status Flags
r-devel-linux-x86_64-debian-clang 1.7.1 2.60 36.26 38.86 NOTE
r-devel-linux-x86_64-debian-gcc 1.7.1 1.90 28.70 30.60 NOTE
r-devel-linux-x86_64-fedora-clang 1.7.1 58.68 OK
r-devel-linux-x86_64-fedora-gcc 1.7.1 70.29 OK
r-devel-windows-x86_64 1.7.1 4.00 60.00 64.00 OK
r-patched-linux-x86_64 1.7.1 2.86 34.67 37.53 OK
r-release-linux-x86_64 1.7.1 1.90 34.28 36.18 OK
r-release-macos-arm64 1.7.1 42.00 OK
r-release-macos-x86_64 1.7.1 57.00 OK
r-release-windows-x86_64 1.7.1 4.00 59.00 63.00 OK
r-oldrel-macos-arm64 1.7.1 28.00 OK
r-oldrel-macos-x86_64 1.7.1 42.00 OK
r-oldrel-windows-x86_64 1.7.1 6.00 68.00 74.00 OK

Check Details

Version: 1.7.1
Check: CRAN incoming feasibility
Result: NOTE Maintainer: ‘Sidharth Macherla <msidharthrasik@gmail.com>’ Package CITATION file contains call(s) to old-style citEntry(). Please use bibentry() instead. Flavors: r-devel-linux-x86_64-debian-clang, r-devel-linux-x86_64-debian-gcc