Last updated on 2025-10-21 09:48:28 CEST.
Flavor | Version | Tinstall | Tcheck | Ttotal | Status | Flags |
---|---|---|---|---|---|---|
r-devel-linux-x86_64-debian-clang | 0.9.6 | 6.58 | 131.73 | 138.31 | OK | |
r-devel-linux-x86_64-debian-gcc | 0.9.6 | 3.36 | 95.58 | 98.94 | NOTE | |
r-devel-linux-x86_64-fedora-clang | 0.9.6 | 155.22 | ERROR | |||
r-devel-linux-x86_64-fedora-gcc | 0.9.6 | 213.89 | OK | |||
r-devel-windows-x86_64 | 0.9.6 | 9.00 | 169.00 | 178.00 | OK | |
r-patched-linux-x86_64 | 0.9.6 | 6.49 | 124.73 | 131.22 | OK | |
r-release-linux-x86_64 | 0.9.6 | 4.97 | 124.45 | 129.42 | OK | |
r-release-macos-arm64 | 0.9.6 | 93.00 | OK | |||
r-release-macos-x86_64 | 0.9.6 | 136.00 | OK | |||
r-release-windows-x86_64 | 0.9.6 | 8.00 | 150.00 | 158.00 | OK | |
r-oldrel-macos-arm64 | 0.9.6 | 95.00 | OK | |||
r-oldrel-macos-x86_64 | 0.9.6 | 219.00 | OK | |||
r-oldrel-windows-x86_64 | 0.9.6 | 12.00 | 145.00 | 157.00 | ERROR |
Version: 0.9.6
Check: HTML version of manual
Result: NOTE
Found the following HTML validation problems:
codebook_browser.html:69:1 (codebook_browser.Rd:21): Warning: missing </ul> before </div>
get_skimmers.haven_labelled.html:48:1 (get_skimmers.haven_labelled.Rd:10): Warning: missing </ul> before </div>
get_skimmers.haven_labelled_spss.html:48:1 (get_skimmers.haven_labelled_spss.Rd:10): Warning: missing </ul> before </div>
label_browser.html:51:1 (label_browser.Rd:12): Warning: missing </ul> before </div>
load_data_and_render_codebook.html:60:1 (load_data_and_render_codebook.Rd:17): Warning: missing </ul> before </div>
rescue_attributes.html:58:1 (rescue_attributes.Rd:14): Warning: missing </ul> before </div>
zap_labelled.html:50:1 (zap_labelled.Rd:12): Warning: missing </ul> before </div>
Flavor: r-devel-linux-x86_64-debian-gcc
Version: 0.9.6
Check: re-building of vignette outputs
Result: ERROR
Error(s) in re-building vignettes:
--- re-building ‘codebook.Rmd’ using rmarkdown
--- finished re-building ‘codebook.Rmd’
--- re-building ‘codebook_qualtrics.Rmd’ using rmarkdown
[WARNING] Deprecated: --highlight-style. Use --syntax-highlighting instead.
--- finished re-building ‘codebook_qualtrics.Rmd’
--- re-building ‘codebook_sav.Rmd’ using rmarkdown
Quitting from codebook_sav.Rmd:38-44 [unnamed-chunk-2]
~~~~~~~~~~~~~~~~~~~~~~~~~~~~~~~~~~~~~~~~~~~~~~~~~~~~~~~~~~~~~~~~~~~~~~~~~~~~~~~~
<error/rlang_error>
Error:
! Failed to parse /tmp/RtmpHpG6LU/working_dir/RtmpV2HKwF/file3f40ab65d40f24.sav: Invalid file, or file has unsupported features.
---
Backtrace:
▆
1. └─rio::import("https://osf.io/j4fcb/download", format = "sav")
2. ├─rio:::.import(file = file, ...)
3. └─rio:::.import.rio_sav(file = file, ...)
4. ├─rio:::standardize_attributes(.docall(haven::read_sav, ..., args = list(file = file)))
5. └─rio:::.docall(haven::read_sav, ..., args = list(file = file))
6. ├─R.utils::doCall(...)
7. ├─R.utils::doCall.default(...)
8. │ └─base::do.call(.fcn, args = args, envir = envir)
9. └─haven (local) `<fn>`(file = `<rio_sav>`)
10. └─haven:::df_parse_sav_file(...)
~~~~~~~~~~~~~~~~~~~~~~~~~~~~~~~~~~~~~~~~~~~~~~~~~~~~~~~~~~~~~~~~~~~~~~~~~~~~~~~~
Error: processing vignette 'codebook_sav.Rmd' failed with diagnostics:
Failed to parse /tmp/RtmpHpG6LU/working_dir/RtmpV2HKwF/file3f40ab65d40f24.sav: Invalid file, or file has unsupported features.
--- failed re-building ‘codebook_sav.Rmd’
--- re-building ‘codebook_tutorial.Rmd’ using rmarkdown
Quitting from codebook_tutorial.Rmd:67-69 [unnamed-chunk-5]
~~~~~~~~~~~~~~~~~~~~~~~~~~~~~~~~~~~~~~~~~~~~~~~~~~~~~~~~~~~~~~~~~~~~~~~~~~~~~~~~
<error/rlang_error>
Error in `$<-.data.frame`:
! replacement has 0 rows, data has 2
---
Backtrace:
▆
1. ├─base::`$<-`(`*tmp*`, C5, value = `<list>`)
2. └─base::`$<-.data.frame`(`*tmp*`, C5, value = `<list>`)
~~~~~~~~~~~~~~~~~~~~~~~~~~~~~~~~~~~~~~~~~~~~~~~~~~~~~~~~~~~~~~~~~~~~~~~~~~~~~~~~
Error: processing vignette 'codebook_tutorial.Rmd' failed with diagnostics:
replacement has 0 rows, data has 2
--- failed re-building ‘codebook_tutorial.Rmd’
SUMMARY: processing the following files failed:
‘codebook_sav.Rmd’ ‘codebook_tutorial.Rmd’
Error: Vignette re-building failed.
Execution halted
Flavor: r-devel-linux-x86_64-fedora-clang
Version: 0.9.6
Check: re-building of vignette outputs
Result: ERROR
Error(s) in re-building vignettes:
--- re-building 'codebook.Rmd' using rmarkdown
--- finished re-building 'codebook.Rmd'
--- re-building 'codebook_qualtrics.Rmd' using rmarkdown
--- finished re-building 'codebook_qualtrics.Rmd'
--- re-building 'codebook_sav.Rmd' using rmarkdown
Quitting from codebook_sav.Rmd:38-44 [unnamed-chunk-2]
~~~~~~~~~~~~~~~~~~~~~~~~~~~~~~~~~~~~~~~~~~~~~~~~~~~~~~~~~~~~~~~~~~~~~~~~~~~~~~~~
<error/rlang_error>
Error:
! Failed to parse D:/temp/2025_10_13_09_54_11_13458/Rtmp6LfOo3/file4c44477c2b5c.sav: Invalid file, or file has unsupported features.
---
Backtrace:
▆
1. └─rio::import("https://osf.io/j4fcb/download", format = "sav")
2. ├─rio:::.import(file = file, ...)
3. └─rio:::.import.rio_sav(file = file, ...)
4. ├─rio:::standardize_attributes(.docall(haven::read_sav, ..., args = list(file = file)))
5. └─rio:::.docall(haven::read_sav, ..., args = list(file = file))
6. ├─R.utils::doCall(...)
7. ├─R.utils::doCall.default(...)
8. │ └─base::do.call(.fcn, args = args, envir = envir)
9. └─haven (local) `<fn>`(file = `<rio_sav>`)
10. └─haven:::df_parse_sav_file(...)
~~~~~~~~~~~~~~~~~~~~~~~~~~~~~~~~~~~~~~~~~~~~~~~~~~~~~~~~~~~~~~~~~~~~~~~~~~~~~~~~
Error: processing vignette 'codebook_sav.Rmd' failed with diagnostics:
Failed to parse D:/temp/2025_10_13_09_54_11_13458/Rtmp6LfOo3/file4c44477c2b5c.sav: Invalid file, or file has unsupported features.
--- failed re-building 'codebook_sav.Rmd'
--- re-building 'codebook_tutorial.Rmd' using rmarkdown
Quitting from codebook_tutorial.Rmd:67-69 [unnamed-chunk-5]
~~~~~~~~~~~~~~~~~~~~~~~~~~~~~~~~~~~~~~~~~~~~~~~~~~~~~~~~~~~~~~~~~~~~~~~~~~~~~~~~
<error/rlang_error>
Error in `$<-.data.frame`:
! replacement has 0 rows, data has 2
---
Backtrace:
▆
1. ├─base::`$<-`(`*tmp*`, C5, value = `<list>`)
2. └─base::`$<-.data.frame`(`*tmp*`, C5, value = `<list>`)
~~~~~~~~~~~~~~~~~~~~~~~~~~~~~~~~~~~~~~~~~~~~~~~~~~~~~~~~~~~~~~~~~~~~~~~~~~~~~~~~
Error: processing vignette 'codebook_tutorial.Rmd' failed with diagnostics:
replacement has 0 rows, data has 2
--- failed re-building 'codebook_tutorial.Rmd'
SUMMARY: processing the following files failed:
'codebook_sav.Rmd' 'codebook_tutorial.Rmd'
Error: Vignette re-building failed.
Execution halted
Flavor: r-oldrel-windows-x86_64