Last updated on 2025-10-21 09:48:27 CEST.
Flavor | Version | Tinstall | Tcheck | Ttotal | Status | Flags |
---|---|---|---|---|---|---|
r-devel-linux-x86_64-debian-clang | 0.7.2 | 115.69 | 106.06 | 221.75 | OK | |
r-devel-linux-x86_64-debian-gcc | 0.7.2 | 75.20 | 76.68 | 151.88 | NOTE | |
r-devel-linux-x86_64-fedora-clang | 0.7.2 | 291.48 | OK | |||
r-devel-linux-x86_64-fedora-gcc | 0.7.2 | 385.33 | OK | |||
r-devel-windows-x86_64 | 0.7.2 | 130.00 | 143.00 | 273.00 | OK | |
r-patched-linux-x86_64 | 0.7.2 | 120.76 | 99.00 | 219.76 | OK | |
r-release-linux-x86_64 | 0.7.2 | 116.45 | 98.29 | 214.74 | OK | |
r-release-macos-arm64 | 0.7.2 | 106.00 | OK | |||
r-release-macos-x86_64 | 0.7.2 | 165.00 | OK | |||
r-release-windows-x86_64 | 0.7.2 | 129.00 | 145.00 | 274.00 | OK | |
r-oldrel-macos-arm64 | 0.7.2 | 104.00 | NOTE | |||
r-oldrel-macos-x86_64 | 0.7.2 | 124.00 | NOTE | |||
r-oldrel-windows-x86_64 | 0.7.2 | 166.00 | 173.00 | 339.00 | NOTE |
Version: 0.7.2
Check: HTML version of manual
Result: NOTE
Found the following HTML validation problems:
feat_sample.html:56:1 (feat_sample.Rd:16): Warning: missing </ul> before </div>
sumstat_class.html:380:1 (sumstat_class.Rd:204): Warning: missing </ul> before </div>
sumstat_class.html:131:1 (sumstat_class.Rd:61): Warning: <h5> anchor "Usage" already defined
sumstat_class.html:137:1 (sumstat_class.Rd:65): Warning: <h5> anchor "Arguments" already defined
sumstat_class.html:156:1 (sumstat_class.Rd:78): Warning: <h5> anchor "Returns" already defined
sumstat_class.html:177:1 (sumstat_class.Rd:91): Warning: <h5> anchor "Usage" already defined
sumstat_class.html:183:1 (sumstat_class.Rd:95): Warning: <h5> anchor "Arguments" already defined
sumstat_class.html:196:1 (sumstat_class.Rd:102): Warning: <h5> anchor "Returns" already defined
sumstat_class.html:213:1 (sumstat_class.Rd:111): Warning: <h5> anchor "Usage" already defined
sumstat_class.html:219:1 (sumstat_class.Rd:115): Warning: <h5> anchor "Returns" already defined
sumstat_class.html:236:1 (sumstat_class.Rd:124): Warning: <h5> anchor "Usage" already defined
sumstat_class.html:242:1 (sumstat_class.Rd:128): Warning: <h5> anchor "Returns" already defined
sumstat_class.html:259:1 (sumstat_class.Rd:137): Warning: <h5> anchor "Usage" already defined
sumstat_class.html:265:1 (sumstat_class.Rd:141): Warning: <h5> anchor "Returns" already defined
sumstat_class.html:282:1 (sumstat_class.Rd:150): Warning: <h5> anchor "Usage" already defined
sumstat_class.html:288:1 (sumstat_class.Rd:154): Warning: <h5> anchor "Returns" already defined
sumstat_class.html:305:1 (sumstat_class.Rd:163): Warning: <h5> anchor "Usage" already defined
sumstat_class.html:321:1 (sumstat_class.Rd:173): Warning: <h5> anchor "Usage" already defined
sumstat_class.html:327:1 (sumstat_class.Rd:177): Warning: <h5> anchor "Arguments" already defined
sumstat_class.html:340:1 (sumstat_class.Rd:184): Warning: <h5> anchor "Returns" already defined
sumstat_class.html:357:1 (sumstat_class.Rd:193): Warning: <h5> anchor "Usage" already defined
sumstat_class.html:363:1 (sumstat_class.Rd:197): Warning: <h5> anchor "Arguments" already defined
Flavor: r-devel-linux-x86_64-debian-gcc
Version: 0.7.2
Check: package dependencies
Result: NOTE
Package suggested but not available for checking: ‘PopGenome’
Flavors: r-oldrel-macos-arm64, r-oldrel-macos-x86_64, r-oldrel-windows-x86_64
Version: 0.7.2
Check: installed package size
Result: NOTE
installed size is 6.3Mb
sub-directories of 1Mb or more:
R 2.0Mb
libs 3.6Mb
Flavors: r-oldrel-macos-arm64, r-oldrel-macos-x86_64