Last updated on 2025-10-21 09:48:27 CEST.
Flavor | Version | Tinstall | Tcheck | Ttotal | Status | Flags |
---|---|---|---|---|---|---|
r-devel-linux-x86_64-debian-clang | 0.5.1 | 9.86 | 202.97 | 212.83 | OK | |
r-devel-linux-x86_64-debian-gcc | 0.5.1 | 5.59 | 143.32 | 148.91 | NOTE | |
r-devel-linux-x86_64-fedora-clang | 0.5.1 | 252.96 | OK | |||
r-devel-linux-x86_64-fedora-gcc | 0.5.1 | 318.86 | OK | |||
r-devel-windows-x86_64 | 0.5.1 | 12.00 | 175.00 | 187.00 | OK | |
r-patched-linux-x86_64 | 0.5.1 | 10.24 | 188.35 | 198.59 | OK | |
r-release-linux-x86_64 | 0.5.1 | 9.51 | 188.49 | 198.00 | OK | |
r-release-macos-arm64 | 0.5.1 | 78.00 | OK | |||
r-release-macos-x86_64 | 0.5.1 | 147.00 | OK | |||
r-release-windows-x86_64 | 0.5.1 | 10.00 | 178.00 | 188.00 | OK | |
r-oldrel-macos-arm64 | 0.5.1 | 81.00 | OK | |||
r-oldrel-macos-x86_64 | 0.5.1 | 120.00 | OK | |||
r-oldrel-windows-x86_64 | 0.5.1 | 15.00 | 228.00 | 243.00 | OK |
Version: 0.5.1
Check: HTML version of manual
Result: NOTE
Found the following HTML validation problems:
add_node_labels.html:75:1 (add_node_labels.Rd:29): Warning: missing </ul> before </div>
add_node_points.html:61:1 (add_node_points.Rd:19): Warning: missing </ul> before </div>
assert_colour_node_aes.html:79:1 (assert_colour_node_aes.Rd:31): Warning: missing </ul> before </div>
assert_node_aes.html:63:1 (assert_node_aes.Rd:19): Warning: missing </ul> before </div>
assert_numeric_node_aes.html:79:1 (assert_numeric_node_aes.Rd:31): Warning: missing </ul> before </div>
overlay_node_points.html:77:1 (overlay_node_points.Rd:30): Warning: missing </ul> before </div>
Flavor: r-devel-linux-x86_64-debian-gcc