Last updated on 2025-10-21 09:48:27 CEST.
Flavor | Version | Tinstall | Tcheck | Ttotal | Status | Flags |
---|---|---|---|---|---|---|
r-devel-linux-x86_64-debian-clang | 0.1.3 | 5.48 | 53.78 | 59.26 | NOTE | |
r-devel-linux-x86_64-debian-gcc | 0.1.3 | 3.33 | 39.91 | 43.24 | NOTE | |
r-devel-linux-x86_64-fedora-clang | 0.1.3 | 70.60 | NOTE | |||
r-devel-linux-x86_64-fedora-gcc | 0.1.3 | 95.24 | NOTE | |||
r-devel-windows-x86_64 | 0.1.3 | 8.00 | 81.00 | 89.00 | NOTE | |
r-patched-linux-x86_64 | 0.1.3 | 6.26 | 48.77 | 55.03 | NOTE | |
r-release-linux-x86_64 | 0.1.3 | 4.63 | 49.71 | 54.34 | NOTE | |
r-release-macos-arm64 | 0.1.3 | 42.00 | NOTE | |||
r-release-macos-x86_64 | 0.1.3 | 63.00 | NOTE | |||
r-release-windows-x86_64 | 0.1.3 | 9.00 | 82.00 | 91.00 | NOTE | |
r-oldrel-macos-arm64 | 0.1.3 | 39.00 | OK | |||
r-oldrel-macos-x86_64 | 0.1.3 | 53.00 | OK | |||
r-oldrel-windows-x86_64 | 0.1.3 | 11.00 | 91.00 | 102.00 | OK |
Version: 0.1.3
Check: DESCRIPTION meta-information
Result: NOTE
Missing dependency on R >= 4.1.0 because package code uses the pipe
|> or function shorthand \(...) syntax added in R 4.1.0.
File(s) using such syntax:
‘cloud_drive_download_bulk.Rd’ ‘cloud_drive_read_bulk.Rd’
‘cloud_drive_upload_bulk.Rd’ ‘cloud_drive_write_bulk.Rd’
‘cloud_s3_download_bulk.Rd’ ‘cloud_s3_read_bulk.Rd’
‘cloud_s3_upload_bulk.Rd’ ‘cloud_s3_write_bulk.Rd’
Flavors: r-devel-linux-x86_64-debian-clang, r-devel-linux-x86_64-debian-gcc, r-devel-linux-x86_64-fedora-clang, r-devel-linux-x86_64-fedora-gcc, r-devel-windows-x86_64, r-patched-linux-x86_64, r-release-linux-x86_64, r-release-macos-arm64, r-release-macos-x86_64, r-release-windows-x86_64
Version: 0.1.3
Check: HTML version of manual
Result: NOTE
Found the following HTML validation problems:
doc_file.html:48:1 (doc_file.Rd:11): Warning: missing </ul> before </div>
doc_local.html:55:1 (doc_local.Rd:18): Warning: missing </ul> before </div>
Flavor: r-devel-linux-x86_64-debian-gcc