Last updated on 2025-10-21 09:48:27 CEST.
Flavor | Version | Tinstall | Tcheck | Ttotal | Status | Flags |
---|---|---|---|---|---|---|
r-devel-linux-x86_64-debian-clang | 0.13.0 | 5.57 | 50.23 | 55.80 | OK | |
r-devel-linux-x86_64-debian-gcc | 0.13.0 | 3.51 | 34.38 | 37.89 | NOTE | |
r-devel-linux-x86_64-fedora-clang | 0.13.0 | 59.34 | OK | |||
r-devel-linux-x86_64-fedora-gcc | 0.13.0 | 77.30 | OK | |||
r-devel-windows-x86_64 | 0.13.0 | 8.00 | 80.00 | 88.00 | OK | |
r-patched-linux-x86_64 | 0.13.0 | 7.00 | 46.53 | 53.53 | OK | |
r-release-linux-x86_64 | 0.13.0 | 5.76 | 46.30 | 52.06 | OK | |
r-release-macos-arm64 | 0.13.0 | 29.00 | OK | |||
r-release-macos-x86_64 | 0.13.0 | 48.00 | OK | |||
r-release-windows-x86_64 | 0.13.0 | 8.00 | 80.00 | 88.00 | OK | |
r-oldrel-macos-arm64 | 0.13.0 | 28.00 | OK | |||
r-oldrel-macos-x86_64 | 0.13.0 | 38.00 | OK | |||
r-oldrel-windows-x86_64 | 0.13.0 | 7.00 | 93.00 | 100.00 | OK |
Version: 0.13.0
Check: HTML version of manual
Result: NOTE
Found the following HTML validation problems:
as.num.html:46:1 (as.num.Rd:10): Warning: missing </ul> before </div>
calc_baseline_scr.html:75:1 (calc_baseline_scr.Rd:29): Warning: missing </ul> before </div>
find_factor.html:54:1 (find_factor.Rd:14): Warning: missing </ul> before </div>
grapes-greater-than-equals-grapes.html:52:1 (grapes-greater-than-equals-grapes.Rd:13): Warning: missing </ul> before </div>
grapes-less-than-equals-grapes.html:52:1 (grapes-less-than-equals-grapes.Rd:13): Warning: missing </ul> before </div>
is.nil.html:46:1 (is.nil.Rd:10): Warning: missing </ul> before </div>
kdigo_stage.html:70:1 (kdigo_stage.Rd:21): Warning: missing </ul> before </div>
nca_linear.html:46:1 (nca_linear.Rd:10): Warning: missing </ul> before </div>
nca_trapezoid.html:46:1 (nca_trapezoid.Rd:10): Warning: missing </ul> before </div>
pct_for_age_generic.html:69:1 (pct_for_age_generic.Rd:24): Warning: missing </ul> before </div>
pk_1cmt_inf_dose_for_range.html:83:1 (pk_1cmt_inf_dose_for_range.Rd:33): Warning: missing </ul> before </div>
pk_2cmt_inf.html:88:1 (pk_2cmt_inf.Rd:36): Warning: missing </ul> before </div>
print.nca_output.html:51:1 (print.nca_output.Rd:12): Warning: missing </ul> before </div>
Flavor: r-devel-linux-x86_64-debian-gcc