Last updated on 2025-10-21 09:48:27 CEST.
Flavor | Version | Tinstall | Tcheck | Ttotal | Status | Flags |
---|---|---|---|---|---|---|
r-devel-linux-x86_64-debian-clang | 0.3.1 | 5.47 | 42.08 | 47.55 | OK | |
r-devel-linux-x86_64-debian-gcc | 0.3.1 | 4.28 | 29.69 | 33.97 | NOTE | |
r-devel-linux-x86_64-fedora-clang | 0.3.1 | 54.05 | OK | |||
r-devel-linux-x86_64-fedora-gcc | 0.3.1 | 67.78 | OK | |||
r-devel-windows-x86_64 | 0.3.1 | 7.00 | 55.00 | 62.00 | OK | |
r-patched-linux-x86_64 | 0.3.1 | 6.43 | 39.18 | 45.61 | OK | |
r-release-linux-x86_64 | 0.3.1 | 5.58 | 39.43 | 45.01 | OK | |
r-release-macos-arm64 | 0.3.1 | 25.00 | OK | |||
r-release-macos-x86_64 | 0.3.1 | 44.00 | OK | |||
r-release-windows-x86_64 | 0.3.1 | 8.00 | 58.00 | 66.00 | OK | |
r-oldrel-macos-arm64 | 0.3.1 | 21.00 | OK | |||
r-oldrel-macos-x86_64 | 0.3.1 | 36.00 | OK | |||
r-oldrel-windows-x86_64 | 0.3.1 | 10.00 | 64.00 | 74.00 | OK |
Version: 0.3.1
Check: HTML version of manual
Result: NOTE
Found the following HTML validation problems:
calc_returnValue_fevd.html:54:1 (calc_returnValue_fevd.Rd:14): Warning: missing </ul> before </div>
normalize.html:58:1 (normalize.Rd:16): Warning: missing </ul> before </div>
remove_runs.html:54:1 (remove_runs.Rd:14): Warning: missing </ul> before </div>
screen_within_block.html:54:1 (screen_within_block.Rd:14): Warning: missing </ul> before </div>
Flavor: r-devel-linux-x86_64-debian-gcc