CRAN Package Check Results for Package cleandata

Last updated on 2025-07-12 09:49:14 CEST.

Flavor Version Tinstall Tcheck Ttotal Status Flags
r-devel-linux-x86_64-debian-clang 0.3.0 1.99 22.01 24.00 NOTE
r-devel-linux-x86_64-debian-gcc 0.3.0 1.57 18.29 19.86 NOTE
r-devel-linux-x86_64-fedora-clang 0.3.0 38.73 OK
r-devel-linux-x86_64-fedora-gcc 0.3.0 50.17 OK
r-devel-windows-x86_64 0.3.0 3.00 44.00 47.00 OK
r-patched-linux-x86_64 0.3.0 2.08 21.12 23.20 OK
r-release-linux-x86_64 0.3.0 1.75 20.62 22.37 OK
r-release-macos-arm64 0.3.0 22.00 OK
r-release-macos-x86_64 0.3.0 51.00 OK
r-release-windows-x86_64 0.3.0 3.00 54.00 57.00 OK
r-oldrel-macos-arm64 0.3.0 27.00 NOTE
r-oldrel-macos-x86_64 0.3.0 38.00 NOTE
r-oldrel-windows-x86_64 0.3.0 3.00 49.00 52.00 NOTE

Check Details

Version: 0.3.0
Check: CRAN incoming feasibility
Result: NOTE Maintainer: ‘Sherry Zhao <sxzhao@gwu.edu>’ No Authors@R field in DESCRIPTION. Please add one, modifying Authors@R: person(given = "Sherry", family = "Zhao", role = c("aut", "cre"), email = "sxzhao@gwu.edu") as necessary. Flavors: r-devel-linux-x86_64-debian-clang, r-devel-linux-x86_64-debian-gcc

Version: 0.3.0
Check: LazyData
Result: NOTE 'LazyData' is specified without a 'data' directory Flavors: r-oldrel-macos-arm64, r-oldrel-macos-x86_64, r-oldrel-windows-x86_64