Last updated on 2025-10-21 09:48:27 CEST.
Flavor | Version | Tinstall | Tcheck | Ttotal | Status | Flags |
---|---|---|---|---|---|---|
r-devel-linux-x86_64-debian-clang | 5.0.0 | 15.10 | 109.69 | 124.79 | OK | |
r-devel-linux-x86_64-debian-gcc | 5.0.1 | 13.80 | 78.15 | 91.95 | NOTE | |
r-devel-linux-x86_64-fedora-clang | 5.0.1 | 197.70 | OK | |||
r-devel-linux-x86_64-fedora-gcc | 5.0.1 | 190.49 | OK | |||
r-devel-windows-x86_64 | 5.0.0 | 16.00 | 111.00 | 127.00 | OK | |
r-patched-linux-x86_64 | 5.0.0 | 14.43 | 101.28 | 115.71 | OK | |
r-release-linux-x86_64 | 5.0.0 | 13.09 | 99.63 | 112.72 | OK | |
r-release-macos-arm64 | 5.0.1 | 55.00 | OK | |||
r-release-macos-x86_64 | 5.0.1 | 128.00 | OK | |||
r-release-windows-x86_64 | 5.0.0 | 16.00 | 111.00 | 127.00 | OK | |
r-oldrel-macos-arm64 | 5.0.1 | 56.00 | NOTE | |||
r-oldrel-macos-x86_64 | 5.0.1 | 119.00 | NOTE | |||
r-oldrel-windows-x86_64 | 5.0.0 | 22.00 | 144.00 | 166.00 | NOTE |
Version: 5.0.1
Check: HTML version of manual
Result: NOTE
Found the following HTML validation problems:
Choropleth.html:209:1 (Choropleth.Rd:131): Warning: missing </ul> before </div>
Choropleth.html:91:1 (Choropleth.Rd:46): Warning: <h5> anchor "Usage" already defined
Choropleth.html:105:1 (Choropleth.Rd:55): Warning: <h5> anchor "Usage" already defined
Choropleth.html:127:1 (Choropleth.Rd:72): Warning: <h5> anchor "Usage" already defined
Choropleth.html:150:1 (Choropleth.Rd:90): Warning: <h5> anchor "Usage" already defined
Choropleth.html:186:1 (Choropleth.Rd:120): Warning: <h5> anchor "Usage" already defined
common_args.html:207:1 (common_args.Rd:121): Warning: missing </ul> before </div>
get_acs_data.html:88:1 (get_acs_data.Rd:38): Warning: missing </ul> before </div>
get_tract_map.html:57:1 (get_tract_map.Rd:15): Warning: missing </ul> before </div>
get_zip_map.html:57:1 (get_zip_map.Rd:15): Warning: missing </ul> before </div>
Flavor: r-devel-linux-x86_64-debian-gcc
Version: 5.0.1
Check: installed package size
Result: NOTE
installed size is 5.0Mb
sub-directories of 1Mb or more:
data 4.6Mb
Flavors: r-oldrel-macos-arm64, r-oldrel-macos-x86_64
Version: 5.0.0
Check: package dependencies
Result: NOTE
Package suggested but not available for checking: 'rnaturalearthhires'
Flavor: r-oldrel-windows-x86_64