Last updated on 2025-10-21 09:48:27 CEST.
Flavor | Version | Tinstall | Tcheck | Ttotal | Status | Flags |
---|---|---|---|---|---|---|
r-devel-linux-x86_64-debian-clang | 1.0.0 | 4.25 | 48.68 | 52.93 | OK | |
r-devel-linux-x86_64-debian-gcc | 1.0.0 | 3.02 | 36.51 | 39.53 | NOTE | |
r-devel-linux-x86_64-fedora-clang | 1.0.0 | 63.30 | NOTE | |||
r-devel-linux-x86_64-fedora-gcc | 1.0.0 | 93.83 | NOTE | |||
r-devel-windows-x86_64 | 1.0.0 | 6.00 | 73.00 | 79.00 | OK | |
r-patched-linux-x86_64 | 1.0.0 | 4.61 | 46.05 | 50.66 | OK | |
r-release-linux-x86_64 | 1.0.0 | 3.43 | 45.55 | 48.98 | OK | |
r-release-macos-arm64 | 1.0.0 | 34.00 | OK | |||
r-release-macos-x86_64 | 1.0.0 | 54.00 | OK | |||
r-release-windows-x86_64 | 1.0.0 | 8.00 | 74.00 | 82.00 | OK | |
r-oldrel-macos-arm64 | 1.0.0 | 31.00 | OK | |||
r-oldrel-macos-x86_64 | 1.0.0 | 48.00 | OK | |||
r-oldrel-windows-x86_64 | 1.0.0 | 7.00 | 80.00 | 87.00 | OK |
Version: 1.0.0
Check: HTML version of manual
Result: NOTE
Found the following HTML validation problems:
add_legend.html:46:1 (add_legend.Rd:10): Warning: missing </ul> before </div>
Flavor: r-devel-linux-x86_64-debian-gcc
Version: 1.0.0
Check: dependencies in R code
Result: NOTE
Namespaces in Imports field not imported from:
‘base’ ‘stats’ ‘tidyr’
All declared Imports should be used.
Flavors: r-devel-linux-x86_64-fedora-clang, r-devel-linux-x86_64-fedora-gcc