Last updated on 2025-10-21 09:48:27 CEST.
Flavor | Version | Tinstall | Tcheck | Ttotal | Status | Flags |
---|---|---|---|---|---|---|
r-devel-linux-x86_64-debian-clang | 0.1.3 | 7.92 | 76.02 | 83.94 | NOTE | |
r-devel-linux-x86_64-debian-gcc | 0.1.3 | 5.42 | 55.14 | 60.56 | NOTE | |
r-devel-linux-x86_64-fedora-clang | 0.1.3 | 104.98 | OK | |||
r-devel-linux-x86_64-fedora-gcc | 0.1.3 | 124.05 | OK | |||
r-devel-windows-x86_64 | 0.1.3 | 9.00 | 80.00 | 89.00 | OK | |
r-patched-linux-x86_64 | 0.1.3 | 6.86 | 71.44 | 78.30 | OK | |
r-release-linux-x86_64 | 0.1.3 | 6.58 | 70.21 | 76.79 | OK | |
r-release-macos-arm64 | 0.1.3 | 39.00 | OK | |||
r-release-macos-x86_64 | 0.1.3 | 77.00 | OK | |||
r-release-windows-x86_64 | 0.1.3 | 8.00 | 80.00 | 88.00 | OK | |
r-oldrel-macos-arm64 | 0.1.3 | 37.00 | OK | |||
r-oldrel-macos-x86_64 | 0.1.3 | 64.00 | OK | |||
r-oldrel-windows-x86_64 | 0.1.3 | 10.00 | 101.00 | 111.00 | OK |
Version: 0.1.3
Check: CRAN incoming feasibility
Result: NOTE
Maintainer: ‘David Watson <david.s.watson11@gmail.com>’
The Description field contains
details, see Watson & Silva (2022) <arXiv:2205.05715>.
Please refer to arXiv e-prints via their arXiv DOI <doi:10.48550/arXiv.YYMM.NNNNN>.
Flavors: r-devel-linux-x86_64-debian-clang, r-devel-linux-x86_64-debian-gcc
Version: 0.1.3
Check: HTML version of manual
Result: NOTE
Found the following HTML validation problems:
epsilon_fn.html:50:1 (epsilon_fn.Rd:12): Warning: missing </ul> before </div>
l0.html:64:1 (l0.Rd:19): Warning: missing </ul> before </div>
minD.html:56:1 (minD.Rd:14): Warning: missing </ul> before </div>
r.TailProbs.html:56:1 (r.TailProbs.Rd:14): Warning: missing </ul> before </div>
ss_fn.html:62:1 (ss_fn.Rd:18): Warning: missing </ul> before </div>
sub_loop.html:77:1 (sub_loop.Rd:26): Warning: missing </ul> before </div>
Flavor: r-devel-linux-x86_64-debian-gcc