CRAN Package Check Results for Package cat2cat

Last updated on 2025-10-21 09:48:27 CEST.

Flavor Version Tinstall Tcheck Ttotal Status Flags
r-devel-linux-x86_64-debian-clang 0.4.7 4.01 226.35 230.36 OK
r-devel-linux-x86_64-debian-gcc 0.4.7 2.79 155.75 158.54 NOTE
r-devel-linux-x86_64-fedora-clang 0.4.7 337.02 OK
r-devel-linux-x86_64-fedora-gcc 0.4.7 392.43 OK
r-devel-windows-x86_64 0.4.7 6.00 227.00 233.00 OK
r-patched-linux-x86_64 0.4.7 4.10 216.03 220.13 OK
r-release-linux-x86_64 0.4.7 3.19 216.33 219.52 OK
r-release-macos-arm64 0.4.7 129.00 OK
r-release-macos-x86_64 0.4.7 239.00 OK
r-release-windows-x86_64 0.4.7 7.00 233.00 240.00 OK
r-oldrel-macos-arm64 0.4.7 108.00 OK
r-oldrel-macos-x86_64 0.4.7 182.00 OK
r-oldrel-windows-x86_64 0.4.7 10.00 311.00 321.00 OK

Check Details

Version: 0.4.7
Check: HTML version of manual
Result: NOTE Found the following HTML validation problems: cat2cat_ml.html:59:1 (cat2cat_ml.Rd:17): Warning: missing </ul> before </div> resolve_frequencies.html:60:1 (resolve_frequencies.Rd:18): Warning: missing </ul> before </div> validate_cover_cats.html:51:1 (validate_cover_cats.Rd:13): Warning: missing </ul> before </div> Flavor: r-devel-linux-x86_64-debian-gcc