Last updated on 2025-02-21 09:50:40 CET.
Flavor | Version | Tinstall | Tcheck | Ttotal | Status | Flags |
---|---|---|---|---|---|---|
r-devel-linux-x86_64-debian-clang | 0.3.0 | 2.21 | 26.69 | 28.90 | NOTE | |
r-devel-linux-x86_64-debian-gcc | 0.3.0 | 2.00 | 21.37 | 23.37 | NOTE | |
r-devel-linux-x86_64-fedora-clang | 0.3.0 | 46.23 | NOTE | |||
r-devel-linux-x86_64-fedora-gcc | 0.3.0 | 58.78 | NOTE | |||
r-devel-macos-arm64 | 0.3.0 | 28.00 | NOTE | |||
r-devel-macos-x86_64 | 0.3.0 | 44.00 | NOTE | |||
r-devel-windows-x86_64 | 0.3.0 | 4.00 | 50.00 | 54.00 | NOTE | |
r-patched-linux-x86_64 | 0.3.0 | 2.63 | 25.35 | 27.98 | NOTE | |
r-release-linux-x86_64 | 0.3.0 | 2.10 | 25.36 | 27.46 | NOTE | |
r-release-macos-arm64 | 0.3.0 | 30.00 | NOTE | |||
r-release-macos-x86_64 | 0.3.0 | 42.00 | NOTE | |||
r-release-windows-x86_64 | 0.3.0 | 6.00 | 52.00 | 58.00 | NOTE | |
r-oldrel-macos-arm64 | 0.3.0 | 27.00 | NOTE | |||
r-oldrel-macos-x86_64 | 0.3.0 | 36.00 | NOTE | |||
r-oldrel-windows-x86_64 | 0.3.0 | 4.00 | 51.00 | 55.00 | NOTE |
Version: 0.3.0
Check: package subdirectories
Result: NOTE
Problems with news in ‘NEWS.md’:
Cannot extract version info from the following section titles:
captr .1.4
captr .1.3
captr .1.2
Flavors: r-devel-linux-x86_64-debian-clang, r-devel-linux-x86_64-debian-gcc, r-devel-linux-x86_64-fedora-clang, r-devel-linux-x86_64-fedora-gcc, r-devel-macos-arm64, r-devel-macos-x86_64, r-devel-windows-x86_64, r-patched-linux-x86_64, r-release-linux-x86_64, r-release-macos-arm64, r-release-macos-x86_64, r-release-windows-x86_64, r-oldrel-macos-arm64, r-oldrel-macos-x86_64, r-oldrel-windows-x86_64
Version: 0.3.0
Check: LazyData
Result: NOTE
'LazyData' is specified without a 'data' directory
Flavors: r-patched-linux-x86_64, r-release-linux-x86_64, r-release-macos-arm64, r-release-macos-x86_64, r-release-windows-x86_64, r-oldrel-macos-arm64, r-oldrel-macos-x86_64, r-oldrel-windows-x86_64