Last updated on 2025-10-21 09:48:27 CEST.
Flavor | Version | Tinstall | Tcheck | Ttotal | Status | Flags |
---|---|---|---|---|---|---|
r-devel-linux-x86_64-debian-clang | 0.1 | 9.49 | 76.20 | 85.69 | OK | |
r-devel-linux-x86_64-debian-gcc | 0.1 | 7.17 | 53.09 | 60.26 | NOTE | |
r-devel-linux-x86_64-fedora-clang | 0.1 | 150.68 | OK | |||
r-devel-linux-x86_64-fedora-gcc | 0.1 | 119.00 | OK | |||
r-devel-windows-x86_64 | 0.1 | 11.00 | 82.00 | 93.00 | OK | |
r-patched-linux-x86_64 | 0.1 | 9.33 | 69.62 | 78.95 | OK | |
r-release-linux-x86_64 | 0.1 | 9.48 | 69.76 | 79.24 | OK | |
r-release-macos-arm64 | 0.1 | 53.00 | OK | |||
r-release-macos-x86_64 | 0.1 | 82.00 | OK | |||
r-release-windows-x86_64 | 0.1 | 12.00 | 84.00 | 96.00 | OK | |
r-oldrel-macos-arm64 | 0.1 | 31.00 | OK | |||
r-oldrel-macos-x86_64 | 0.1 | 46.00 | OK | |||
r-oldrel-windows-x86_64 | 0.1 | 14.00 | 106.00 | 120.00 | OK |
Version: 0.1
Check: HTML version of manual
Result: NOTE
Found the following HTML validation problems:
boot_fit_loess.html:58:1 (boot_fit_loess.Rd:16): Warning: missing </ul> before </div>
bulletCheckCrossCut.html:67:1 (bulletCheckCrossCut.Rd:21): Warning: missing </ul> before </div>
get_bullet.html:50:1 (get_bullet.Rd:12): Warning: missing </ul> before </div>
get_grooves.html:71:1 (get_grooves.Rd:23): Warning: missing </ul> before </div>
plot_3d_land.html:50:1 (plot_3d_land.Rd:12): Warning: missing </ul> before </div>
smoothloess.html:58:1 (smoothloess.Rd:16): Warning: missing </ul> before </div>
Flavor: r-devel-linux-x86_64-debian-gcc