Last updated on 2025-02-21 09:50:40 CET.
Flavor | Version | Tinstall | Tcheck | Ttotal | Status | Flags |
---|---|---|---|---|---|---|
r-devel-linux-x86_64-debian-clang | 0.8.9 | 12.67 | 178.79 | 191.46 | NOTE | |
r-devel-linux-x86_64-debian-gcc | 0.8.9 | 8.19 | 127.94 | 136.13 | NOTE | |
r-devel-linux-x86_64-fedora-clang | 0.8.9 | 296.07 | NOTE | |||
r-devel-linux-x86_64-fedora-gcc | 0.8.9 | 299.89 | NOTE | |||
r-devel-macos-arm64 | 0.8.9 | 91.00 | OK | |||
r-devel-macos-x86_64 | 0.8.9 | 204.00 | NOTE | |||
r-devel-windows-x86_64 | 0.8.9 | 13.00 | 166.00 | 179.00 | NOTE | |
r-patched-linux-x86_64 | 0.8.9 | 12.37 | 165.62 | 177.99 | OK | |
r-release-linux-x86_64 | 0.8.9 | 11.42 | 167.08 | 178.50 | OK | |
r-release-macos-arm64 | 0.8.9 | 88.00 | OK | |||
r-release-macos-x86_64 | 0.8.9 | 160.00 | OK | |||
r-release-windows-x86_64 | 0.8.9 | 15.00 | 158.00 | 173.00 | OK | |
r-oldrel-macos-arm64 | 0.8.9 | 97.00 | OK | |||
r-oldrel-macos-x86_64 | 0.8.9 | 169.00 | OK | |||
r-oldrel-windows-x86_64 | 0.8.9 | 18.00 | 192.00 | 210.00 | OK |
Version: 0.8.9
Check: DESCRIPTION meta-information
Result: NOTE
Missing dependency on R >= 4.1.0 because package code uses the pipe
|> or function shorthand \(...) syntax added in R 4.1.0.
File(s) using such syntax:
‘read_any_breathtest.R’
Flavors: r-devel-linux-x86_64-debian-clang, r-devel-linux-x86_64-debian-gcc, r-devel-linux-x86_64-fedora-clang, r-devel-linux-x86_64-fedora-gcc, r-devel-macos-x86_64, r-devel-windows-x86_64