Last updated on 2025-10-21 09:48:27 CEST.
Flavor | Version | Tinstall | Tcheck | Ttotal | Status | Flags |
---|---|---|---|---|---|---|
r-devel-linux-x86_64-debian-clang | 2.0.3 | 58.87 | 68.59 | 127.46 | OK | |
r-devel-linux-x86_64-debian-gcc | 2.0.3 | 37.66 | 47.52 | 85.18 | NOTE | |
r-devel-linux-x86_64-fedora-clang | 2.0.3 | 232.42 | OK | |||
r-devel-linux-x86_64-fedora-gcc | 2.0.3 | 215.75 | OK | |||
r-devel-windows-x86_64 | 2.0.3 | 66.00 | 104.00 | 170.00 | OK | |
r-patched-linux-x86_64 | 2.0.3 | 60.42 | 61.82 | 122.24 | OK | |
r-release-linux-x86_64 | 2.0.3 | 57.31 | 61.19 | 118.50 | OK | |
r-release-macos-arm64 | 2.0.3 | 65.00 | OK | |||
r-release-macos-x86_64 | 2.0.3 | 115.00 | OK | |||
r-release-windows-x86_64 | 2.0.3 | 68.00 | 109.00 | 177.00 | OK | |
r-oldrel-macos-arm64 | 2.0.3 | 58.00 | OK | |||
r-oldrel-macos-x86_64 | 2.0.3 | 93.00 | NOTE | |||
r-oldrel-windows-x86_64 | 2.0.3 | 80.00 | 127.00 | 207.00 | OK |
Version: 2.0.3
Check: HTML version of manual
Result: NOTE
Found the following HTML validation problems:
DIC_reg.html:66:1 (DIC_reg.Rd:20): Warning: missing </ul> before </div>
Dbd.html:54:1 (Dbd.Rd:14): Warning: missing </ul> before </div>
b_samp.html:74:1 (b_samp.Rd:24): Warning: missing </ul> before </div>
betaBlock.html:70:1 (betaBlock.Rd:22): Warning: missing </ul> before </div>
circ_coef_rcpp.html:58:1 (circ_coef_rcpp.Rd:16): Warning: missing </ul> before </div>
eigen_val.html:46:1 (eigen_val.Rd:10): Warning: missing </ul> before </div>
eigen_vec.html:46:1 (eigen_vec.Rd:10): Warning: missing </ul> before </div>
lik_me.html:108:1 (lik_me.Rd:48): Warning: missing </ul> before </div>
lik_reg.html:66:1 (lik_reg.Rd:20): Warning: missing </ul> before </div>
mmme.html:54:1 (mmme.Rd:14): Warning: missing </ul> before </div>
mmr.html:54:1 (mmr.Rd:14): Warning: missing </ul> before </div>
mvrnorm_arma_eigen.html:54:1 (mvrnorm_arma_eigen.Rd:14): Warning: missing </ul> before </div>
omega_samp.html:63:1 (omega_samp.Rd:19): Warning: missing </ul> before </div>
pnme.html:113:1 (pnme.Rd:51): Warning: missing </ul> before </div>
pnr.html:66:1 (pnr.Rd:20): Warning: missing </ul> before </div>
rho.html:46:1 (rho.Rd:10): Warning: missing </ul> before </div>
slice_rcpp.html:70:1 (slice_rcpp.Rd:22): Warning: missing </ul> before </div>
summe.html:52:1 (summe.Rd:13): Warning: missing </ul> before </div>
sumr.html:50:1 (sumr.Rd:12): Warning: missing </ul> before </div>
theta_bar.html:46:1 (theta_bar.Rd:10): Warning: missing </ul> before </div>
Flavor: r-devel-linux-x86_64-debian-gcc
Version: 2.0.3
Check: installed package size
Result: NOTE
installed size is 5.1Mb
sub-directories of 1Mb or more:
libs 4.6Mb
Flavor: r-oldrel-macos-x86_64