Last updated on 2025-10-21 09:48:26 CEST.
Flavor | Version | Tinstall | Tcheck | Ttotal | Status | Flags |
---|---|---|---|---|---|---|
r-devel-linux-x86_64-debian-clang | 2.0.0 | 1230.05 | 190.42 | 1420.47 | NOTE | |
r-devel-linux-x86_64-debian-gcc | 2.0.0 | 1033.42 | 208.86 | 1242.28 | NOTE | |
r-devel-linux-x86_64-fedora-clang | 2.0.0 | 2265.75 | NOTE | |||
r-devel-linux-x86_64-fedora-gcc | 2.0.0 | 2836.61 | NOTE | |||
r-devel-windows-x86_64 | 2.0.0 | 1189.00 | 290.00 | 1479.00 | NOTE | |
r-patched-linux-x86_64 | 2.0.0 | 1390.87 | 282.95 | 1673.82 | NOTE | |
r-release-linux-x86_64 | 2.0.0 | 1352.22 | 281.95 | 1634.17 | NOTE | |
r-release-macos-arm64 | 2.0.0 | 565.00 | NOTE | |||
r-release-macos-x86_64 | 2.0.0 | 625.00 | NOTE | |||
r-release-windows-x86_64 | 2.0.0 | 1186.00 | 291.00 | 1477.00 | NOTE | |
r-oldrel-macos-arm64 | 2.0.0 | 283.00 | NOTE | |||
r-oldrel-macos-x86_64 | 2.0.0 | 254.00 | NOTE | |||
r-oldrel-windows-x86_64 | 2.0.0 | 1382.00 | 354.00 | 1736.00 | NOTE |
Version: 2.0.0
Check: Rd files
Result: NOTE
checkRd: (-1) dot-pred_array_to_df.Rd:20: Lost braces; missing escapes or markup?
20 | Helper function for as.data.frame.{fitted, forecast}. Converts predictive array to data.frame.
| ^
Flavors: r-devel-linux-x86_64-debian-clang, r-devel-linux-x86_64-debian-gcc, r-devel-linux-x86_64-fedora-clang, r-devel-linux-x86_64-fedora-gcc, r-devel-windows-x86_64, r-patched-linux-x86_64, r-release-linux-x86_64, r-release-macos-arm64, r-release-macos-x86_64, r-release-windows-x86_64, r-oldrel-macos-arm64, r-oldrel-macos-x86_64, r-oldrel-windows-x86_64
Version: 2.0.0
Check: HTML version of manual
Result: NOTE
Found the following HTML validation problems:
dot-cp.html:46:1 (dot-cp.Rd:10): Warning: missing </ul> before </div>
dot-qtile.html:45:1 (dot-qtile.Rd:10): Warning: missing </ul> before </div>
dot-refit.html:54:1 (dot-refit.Rd:14): Warning: missing </ul> before </div>
Flavor: r-devel-linux-x86_64-debian-gcc
Version: 2.0.0
Check: installed package size
Result: NOTE
installed size is 189.6Mb
sub-directories of 1Mb or more:
libs 188.8Mb
Flavors: r-oldrel-macos-arm64, r-oldrel-macos-x86_64, r-oldrel-windows-x86_64
Version: 2.0.0
Check: for GNU extensions in Makefiles
Result: NOTE
GNU make is a SystemRequirements.
Flavors: r-oldrel-macos-arm64, r-oldrel-macos-x86_64, r-oldrel-windows-x86_64