Last updated on 2025-10-21 09:48:26 CEST.
Flavor | Version | Tinstall | Tcheck | Ttotal | Status | Flags |
---|---|---|---|---|---|---|
r-devel-linux-x86_64-debian-clang | 2.2 | 12.33 | 94.92 | 107.25 | OK | |
r-devel-linux-x86_64-debian-gcc | 2.2 | 8.37 | 70.62 | 78.99 | NOTE | |
r-devel-linux-x86_64-fedora-clang | 2.2 | 170.43 | OK | |||
r-devel-linux-x86_64-fedora-gcc | 2.2 | 158.67 | OK | |||
r-devel-windows-x86_64 | 2.2 | 14.00 | 103.00 | 117.00 | OK | |
r-patched-linux-x86_64 | 2.2 | 12.54 | 91.44 | 103.98 | OK | |
r-release-linux-x86_64 | 2.2 | 10.44 | 90.89 | 101.33 | OK | |
r-release-macos-arm64 | 2.2 | 48.00 | OK | |||
r-release-macos-x86_64 | 2.2 | 110.00 | OK | |||
r-release-windows-x86_64 | 2.2 | 15.00 | 108.00 | 123.00 | OK | |
r-oldrel-macos-arm64 | 2.2 | 50.00 | OK | |||
r-oldrel-macos-x86_64 | 2.2 | 111.00 | OK | |||
r-oldrel-windows-x86_64 | 2.2 | 17.00 | 133.00 | 150.00 | OK |
Version: 2.2
Check: HTML version of manual
Result: NOTE
Found the following HTML validation problems:
bmem.ci.bca1.html:60:1 (bmem.ci.bca1.Rd:18): Warning: missing </ul> before </div>
bmem.cov.html:60:1 (bmem.cov.Rd:18): Warning: missing </ul> before </div>
bmem.em.html:86:1 (bmem.em.Rd:26): Warning: missing </ul> before </div>
bmem.em.cov.html:56:1 (bmem.em.cov.Rd:17): Warning: missing </ul> before </div>
bmem.em.jack.html:87:1 (bmem.em.jack.Rd:27): Warning: missing </ul> before </div>
bmem.list.html:64:1 (bmem.list.Rd:19): Warning: missing </ul> before </div>
bmem.list.boot.html:68:1 (bmem.list.boot.Rd:20): Warning: missing </ul> before </div>
bmem.list.cov.html:52:1 (bmem.list.cov.Rd:16): Warning: missing </ul> before </div>
bmem.list.jack.html:64:1 (bmem.list.jack.Rd:19): Warning: missing </ul> before </div>
bmem.mi.html:72:1 (bmem.mi.Rd:21): Warning: missing </ul> before </div>
bmem.mi.boot.html:77:1 (bmem.mi.boot.Rd:23): Warning: missing </ul> before </div>
bmem.mi.cov.html:56:1 (bmem.mi.cov.Rd:17): Warning: missing </ul> before </div>
bmem.mi.jack.html:69:1 (bmem.mi.jack.Rd:17): Warning: missing </ul> before </div>
bmem.moments.html:52:1 (bmem.moments.Rd:16): Warning: missing </ul> before </div>
bmem.pair.html:61:1 (bmem.pair.Rd:15): Warning: missing </ul> before </div>
bmem.pair.boot.html:65:1 (bmem.pair.boot.Rd:16): Warning: missing </ul> before </div>
bmem.pair.cov.html:49:1 (bmem.pair.cov.Rd:12): Warning: missing </ul> before </div>
bmem.pair.jack.html:61:1 (bmem.pair.jack.Rd:15): Warning: missing </ul> before </div>
bmem.pattern.html:45:1 (bmem.pattern.Rd:11): Warning: missing </ul> before </div>
bmem.ssq.html:48:1 (bmem.ssq.Rd:15): Warning: missing </ul> before </div>
bmem.v.html:56:1 (bmem.v.Rd:17): Warning: missing </ul> before </div>
popPar.html:50:1 (popPar.Rd:17): Warning: missing </ul> before </div>
summary.power.html:55:1 (summary.power.Rd:18): Warning: missing </ul> before </div>
Flavor: r-devel-linux-x86_64-debian-gcc