Last updated on 2025-10-21 09:48:26 CEST.
Flavor | Version | Tinstall | Tcheck | Ttotal | Status | Flags |
---|---|---|---|---|---|---|
r-devel-linux-x86_64-debian-clang | 1.3.3 | 9.78 | 303.24 | 313.02 | OK | |
r-devel-linux-x86_64-debian-gcc | 1.3.3 | 6.58 | 205.46 | 212.04 | NOTE | |
r-devel-linux-x86_64-fedora-clang | 1.3.3 | 525.06 | OK | |||
r-devel-linux-x86_64-fedora-gcc | 1.3.3 | 500.86 | OK | |||
r-devel-windows-x86_64 | 1.3.3 | 15.00 | 214.00 | 229.00 | OK | |
r-patched-linux-x86_64 | 1.3.3 | 9.39 | 294.58 | 303.97 | OK | |
r-release-linux-x86_64 | 1.3.3 | 9.31 | 291.80 | 301.11 | OK | |
r-release-macos-arm64 | 1.3.3 | 130.00 | OK | |||
r-release-macos-x86_64 | 1.3.3 | 319.00 | OK | |||
r-release-windows-x86_64 | 1.3.3 | 17.00 | 213.00 | 230.00 | OK | |
r-oldrel-macos-arm64 | 1.3.3 | 127.00 | NOTE | |||
r-oldrel-macos-x86_64 | 1.3.3 | 278.00 | NOTE | |||
r-oldrel-windows-x86_64 | 1.3.3 | 19.00 | 290.00 | 309.00 | NOTE |
Version: 1.3.3
Check: HTML version of manual
Result: NOTE
Found the following HTML validation problems:
combine_plots.html:66:1 (combine_plots.Rd:20): Warning: missing </ul> before </div>
create_diagnostic_plots.html:54:1 (create_diagnostic_plots.Rd:14): Warning: missing </ul> before </div>
download_asreml_package.html:46:1 (download_asreml_package.Rd:10): Warning: missing </ul> before </div>
extract_model_info.html:50:1 (extract_model_info.Rd:12): Warning: missing </ul> before </div>
format_output_resplot.html:62:1 (format_output_resplot.Rd:18): Warning: missing </ul> before </div>
install_dependencies.html:46:1 (install_dependencies.Rd:10): Warning: missing </ul> before </div>
remove_existing_asreml.html:46:1 (remove_existing_asreml.Rd:10): Warning: missing </ul> before </div>
shapiro_test.html:46:1 (shapiro_test.Rd:10): Warning: missing </ul> before </div>
Flavor: r-devel-linux-x86_64-debian-gcc
Version: 1.3.3
Check: package dependencies
Result: NOTE
Package which this enhances but not available for checking: ‘asreml’
Flavors: r-oldrel-macos-arm64, r-oldrel-macos-x86_64, r-oldrel-windows-x86_64