Last updated on 2025-10-21 09:48:26 CEST.
Flavor | Version | Tinstall | Tcheck | Ttotal | Status | Flags |
---|---|---|---|---|---|---|
r-devel-linux-x86_64-debian-clang | 1.0.6 | 11.05 | 563.45 | 574.50 | OK | |
r-devel-linux-x86_64-debian-gcc | 1.0.6 | 8.36 | 343.31 | 351.67 | NOTE | |
r-devel-linux-x86_64-fedora-clang | 1.0.6 | 951.03 | OK | |||
r-devel-linux-x86_64-fedora-gcc | 1.0.6 | 886.36 | OK | |||
r-devel-windows-x86_64 | 1.0.6 | 14.00 | 442.00 | 456.00 | OK | |
r-patched-linux-x86_64 | 1.0.6 | 13.20 | 528.06 | 541.26 | OK | |
r-release-linux-x86_64 | 1.0.6 | 11.29 | 518.91 | 530.20 | OK | |
r-release-macos-arm64 | 1.0.6 | 183.00 | OK | |||
r-release-macos-x86_64 | 1.0.6 | 387.00 | OK | |||
r-release-windows-x86_64 | 1.0.6 | 16.00 | 442.00 | 458.00 | OK | |
r-oldrel-macos-arm64 | 1.0.6 | 192.00 | OK | |||
r-oldrel-macos-x86_64 | 1.0.6 | 382.00 | OK | |||
r-oldrel-windows-x86_64 | 1.0.6 | 20.00 | 601.00 | 621.00 | OK |
Version: 1.0.6
Check: HTML version of manual
Result: NOTE
Found the following HTML validation problems:
Q0_to_lambda.html:62:1 (Q0_to_lambda.Rd:15): Warning: missing </ul> before </div>
bilinear_lag.html:58:1 (bilinear_lag.Rd:16): Warning: missing </ul> before </div>
bilinear_stationary.html:58:1 (bilinear_stationary.Rd:16): Warning: missing </ul> before </div>
check_secondary_pars.html:70:1 (check_secondary_pars.Rd:26): Warning: missing </ul> before </div>
check_stochastic_pars.html:58:1 (check_stochastic_pars.Rd:16): Warning: missing </ul> before </div>
full_Ratkowski.html:58:1 (full_Ratkowski.Rd:16): Warning: missing </ul> before </div>
get_all_predictions.html:46:1 (get_all_predictions.Rd:10): Warning: missing </ul> before </div>
lambda_to_Q0.html:58:1 (lambda_to_Q0.Rd:15): Warning: missing </ul> before </div>
loglinear_model.html:54:1 (loglinear_model.Rd:14): Warning: missing </ul> before </div>
make_guess_factor.html:58:1 (make_guess_factor.Rd:18): Warning: missing </ul> before </div>
predictMCMC.html:74:1 (predictMCMC.Rd:28): Warning: missing </ul> before </div>
predict_stochastic_growth.html:79:1 (predict_stochastic_growth.Rd:29): Warning: missing </ul> before </div>
richards_model.html:66:1 (richards_model.Rd:20): Warning: missing </ul> before </div>
Flavor: r-devel-linux-x86_64-debian-gcc