Last updated on 2025-10-21 09:48:26 CEST.
Flavor | Version | Tinstall | Tcheck | Ttotal | Status | Flags |
---|---|---|---|---|---|---|
r-devel-linux-x86_64-debian-clang | 0.11.0 | 12.27 | 362.71 | 374.98 | OK | |
r-devel-linux-x86_64-debian-gcc | 0.11.0 | 7.89 | 248.92 | 256.81 | NOTE | |
r-devel-linux-x86_64-fedora-clang | 0.11.0 | 628.78 | OK | |||
r-devel-linux-x86_64-fedora-gcc | 0.11.0 | 577.39 | OK | |||
r-devel-windows-x86_64 | 0.11.0 | 16.00 | 391.00 | 407.00 | OK | |
r-patched-linux-x86_64 | 0.11.0 | 13.65 | 351.08 | 364.73 | OK | |
r-release-linux-x86_64 | 0.11.0 | 10.83 | 349.61 | 360.44 | OK | |
r-release-macos-arm64 | 0.11.0 | 296.00 | OK | |||
r-release-macos-x86_64 | 0.11.0 | 394.00 | OK | |||
r-release-windows-x86_64 | 0.11.0 | 18.00 | 401.00 | 419.00 | OK | |
r-oldrel-macos-arm64 | 0.11.0 | 222.00 | NOTE | |||
r-oldrel-macos-x86_64 | 0.11.0 | 405.00 | NOTE | |||
r-oldrel-windows-x86_64 | 0.11.0 | 23.00 | 509.00 | 532.00 | NOTE |
Version: 0.11.0
Check: HTML version of manual
Result: NOTE
Found the following HTML validation problems:
calculate_vp.html:232:1 (calculate_vp.Rd:151): Warning: <h4> anchor "sd_vvp_threshold" already defined
calculate_vp.html:245:1 (calculate_vp.Rd:162): Warning: <h4> anchor "rcs" already defined
calculate_vp.html:256:1 (calculate_vp.Rd:171): Warning: <h4> anchor "dual_pol" already defined
calculate_vp.html:287:1 (calculate_vp.Rd:196): Warning: <h4> anchor "h_layer" already defined
calculate_vp.html:297:1 (calculate_vp.Rd:204): Warning: <h4> anchor "dealias" already defined
plot.vpts.html:201:1 (plot.vpts.Rd:115): Warning: <h4> anchor "barbs" already defined
plot.vpts.html:217:1 (plot.vpts.Rd:127): Warning: <h4> anchor "log" already defined
Flavor: r-devel-linux-x86_64-debian-gcc
Version: 0.11.0
Check: installed package size
Result: NOTE
installed size is 5.5Mb
sub-directories of 1Mb or more:
data 1.6Mb
extdata 2.0Mb
Flavors: r-oldrel-macos-arm64, r-oldrel-macos-x86_64, r-oldrel-windows-x86_64