CRAN Package Check Results for Package binsreg

Last updated on 2025-10-21 09:48:26 CEST.

Flavor Version Tinstall Tcheck Ttotal Status Flags
r-devel-linux-x86_64-debian-clang 1.1 23.91 129.82 153.73 NOTE
r-devel-linux-x86_64-debian-gcc 1.1 14.75 89.61 104.36 NOTE
r-devel-linux-x86_64-fedora-clang 1.1 246.61 OK
r-devel-linux-x86_64-fedora-gcc 1.1 221.64 OK
r-devel-windows-x86_64 1.1 21.00 116.00 137.00 OK
r-patched-linux-x86_64 1.1 23.28 119.17 142.45 OK
r-release-linux-x86_64 1.1 21.86 120.53 142.39 OK
r-release-macos-arm64 1.1 63.00 OK
r-release-macos-x86_64 1.1 104.00 OK
r-release-windows-x86_64 1.1 22.00 117.00 139.00 OK
r-oldrel-macos-arm64 1.1 53.00 OK
r-oldrel-macos-x86_64 1.1 161.00 OK
r-oldrel-windows-x86_64 1.1 30.00 154.00 184.00 OK

Check Details

Version: 1.1
Check: CRAN incoming feasibility
Result: NOTE Maintainer: ‘Yingjie Feng <fengyingjiepku@gmail.com>’ No Authors@R field in DESCRIPTION. Please add one, modifying Authors@R: c(person(given = c("Matias", "D."), family = "Cattaneo", role = "aut"), person(given = c("Richard", "K."), family = "Crump", role = "aut"), person(given = c("Max", "H."), family = "Farrell", role = "aut"), person(given = "Yingjie", family = "Feng", role = c("aut", "cre"), email = "fengyingjiepku@gmail.com")) as necessary. Flavors: r-devel-linux-x86_64-debian-clang, r-devel-linux-x86_64-debian-gcc

Version: 1.1
Check: HTML version of manual
Result: NOTE Found the following HTML validation problems: print.CCFFbinsglm.html:47:1 (print.CCFFbinsglm.Rd:10): Warning: missing </ul> before </div> print.CCFFbinspwc.html:47:1 (print.CCFFbinspwc.Rd:10): Warning: missing </ul> before </div> print.CCFFbinsqreg.html:47:1 (print.CCFFbinsqreg.Rd:10): Warning: missing </ul> before </div> print.CCFFbinsreg.html:47:1 (print.CCFFbinsreg.Rd:10): Warning: missing </ul> before </div> print.CCFFbinsregselect.html:47:1 (print.CCFFbinsregselect.Rd:10): Warning: missing </ul> before </div> print.CCFFbinstest.html:47:1 (print.CCFFbinstest.Rd:10): Warning: missing </ul> before </div> summary.CCFFbinsglm.html:47:1 (summary.CCFFbinsglm.Rd:10): Warning: missing </ul> before </div> summary.CCFFbinspwc.html:47:1 (summary.CCFFbinspwc.Rd:10): Warning: missing </ul> before </div> summary.CCFFbinsqreg.html:47:1 (summary.CCFFbinsqreg.Rd:10): Warning: missing </ul> before </div> summary.CCFFbinsreg.html:47:1 (summary.CCFFbinsreg.Rd:10): Warning: missing </ul> before </div> summary.CCFFbinsregselect.html:47:1 (summary.CCFFbinsregselect.Rd:10): Warning: missing </ul> before </div> summary.CCFFbinstest.html:47:1 (summary.CCFFbinstest.Rd:10): Warning: missing </ul> before </div> Flavor: r-devel-linux-x86_64-debian-gcc