Last updated on 2025-07-12 09:49:13 CEST.
Flavor | Version | Tinstall | Tcheck | Ttotal | Status | Flags |
---|---|---|---|---|---|---|
r-devel-linux-x86_64-debian-clang | 0.3.2 | 71.08 | 51.70 | 122.78 | OK | |
r-devel-linux-x86_64-debian-gcc | 0.3.2 | 58.56 | 38.54 | 97.10 | OK | |
r-devel-linux-x86_64-fedora-clang | 0.3.2 | 219.89 | OK | |||
r-devel-linux-x86_64-fedora-gcc | 0.3.2 | 250.24 | OK | |||
r-devel-windows-x86_64 | 0.3.2 | 89.00 | 90.00 | 179.00 | OK | |
r-patched-linux-x86_64 | 0.3.2 | 88.73 | 47.05 | 135.78 | OK | |
r-release-linux-x86_64 | 0.3.2 | 85.54 | 46.78 | 132.32 | OK | |
r-release-macos-arm64 | 0.3.2 | 72.00 | OK | |||
r-release-macos-x86_64 | 0.3.2 | 122.00 | OK | |||
r-release-windows-x86_64 | 0.3.2 | 89.00 | 92.00 | 181.00 | OK | |
r-oldrel-macos-arm64 | 0.3.2 | 60.00 | NOTE | |||
r-oldrel-macos-x86_64 | 0.3.2 | 83.00 | NOTE | |||
r-oldrel-windows-x86_64 | 0.3.2 | 104.00 | 107.00 | 211.00 | OK |
Version: 0.3.2
Check: installed package size
Result: NOTE
installed size is 9.0Mb
sub-directories of 1Mb or more:
libs 8.7Mb
Flavors: r-oldrel-macos-arm64, r-oldrel-macos-x86_64