CRAN Package Check Results for Package bigReg

Last updated on 2025-10-21 09:48:26 CEST.

Flavor Version Tinstall Tcheck Ttotal Status Flags
r-devel-linux-x86_64-debian-clang 0.1.5 36.51 36.18 72.69 NOTE
r-devel-linux-x86_64-debian-gcc 0.1.5 22.64 26.87 49.51 NOTE
r-devel-linux-x86_64-fedora-clang 0.1.5 132.10 OK
r-devel-linux-x86_64-fedora-gcc 0.1.5 117.56 OK
r-patched-linux-x86_64 0.1.5 39.38 34.35 73.73 OK
r-release-linux-x86_64 0.1.5 35.58 34.64 70.22 OK
r-release-macos-arm64 0.1.5 36.00 OK
r-release-macos-x86_64 0.1.5 52.00 OK
r-oldrel-macos-arm64 0.1.5 34.00 OK
r-oldrel-macos-x86_64 0.1.5 45.00 OK

Check Details

Version: 0.1.5
Check: CRAN incoming feasibility
Result: NOTE Maintainer: ‘Chibisi Chima-Okereke <chibisi@active-analytics.com>’ No Authors@R field in DESCRIPTION. Please add one, modifying Authors@R: person(given = "Chibisi", family = "Chima-Okereke", role = c("aut", "cre"), email = "chibisi@active-analytics.com") as necessary. Flavors: r-devel-linux-x86_64-debian-clang, r-devel-linux-x86_64-debian-gcc

Version: 0.1.5
Check: HTML version of manual
Result: NOTE Found the following HTML validation problems: CreateFactor.html:51:1 (CreateFactor.Rd:12): Warning: missing </ul> before </div> Gamma_.html:46:1 (Gamma_.Rd:10): Warning: missing </ul> before </div> SVD.html:50:1 (SVD.Rd:12): Warning: missing </ul> before </div> XWXMatrix.html:50:1 (XWXMatrix.Rd:12): Warning: missing </ul> before </div> XWXMatrixW.html:54:1 (XWXMatrixW.Rd:14): Warning: missing </ul> before </div> asInteger.html:46:1 (asInteger.Rd:10): Warning: missing </ul> before </div> bglm_predict.html:58:1 (bglm_predict.Rd:18): Warning: missing </ul> before </div> binomial_.html:46:1 (binomial_.Rd:10): Warning: missing </ul> before </div> blm.html:68:1 (blm.Rd:24): Warning: missing </ul> before </div> dot-control.html:54:1 (dot-control.Rd:14): Warning: missing </ul> before </div> family_.html:51:1 (family_.Rd:13): Warning: missing </ul> before </div> gaussian_.html:46:1 (gaussian_.Rd:10): Warning: missing </ul> before </div> inverse.gaussian_.html:46:1 (inverse.gaussian_.Rd:10): Warning: missing </ul> before </div> load_data_frame.html:46:1 (load_data_frame.Rd:10): Warning: missing </ul> before </div> load_data_matrix.html:46:1 (load_data_matrix.Rd:10): Warning: missing </ul> before </div> myIn.html:50:1 (myIn.Rd:12): Warning: missing </ul> before </div> mySeq.html:50:1 (mySeq.Rd:12): Warning: missing </ul> before </div> poisson_.html:46:1 (poisson_.Rd:10): Warning: missing </ul> before </div> print.bglm.html:55:1 (print.bglm.Rd:14): Warning: missing </ul> before </div> print.blm.html:55:1 (print.blm.Rd:14): Warning: missing </ul> before </div> print.data_frame.html:51:1 (print.data_frame.Rd:12): Warning: missing </ul> before </div> print.data_matrix.html:51:1 (print.data_matrix.Rd:12): Warning: missing </ul> before </div> print.summary.bglm.html:64:1 (print.summary.bglm.Rd:21): Warning: missing </ul> before </div> print.summary.blm.html:64:1 (print.summary.blm.Rd:21): Warning: missing </ul> before </div> process_bglm_block.html:93:1 (process_bglm_block.Rd:39): Warning: missing </ul> before </div> quasi_.html:50:1 (quasi_.Rd:12): Warning: missing </ul> before </div> quasibinomial_.html:46:1 (quasibinomial_.Rd:10): Warning: missing </ul> before </div> quasipoisson_.html:46:1 (quasipoisson_.Rd:10): Warning: missing </ul> before </div> r_bind.html:50:1 (r_bind.Rd:12): Warning: missing </ul> before </div> readNumericVector.html:50:1 (readNumericVector.Rd:12): Warning: missing </ul> before </div> read_df_block.html:66:1 (read_df_block.Rd:20): Warning: missing </ul> before </div> read_df_blocks.html:66:1 (read_df_blocks.Rd:20): Warning: missing </ul> before </div> read_matrix_block.html:54:1 (read_matrix_block.Rd:14): Warning: missing </ul> before </div> read_matrix_blocks.html:54:1 (read_matrix_blocks.Rd:14): Warning: missing </ul> before </div> sum_bglm_block.html:50:1 (sum_bglm_block.Rd:12): Warning: missing </ul> before </div> summary.bglm.html:51:1 (summary.bglm.Rd:12): Warning: missing </ul> before </div> summary.blm.html:51:1 (summary.blm.Rd:12): Warning: missing </ul> before </div> writeNumericVector.html:50:1 (writeNumericVector.Rd:12): Warning: missing </ul> before </div> write_numeric_vector.html:50:1 (write_numeric_vector.Rd:12): Warning: missing </ul> before </div> Flavor: r-devel-linux-x86_64-debian-gcc