Last updated on 2025-10-21 09:48:26 CEST.
Flavor | Version | Tinstall | Tcheck | Ttotal | Status | Flags |
---|---|---|---|---|---|---|
r-devel-linux-x86_64-debian-clang | 0.1.9 | 13.41 | 42.88 | 56.29 | OK | |
r-devel-linux-x86_64-debian-gcc | 0.1.9 | 10.17 | 35.98 | 46.15 | NOTE | |
r-devel-linux-x86_64-fedora-clang | 0.1.9 | 91.61 | OK | |||
r-devel-linux-x86_64-fedora-gcc | 0.1.9 | 84.39 | OK | |||
r-patched-linux-x86_64 | 0.1.9 | 12.38 | 40.22 | 52.60 | OK | |
r-release-linux-x86_64 | 0.1.9 | 11.85 | 41.18 | 53.03 | OK | |
r-release-macos-arm64 | 0.1.9 | 5.00 | ERROR | |||
r-release-macos-x86_64 | 0.1.9 | 8.00 | ERROR | |||
r-oldrel-macos-arm64 | 0.1.9 | 14.00 | ERROR | |||
r-oldrel-macos-x86_64 | 0.1.9 | 13.00 | ERROR |
Version: 0.1.9
Check: HTML version of manual
Result: NOTE
Found the following HTML validation problems:
bigGP-meta.html:54:1 (bigGP-meta.Rd:23): Warning: missing </ul> before </div>
calcD.html:51:1 (calcD.Rd:17): Warning: missing </ul> before </div>
calcIJ.html:54:1 (calcIJ.Rd:21): Warning: missing </ul> before </div>
getDistributedVectorLength.html:74:1 (getDistributedVectorLength.Rd:26): Warning: missing </ul> before </div>
localCollectVector.html:93:1 (localCollectVector.Rd:47): Warning: missing </ul> before </div>
localRm.html:49:1 (localRm.Rd:15): Warning: missing </ul> before </div>
Flavor: r-devel-linux-x86_64-debian-gcc
Version: 0.1.9
Check: package dependencies
Result: ERROR
Package required but not available: ‘Rmpi’
See section ‘The DESCRIPTION file’ in the ‘Writing R Extensions’
manual.
Flavors: r-release-macos-arm64, r-release-macos-x86_64, r-oldrel-macos-arm64, r-oldrel-macos-x86_64