Last updated on 2025-10-21 09:48:26 CEST.
Flavor | Version | Tinstall | Tcheck | Ttotal | Status | Flags |
---|---|---|---|---|---|---|
r-devel-linux-x86_64-debian-clang | 1.2.0 | 3.30 | 22.30 | 25.60 | OK | |
r-devel-linux-x86_64-debian-gcc | 1.2.0 | 2.64 | 18.90 | 21.54 | NOTE | |
r-devel-linux-x86_64-fedora-clang | 1.2.0 | 38.45 | OK | |||
r-devel-linux-x86_64-fedora-gcc | 1.2.0 | 35.42 | OK | |||
r-devel-windows-x86_64 | 1.2.0 | 7.00 | 43.00 | 50.00 | OK | |
r-patched-linux-x86_64 | 1.2.0 | 2.80 | 20.96 | 23.76 | OK | |
r-release-linux-x86_64 | 1.2.0 | 2.80 | 20.76 | 23.56 | OK | |
r-release-macos-arm64 | 1.2.0 | 22.00 | OK | |||
r-release-macos-x86_64 | 1.2.0 | 32.00 | OK | |||
r-release-windows-x86_64 | 1.2.0 | 9.00 | 44.00 | 53.00 | OK | |
r-oldrel-macos-arm64 | 1.2.0 | 19.00 | OK | |||
r-oldrel-macos-x86_64 | 1.2.0 | 45.00 | OK | |||
r-oldrel-windows-x86_64 | 1.2.0 | 9.00 | 50.00 | 59.00 | OK |
Version: 1.2.0
Check: HTML version of manual
Result: NOTE
Found the following HTML validation problems:
pbkdf.html:58:1 (pbkdf.Rd:16): Warning: missing </ul> before </div>
Flavor: r-devel-linux-x86_64-debian-gcc