Last updated on 2025-10-21 09:48:26 CEST.
Flavor | Version | Tinstall | Tcheck | Ttotal | Status | Flags |
---|---|---|---|---|---|---|
r-devel-linux-x86_64-debian-clang | 1.7.0 | 22.62 | 367.68 | 390.30 | OK | |
r-devel-linux-x86_64-debian-gcc | 1.7.0 | 14.64 | 236.58 | 251.22 | NOTE | |
r-devel-linux-x86_64-fedora-clang | 1.7.0 | 632.45 | OK | |||
r-devel-linux-x86_64-fedora-gcc | 1.7.0 | 577.15 | OK | |||
r-devel-windows-x86_64 | 1.7.0 | 25.00 | 329.00 | 354.00 | OK | |
r-patched-linux-x86_64 | 1.7.0 | 23.96 | 348.76 | 372.72 | OK | |
r-release-linux-x86_64 | 1.7.0 | 21.34 | 348.27 | 369.61 | OK | |
r-release-macos-arm64 | 1.7.0 | 153.00 | OK | |||
r-release-macos-x86_64 | 1.7.0 | 352.00 | OK | |||
r-release-windows-x86_64 | 1.7.0 | 26.00 | 336.00 | 362.00 | OK | |
r-oldrel-macos-arm64 | 1.7.0 | 159.00 | OK | |||
r-oldrel-macos-x86_64 | 1.7.0 | 343.00 | OK | |||
r-oldrel-windows-x86_64 | 1.7.0 | 37.00 | 456.00 | 493.00 | WARN |
Version: 1.7.0
Check: HTML version of manual
Result: NOTE
Found the following HTML validation problems:
Archive.html:289:1 (Archive.Rd:175): Warning: missing </ul> before </div>
Archive.html:176:1 (Archive.Rd:110): Warning: <h5> anchor "Usage" already defined
Archive.html:182:1 (Archive.Rd:114): Warning: <h5> anchor "Arguments" already defined
Archive.html:205:1 (Archive.Rd:127): Warning: <h5> anchor "Usage" already defined
Archive.html:211:1 (Archive.Rd:131): Warning: <h5> anchor "Arguments" already defined
Archive.html:234:1 (Archive.Rd:144): Warning: <h5> anchor "Usage" already defined
Archive.html:250:1 (Archive.Rd:154): Warning: <h5> anchor "Usage" already defined
Archive.html:266:1 (Archive.Rd:164): Warning: <h5> anchor "Usage" already defined
Archive.html:272:1 (Archive.Rd:168): Warning: <h5> anchor "Arguments" already defined
ArchiveAsync.html:525:1 (ArchiveAsync.Rd:330): Warning: missing </ul> before </div>
ArchiveAsync.html:207:1 (ArchiveAsync.Rd:128): Warning: <h5> anchor "Usage" already defined
ArchiveAsync.html:213:1 (ArchiveAsync.Rd:132): Warning: <h5> anchor "Arguments" already defined
ArchiveAsync.html:237:1 (ArchiveAsync.Rd:146): Warning: <h5> anchor "Usage" already defined
ArchiveAsync.html:253:1 (ArchiveAsync.Rd:156): Warning: <h5> anchor "Usage" already defined
ArchiveAsync.html:259:1 (ArchiveAsync.Rd:160): Warning: <h5> anchor "Arguments" already defined
ArchiveAsync.html:286:1 (ArchiveAsync.Rd:177): Warning: <h5> anchor "Usage" already defined
ArchiveAsync.html:292:1 (ArchiveAsync.Rd:181): Warning: <h5> anchor "Arguments" already defined
ArchiveAsync.html:325:1 (ArchiveAsync.Rd:204): Warning: <h5> anchor "Usage" already defined
ArchiveAsync.html:331:1 (ArchiveAsync.Rd:208): Warning: <h5> anchor "Arguments" already defined
ArchiveAsync.html:358:1 (ArchiveAsync.Rd:225): Warning: <h5> anchor "Usage" already defined
ArchiveAsync.html:368:1 (ArchiveAsync.Rd:233): Warning: <h5> anchor "Arguments" already defined
ArchiveAsync.html:402:1 (ArchiveAsync.Rd:257): Warning: <h5> anchor "Usage" already defined
ArchiveAsync.html:408:1 (ArchiveAsync.Rd:261): Warning: <h5> anchor "Arguments" already defined
ArchiveAsync.html:446:1 (ArchiveAsync.Rd:285): Warning: <h5> anchor "Usage" already defined
ArchiveAsync.html:452:1 (ArchiveAsync.Rd:289): Warning: <h5> anchor "Arguments" already defined
ArchiveAsync.html:469:1 (ArchiveAsync.Rd:300): Warning: <h5> anchor "Returns" already defined
ArchiveAsync.html:486:1 (ArchiveAsync.Rd:309): Warning: <h5> anchor "Usage" already defined
ArchiveAsync.html:502:1 (ArchiveAsync.Rd:319): Warning: <h5> anchor "Usage" already defined
ArchiveAsync.html:508:1 (ArchiveAsync.Rd:323): Warning: <h5> anchor "Arguments" already defined
ArchiveAsyncFrozen.html:410:1 (ArchiveAsyncFrozen.Rd:256): Warning: missing </ul> before </div>
ArchiveAsyncFrozen.html:178:1 (ArchiveAsyncFrozen.Rd:108): Warning: <h5> anchor "Usage" already defined
ArchiveAsyncFrozen.html:184:1 (ArchiveAsyncFrozen.Rd:112): Warning: <h5> anchor "Arguments" already defined
ArchiveAsyncFrozen.html:208:1 (ArchiveAsyncFrozen.Rd:126): Warning: <h5> anchor "Usage" already defined
ArchiveAsyncFrozen.html:224:1 (ArchiveAsyncFrozen.Rd:136): Warning: <h5> anchor "Usage" already defined
ArchiveAsyncFrozen.html:230:1 (ArchiveAsyncFrozen.Rd:140): Warning: <h5> anchor "Arguments" already defined
ArchiveAsyncFrozen.html:257:1 (ArchiveAsyncFrozen.Rd:157): Warning: <h5> anchor "Usage" already defined
ArchiveAsyncFrozen.html:263:1 (ArchiveAsyncFrozen.Rd:161): Warning: <h5> anchor "Arguments" already defined
ArchiveAsyncFrozen.html:296:1 (ArchiveAsyncFrozen.Rd:184): Warning: <h5> anchor "Usage" already defined
ArchiveAsyncFrozen.html:302:1 (ArchiveAsyncFrozen.Rd:188): Warning: <h5> anchor "Arguments" already defined
ArchiveAsyncFrozen.html:329:1 (ArchiveAsyncFrozen.Rd:205): Warning: <h5> anchor "Usage" already defined
ArchiveAsyncFrozen.html:339:1 (ArchiveAsyncFrozen.Rd:213): Warning: <h5> anchor "Arguments" already defined
ArchiveAsyncFrozen.html:371:1 (ArchiveAsyncFrozen.Rd:235): Warning: <h5> anchor "Usage" already defined
ArchiveAsyncFrozen.html:387:1 (ArchiveAsyncFrozen.Rd:245): Warning: <h5> anchor "Usage" already defined
ArchiveAsyncFrozen.html:393:1 (ArchiveAsyncFrozen.Rd:249): Warning: <h5> anchor "Arguments" already defined
ArchiveBatch.html:342:1 (ArchiveBatch.Rd:211): Warning: missing </ul> before </div>
ArchiveBatch.html:170:1 (ArchiveBatch.Rd:101): Warning: <h5> anchor "Usage" already defined
ArchiveBatch.html:176:1 (ArchiveBatch.Rd:105): Warning: <h5> anchor "Arguments" already defined
ArchiveBatch.html:211:1 (ArchiveBatch.Rd:130): Warning: <h5> anchor "Usage" already defined
ArchiveBatch.html:217:1 (ArchiveBatch.Rd:134): Warning: <h5> anchor "Arguments" already defined
ArchiveBatch.html:259:1 (ArchiveBatch.Rd:162): Warning: <h5> anchor "Usage" already defined
ArchiveBatch.html:265:1 (ArchiveBatch.Rd:166): Warning: <h5> anchor "Arguments" already defined
ArchiveBatch.html:286:1 (ArchiveBatch.Rd:181): Warning: <h5> anchor "Returns" already defined
ArchiveBatch.html:303:1 (ArchiveBatch.Rd:190): Warning: <h5> anchor "Usage" already defined
ArchiveBatch.html:319:1 (ArchiveBatch.Rd:200): Warning: <h5> anchor "Usage" already defined
ArchiveBatch.html:325:1 (ArchiveBatch.Rd:204): Warning: <h5> anchor "Arguments" already defined
CallbackAsync.html:137:1 (CallbackAsync.Rd:86): Warning: missing </ul> before </div>
Codomain.html:156:1 (Codomain.Rd:130): Warning: <h5> anchor "Usage" already defined
Codomain.html:162:1 (Codomain.Rd:134): Warning: <h5> anchor "Arguments" already defined
ContextAsync.html:186:1 (ContextAsync.Rd:113): Warning: missing </ul> before </div>
ContextAsync.html:163:1 (ContextAsync.Rd:102): Warning: <h5> anchor "Usage" already defined
ContextAsync.html:169:1 (ContextAsync.Rd:106): Warning: <h5> anchor "Arguments" already defined
ContextBatch.html:169:1 (ContextBatch.Rd:99): Warning: missing </ul> before </div>
ContextBatch.html:146:1 (ContextBatch.Rd:88): Warning: <h5> anchor "Usage" already defined
ContextBatch.html:152:1 (ContextBatch.Rd:92): Warning: <h5> anchor "Arguments" already defined
Objective.html:430:1 (Objective.Rd:272): Warning: missing </ul> before </div>
Objective.html:207:1 (Objective.Rd:137): Warning: <h5> anchor "Usage" already defined
Objective.html:213:1 (Objective.Rd:141): Warning: <h5> anchor "Arguments" already defined
Objective.html:236:1 (Objective.Rd:154): Warning: <h5> anchor "Usage" already defined
Objective.html:261:1 (Objective.Rd:169): Warning: <h5> anchor "Usage" already defined
Objective.html:267:1 (Objective.Rd:173): Warning: <h5> anchor "Arguments" already defined
Objective.html:281:1 (Objective.Rd:181): Warning: <h5> anchor "Returns" already defined
Objective.html:306:1 (Objective.Rd:198): Warning: <h5> anchor "Usage" already defined
Objective.html:312:1 (Objective.Rd:202): Warning: <h5> anchor "Arguments" already defined
Objective.html:327:1 (Objective.Rd:211): Warning: <h5> anchor "Returns" already defined
Objective.html:349:1 (Objective.Rd:225): Warning: <h5> anchor "Usage" already defined
Objective.html:355:1 (Objective.Rd:229): Warning: <h5> anchor "Arguments" already defined
Objective.html:372:1 (Objective.Rd:240): Warning: <h5> anchor "Returns" already defined
Objective.html:391:1 (Objective.Rd:251): Warning: <h5> anchor "Usage" already defined
Objective.html:407:1 (Objective.Rd:261): Warning: <h5> anchor "Usage" already defined
Objective.html:413:1 (Objective.Rd:265): Warning: <h5> anchor "Arguments" already defined
ObjectiveRFun.html:149:1 (ObjectiveRFun.Rd:117): Warning: <h5> anchor "Usage" already defined
ObjectiveRFun.html:155:1 (ObjectiveRFun.Rd:121): Warning: <h5> anchor "Arguments" already defined
ObjectiveRFun.html:178:1 (ObjectiveRFun.Rd:134): Warning: <h5> anchor "Usage" already defined
ObjectiveRFun.html:184:1 (ObjectiveRFun.Rd:138): Warning: <h5> anchor "Arguments" already defined
ObjectiveRFunDt.html:254:1 (ObjectiveRFunDt.Rd:153): Warning: missing </ul> before </div>
ObjectiveRFunDt.html:149:1 (ObjectiveRFunDt.Rd:92): Warning: <h5> anchor "Usage" already defined
ObjectiveRFunDt.html:155:1 (ObjectiveRFunDt.Rd:96): Warning: <h5> anchor "Arguments" already defined
ObjectiveRFunDt.html:189:1 (ObjectiveRFunDt.Rd:116): Warning: <h5> anchor "Usage" already defined
ObjectiveRFunDt.html:195:1 (ObjectiveRFunDt.Rd:120): Warning: <h5> anchor "Arguments" already defined
ObjectiveRFunDt.html:212:1 (ObjectiveRFunDt.Rd:131): Warning: <h5> anchor "Returns" already defined
ObjectiveRFunDt.html:231:1 (ObjectiveRFunDt.Rd:142): Warning: <h5> anchor "Usage" already defined
ObjectiveRFunDt.html:237:1 (ObjectiveRFunDt.Rd:146): Warning: <h5> anchor "Arguments" already defined
ObjectiveRFunMany.html:148:1 (ObjectiveRFunMany.Rd:117): Warning: <h5> anchor "Usage" already defined
ObjectiveRFunMany.html:154:1 (ObjectiveRFunMany.Rd:121): Warning: <h5> anchor "Arguments" already defined
ObjectiveRFunMany.html:187:1 (ObjectiveRFunMany.Rd:140): Warning: <h5> anchor "Usage" already defined
ObjectiveRFunMany.html:193:1 (ObjectiveRFunMany.Rd:144): Warning: <h5> anchor "Arguments" already defined
OptimInstance.html:327:1 (OptimInstance.Rd:207): Warning: missing </ul> before </div>
OptimInstance.html:191:1 (OptimInstance.Rd:125): Warning: <h5> anchor "Usage" already defined
OptimInstance.html:197:1 (OptimInstance.Rd:129): Warning: <h5> anchor "Arguments" already defined
OptimInstance.html:220:1 (OptimInstance.Rd:142): Warning: <h5> anchor "Usage" already defined
OptimInstance.html:226:1 (OptimInstance.Rd:146): Warning: <h5> anchor "Arguments" already defined
OptimInstance.html:250:1 (OptimInstance.Rd:160): Warning: <h5> anchor "Usage" already defined
OptimInstance.html:256:1 (OptimInstance.Rd:164): Warning: <h5> anchor "Arguments" already defined
OptimInstance.html:288:1 (OptimInstance.Rd:186): Warning: <h5> anchor "Usage" already defined
OptimInstance.html:304:1 (OptimInstance.Rd:196): Warning: <h5> anchor "Usage" already defined
OptimInstance.html:310:1 (OptimInstance.Rd:200): Warning: <h5> anchor "Arguments" already defined
OptimInstanceAsync.html:252:1 (OptimInstanceAsync.Rd:154): Warning: missing </ul> before </div>
OptimInstanceAsync.html:166:1 (OptimInstanceAsync.Rd:104): Warning: <h5> anchor "Usage" already defined
OptimInstanceAsync.html:172:1 (OptimInstanceAsync.Rd:108): Warning: <h5> anchor "Arguments" already defined
OptimInstanceAsync.html:195:1 (OptimInstanceAsync.Rd:121): Warning: <h5> anchor "Usage" already defined
OptimInstanceAsync.html:213:1 (OptimInstanceAsync.Rd:133): Warning: <h5> anchor "Usage" already defined
OptimInstanceAsync.html:229:1 (OptimInstanceAsync.Rd:143): Warning: <h5> anchor "Usage" already defined
OptimInstanceAsync.html:235:1 (OptimInstanceAsync.Rd:147): Warning: <h5> anchor "Arguments" already defined
OptimInstanceAsyncMultiCrit.html:215:1 (OptimInstanceAsyncMultiCrit.Rd:136): Warning: missing </ul> before </div>
OptimInstanceAsyncMultiCrit.html:150:1 (OptimInstanceAsyncMultiCrit.Rd:95): Warning: <h5> anchor "Usage" already defined
OptimInstanceAsyncMultiCrit.html:156:1 (OptimInstanceAsyncMultiCrit.Rd:99): Warning: <h5> anchor "Arguments" already defined
OptimInstanceAsyncMultiCrit.html:192:1 (OptimInstanceAsyncMultiCrit.Rd:125): Warning: <h5> anchor "Usage" already defined
OptimInstanceAsyncMultiCrit.html:198:1 (OptimInstanceAsyncMultiCrit.Rd:129): Warning: <h5> anchor "Arguments" already defined
OptimInstanceAsyncSingleCrit.html:215:1 (OptimInstanceAsyncSingleCrit.Rd:136): Warning: missing </ul> before </div>
OptimInstanceAsyncSingleCrit.html:150:1 (OptimInstanceAsyncSingleCrit.Rd:95): Warning: <h5> anchor "Usage" already defined
OptimInstanceAsyncSingleCrit.html:156:1 (OptimInstanceAsyncSingleCrit.Rd:99): Warning: <h5> anchor "Arguments" already defined
OptimInstanceAsyncSingleCrit.html:192:1 (OptimInstanceAsyncSingleCrit.Rd:125): Warning: <h5> anchor "Usage" already defined
OptimInstanceAsyncSingleCrit.html:198:1 (OptimInstanceAsyncSingleCrit.Rd:129): Warning: <h5> anchor "Arguments" already defined
OptimInstanceBatch.html:281:1 (OptimInstanceBatch.Rd:179): Warning: missing </ul> before </div>
OptimInstanceBatch.html:184:1 (OptimInstanceBatch.Rd:122): Warning: <h5> anchor "Usage" already defined
OptimInstanceBatch.html:190:1 (OptimInstanceBatch.Rd:126): Warning: <h5> anchor "Arguments" already defined
OptimInstanceBatch.html:221:1 (OptimInstanceBatch.Rd:147): Warning: <h5> anchor "Usage" already defined
OptimInstanceBatch.html:227:1 (OptimInstanceBatch.Rd:151): Warning: <h5> anchor "Arguments" already defined
OptimInstanceBatch.html:258:1 (OptimInstanceBatch.Rd:168): Warning: <h5> anchor "Usage" already defined
OptimInstanceBatch.html:264:1 (OptimInstanceBatch.Rd:172): Warning: <h5> anchor "Arguments" already defined
OptimInstanceBatchMultiCrit.html:213:1 (OptimInstanceBatchMultiCrit.Rd:134): Warning: missing </ul> before </div>
OptimInstanceBatchMultiCrit.html:148:1 (OptimInstanceBatchMultiCrit.Rd:93): Warning: <h5> anchor "Usage" already defined
OptimInstanceBatchMultiCrit.html:154:1 (OptimInstanceBatchMultiCrit.Rd:97): Warning: <h5> anchor "Arguments" already defined
OptimInstanceBatchMultiCrit.html:190:1 (OptimInstanceBatchMultiCrit.Rd:123): Warning: <h5> anchor "Usage" already defined
OptimInstanceBatchMultiCrit.html:196:1 (OptimInstanceBatchMultiCrit.Rd:127): Warning: <h5> anchor "Arguments" already defined
OptimInstanceBatchSingleCrit.html:196:1 (OptimInstanceBatchSingleCrit.Rd:122): Warning: missing </ul> before </div>
OptimInstanceBatchSingleCrit.html:131:1 (OptimInstanceBatchSingleCrit.Rd:81): Warning: <h5> anchor "Usage" already defined
OptimInstanceBatchSingleCrit.html:137:1 (OptimInstanceBatchSingleCrit.Rd:85): Warning: <h5> anchor "Arguments" already defined
OptimInstanceBatchSingleCrit.html:173:1 (OptimInstanceBatchSingleCrit.Rd:111): Warning: <h5> anchor "Usage" already defined
OptimInstanceBatchSingleCrit.html:179:1 (OptimInstanceBatchSingleCrit.Rd:115): Warning: <h5> anchor "Arguments" already defined
OptimInstanceMultiCrit.html:151:1 (OptimInstanceMultiCrit.Rd:91): Warning: missing </ul> before </div>
OptimInstanceMultiCrit.html:128:1 (OptimInstanceMultiCrit.Rd:80): Warning: <h5> anchor "Usage" already defined
OptimInstanceMultiCrit.html:134:1 (OptimInstanceMultiCrit.Rd:84): Warning: <h5> anchor "Arguments" already defined
OptimInstanceSingleCrit.html:151:1 (OptimInstanceSingleCrit.Rd:91): Warning: missing </ul> before </div>
OptimInstanceSingleCrit.html:128:1 (OptimInstanceSingleCrit.Rd:80): Warning: <h5> anchor "Usage" already defined
OptimInstanceSingleCrit.html:134:1 (OptimInstanceSingleCrit.Rd:84): Warning: <h5> anchor "Arguments" already defined
Optimizer.html:277:1 (Optimizer.Rd:172): Warning: missing </ul> before </div>
Optimizer.html:186:1 (Optimizer.Rd:121): Warning: <h5> anchor "Usage" already defined
Optimizer.html:192:1 (Optimizer.Rd:125): Warning: <h5> anchor "Arguments" already defined
Optimizer.html:215:1 (Optimizer.Rd:138): Warning: <h5> anchor "Usage" already defined
Optimizer.html:238:1 (Optimizer.Rd:151): Warning: <h5> anchor "Usage" already defined
Optimizer.html:254:1 (Optimizer.Rd:161): Warning: <h5> anchor "Usage" already defined
Optimizer.html:260:1 (Optimizer.Rd:165): Warning: <h5> anchor "Arguments" already defined
OptimizerAsync.html:144:1 (OptimizerAsync.Rd:77): Warning: missing </ul> before </div>
OptimizerAsync.html:121:1 (OptimizerAsync.Rd:66): Warning: <h5> anchor "Usage" already defined
OptimizerAsync.html:127:1 (OptimizerAsync.Rd:70): Warning: <h5> anchor "Arguments" already defined
OptimizerBatch.html:141:1 (OptimizerBatch.Rd:76): Warning: missing </ul> before </div>
OptimizerBatch.html:118:1 (OptimizerBatch.Rd:65): Warning: <h5> anchor "Usage" already defined
OptimizerBatch.html:124:1 (OptimizerBatch.Rd:69): Warning: <h5> anchor "Arguments" already defined
Progressor.html:162:1 (Progressor.Rd:86): Warning: missing </ul> before </div>
Progressor.html:108:1 (Progressor.Rd:56): Warning: <h5> anchor "Usage" already defined
Progressor.html:114:1 (Progressor.Rd:60): Warning: <h5> anchor "Arguments" already defined
Progressor.html:139:1 (Progressor.Rd:75): Warning: <h5> anchor "Usage" already defined
Progressor.html:145:1 (Progressor.Rd:79): Warning: <h5> anchor "Arguments" already defined
Terminator.html:189:1 (Terminator.Rd:132): Warning: <h5> anchor "Usage" already defined
Terminator.html:195:1 (Terminator.Rd:136): Warning: <h5> anchor "Arguments" already defined
Terminator.html:221:1 (Terminator.Rd:152): Warning: <h5> anchor "Usage" already defined
Terminator.html:227:1 (Terminator.Rd:156): Warning: <h5> anchor "Arguments" already defined
Terminator.html:251:1 (Terminator.Rd:170): Warning: <h5> anchor "Usage" already defined
Terminator.html:257:1 (Terminator.Rd:174): Warning: <h5> anchor "Arguments" already defined
Terminator.html:288:1 (Terminator.Rd:191): Warning: <h5> anchor "Usage" already defined
Terminator.html:294:1 (Terminator.Rd:195): Warning: <h5> anchor "Arguments" already defined
Terminator.html:307:1 (Terminator.Rd:202): Warning: <h5> anchor "Returns" already defined
Terminator.html:324:1 (Terminator.Rd:211): Warning: <h5> anchor "Usage" already defined
Terminator.html:330:1 (Terminator.Rd:215): Warning: <h5> anchor "Arguments" already defined
as_terminator.html:68:1 (as_terminator.Rd:29): Warning: missing </ul> before </div>
assign_result_default.html:47:1 (assign_result_default.Rd:10): Warning: missing </ul> before </div>
bbotk_assertions.html:127:1 (bbotk_assertions.Rd:69): Warning: missing </ul> before </div>
bbotk_worker_loop.html:57:1 (bbotk_worker_loop.Rd:15): Warning: missing </ul> before </div>
is_dominated.html:47:1 (is_dominated.Rd:11): Warning: missing </ul> before </div>
mlr_optimizers_async_design_points.html:169:1 (mlr_optimizers_async_design_points.Rd:95): Warning: missing </ul> before </div>
mlr_optimizers_async_design_points.html:110:1 (mlr_optimizers_async_design_points.Rd:64): Warning: <h5> anchor "Usage" already defined
mlr_optimizers_async_design_points.html:146:1 (mlr_optimizers_async_design_points.Rd:84): Warning: <h5> anchor "Usage" already defined
mlr_optimizers_async_design_points.html:152:1 (mlr_optimizers_async_design_points.Rd:88): Warning: <h5> anchor "Arguments" already defined
mlr_optimizers_async_grid_search.html:111:1 (mlr_optimizers_async_grid_search.Rd:71): Warning: <h5> anchor "Usage" already defined
mlr_optimizers_async_grid_search.html:147:1 (mlr_optimizers_async_grid_search.Rd:91): Warning: <h5> anchor "Usage" already defined
mlr_optimizers_async_grid_search.html:153:1 (mlr_optimizers_async_grid_search.Rd:95): Warning: <h5> anchor "Arguments" already defined
mlr_optimizers_async_random_search.html:96:1 (mlr_optimizers_async_random_search.Rd:61): Warning: <h5> anchor "Usage" already defined
mlr_optimizers_chain.html:145:1 (mlr_optimizers_chain.Rd:143): Warning: <h5> anchor "Usage" already defined
mlr_optimizers_chain.html:151:1 (mlr_optimizers_chain.Rd:147): Warning: <h5> anchor "Arguments" already defined
mlr_optimizers_cmaes.html:130:1 (mlr_optimizers_cmaes.Rd:118): Warning: <h5> anchor "Usage" already defined
mlr_optimizers_design_points.html:126:1 (mlr_optimizers_design_points.Rd:113): Warning: <h5> anchor "Usage" already defined
mlr_optimizers_focus_search.html:126:1 (mlr_optimizers_focus_search.Rd:111): Warning: <h5> anchor "Usage" already defined
mlr_optimizers_gensa.html:164:1 (mlr_optimizers_gensa.Rd:154): Warning: <h5> anchor "Usage" already defined
mlr_optimizers_grid_search.html:131:1 (mlr_optimizers_grid_search.Rd:115): Warning: <h5> anchor "Usage" already defined
mlr_optimizers_irace.html:226:1 (mlr_optimizers_irace.Rd:211): Warning: <h5> anchor "Usage" already defined
mlr_optimizers_local_search.html:135:1 (mlr_optimizers_local_search.Rd:80): Warning: missing </ul> before </div>
mlr_optimizers_local_search.html:112:1 (mlr_optimizers_local_search.Rd:69): Warning: <h5> anchor "Usage" already defined
mlr_optimizers_nloptr.html:171:1 (mlr_optimizers_nloptr.Rd:158): Warning: <h5> anchor "Usage" already defined
mlr_optimizers_random_search.html:121:1 (mlr_optimizers_random_search.Rd:113): Warning: <h5> anchor "Usage" already defined
mlr_terminators_clock_time.html:112:1 (mlr_terminators_clock_time.Rd:84): Warning: <h5> anchor "Usage" already defined
mlr_terminators_clock_time.html:148:1 (mlr_terminators_clock_time.Rd:104): Warning: <h5> anchor "Usage" already defined
mlr_terminators_clock_time.html:154:1 (mlr_terminators_clock_time.Rd:108): Warning: <h5> anchor "Arguments" already defined
mlr_terminators_combo.html:148:1 (mlr_terminators_combo.Rd:105): Warning: <h5> anchor "Usage" already defined
mlr_terminators_combo.html:154:1 (mlr_terminators_combo.Rd:109): Warning: <h5> anchor "Arguments" already defined
mlr_terminators_combo.html:184:1 (mlr_terminators_combo.Rd:125): Warning: <h5> anchor "Usage" already defined
mlr_terminators_combo.html:190:1 (mlr_terminators_combo.Rd:129): Warning: <h5> anchor "Arguments" already defined
mlr_terminators_combo.html:216:1 (mlr_terminators_combo.Rd:145): Warning: <h5> anchor "Usage" already defined
mlr_terminators_combo.html:222:1 (mlr_terminators_combo.Rd:149): Warning: <h5> anchor "Arguments" already defined
mlr_terminators_combo.html:235:1 (mlr_terminators_combo.Rd:156): Warning: <h5> anchor "Returns" already defined
mlr_terminators_combo.html:252:1 (mlr_terminators_combo.Rd:165): Warning: <h5> anchor "Usage" already defined
mlr_terminators_combo.html:258:1 (mlr_terminators_combo.Rd:169): Warning: <h5> anchor "Arguments" already defined
mlr_terminators_combo.html:271:1 (mlr_terminators_combo.Rd:176): Warning: <h5> anchor "Returns" already defined
mlr_terminators_combo.html:288:1 (mlr_terminators_combo.Rd:185): Warning: <h5> anchor "Usage" already defined
mlr_terminators_combo.html:294:1 (mlr_terminators_combo.Rd:189): Warning: <h5> anchor "Arguments" already defined
mlr_terminators_evals.html:124:1 (mlr_terminators_evals.Rd:103): Warning: <h5> anchor "Usage" already defined
mlr_terminators_evals.html:160:1 (mlr_terminators_evals.Rd:123): Warning: <h5> anchor "Usage" already defined
mlr_terminators_evals.html:166:1 (mlr_terminators_evals.Rd:127): Warning: <h5> anchor "Arguments" already defined
mlr_terminators_none.html:101:1 (mlr_terminators_none.Rd:72): Warning: <h5> anchor "Usage" already defined
mlr_terminators_none.html:137:1 (mlr_terminators_none.Rd:92): Warning: <h5> anchor "Usage" already defined
mlr_terminators_none.html:143:1 (mlr_terminators_none.Rd:96): Warning: <h5> anchor "Arguments" already defined
mlr_terminators_perf_reached.html:114:1 (mlr_terminators_perf_reached.Rd:86): Warning: <h5> anchor "Usage" already defined
mlr_terminators_perf_reached.html:150:1 (mlr_terminators_perf_reached.Rd:106): Warning: <h5> anchor "Usage" already defined
mlr_terminators_perf_reached.html:156:1 (mlr_terminators_perf_reached.Rd:110): Warning: <h5> anchor "Arguments" already defined
mlr_terminators_run_time.html:112:1 (mlr_terminators_run_time.Rd:87): Warning: <h5> anchor "Usage" already defined
mlr_terminators_run_time.html:148:1 (mlr_terminators_run_time.Rd:107): Warning: <h5> anchor "Usage" already defined
mlr_terminators_run_time.html:154:1 (mlr_terminators_run_time.Rd:111): Warning: <h5> anchor "Arguments" already defined
mlr_terminators_stagnation.html:118:1 (mlr_terminators_stagnation.Rd:89): Warning: <h5> anchor "Usage" already defined
mlr_terminators_stagnation.html:154:1 (mlr_terminators_stagnation.Rd:109): Warning: <h5> anchor "Usage" already defined
mlr_terminators_stagnation.html:160:1 (mlr_terminators_stagnation.Rd:113): Warning: <h5> anchor "Arguments" already defined
mlr_terminators_stagnation_batch.html:118:1 (mlr_terminators_stagnation_batch.Rd:89): Warning: <h5> anchor "Usage" already defined
mlr_terminators_stagnation_batch.html:154:1 (mlr_terminators_stagnation_batch.Rd:109): Warning: <h5> anchor "Usage" already defined
mlr_terminators_stagnation_batch.html:160:1 (mlr_terminators_stagnation_batch.Rd:113): Warning: <h5> anchor "Arguments" already defined
mlr_terminators_stagnation_hypervolume.html:114:1 (mlr_terminators_stagnation_hypervolume.Rd:85): Warning: <h5> anchor "Usage" already defined
mlr_terminators_stagnation_hypervolume.html:150:1 (mlr_terminators_stagnation_hypervolume.Rd:105): Warning: <h5> anchor "Usage" already defined
mlr_terminators_stagnation_hypervolume.html:156:1 (mlr_terminators_stagnation_hypervolume.Rd:109): Warning: <h5> anchor "Arguments" already defined
oi.html:83:1 (oi.Rd:37): Warning: missing </ul> before </div>
oi_async.html:83:1 (oi_async.Rd:37): Warning: missing </ul> before </div>
optimize_async_default.html:60:1 (optimize_async_default.Rd:18): Warning: missing </ul> before </div>
terminated_error.html:47:1 (terminated_error.Rd:11): Warning: missing </ul> before </div>
tiny_logging.html:51:1 (tiny_logging.Rd:12): Warning: missing </ul> before </div>
tiny_result.html:51:1 (tiny_result.Rd:12): Warning: missing </ul> before </div>
trafo_xs.html:52:1 (trafo_xs.Rd:14): Warning: missing </ul> before </div>
Flavor: r-devel-linux-x86_64-debian-gcc
Version: 1.7.0
Check: whether package can be installed
Result: WARN
Found the following significant warnings:
test_local_search.h:3:1: warning: function declaration isn't a prototype [-Wstrict-prototypes]
test_local_search.h:4:1: warning: function declaration isn't a prototype [-Wstrict-prototypes]
test_local_search.c:30:6: warning: function declaration isn't a prototype [-Wstrict-prototypes]
test_local_search.c:43:6: warning: function declaration isn't a prototype [-Wstrict-prototypes]
See 'd:/Rcompile/CRANpkg/local/4.4/bbotk.Rcheck/00install.out' for details.
* used C compiler: 'gcc.exe (GCC) 13.3.0'
Flavor: r-oldrel-windows-x86_64