Last updated on 2025-10-21 09:48:26 CEST.
Flavor | Version | Tinstall | Tcheck | Ttotal | Status | Flags |
---|---|---|---|---|---|---|
r-devel-linux-x86_64-debian-clang | 1.0.25.1 | 12.30 | 234.07 | 246.37 | OK | |
r-devel-linux-x86_64-debian-gcc | 1.0.25.1 | 8.54 | 172.99 | 181.53 | NOTE | |
r-devel-linux-x86_64-fedora-clang | 1.0.25.1 | 398.73 | OK | |||
r-devel-linux-x86_64-fedora-gcc | 1.0.25.1 | 380.57 | OK | |||
r-devel-windows-x86_64 | 1.0.25.1 | 12.00 | 244.00 | 256.00 | OK | |
r-patched-linux-x86_64 | 1.0.25.1 | 13.36 | 225.38 | 238.74 | OK | |
r-release-linux-x86_64 | 1.0.25.1 | 12.21 | 227.68 | 239.89 | OK | |
r-release-macos-arm64 | 1.0.25.1 | 152.00 | NOTE | |||
r-release-macos-x86_64 | 1.0.25.1 | 289.00 | OK | |||
r-release-windows-x86_64 | 1.0.25.1 | 12.00 | 247.00 | 259.00 | OK | |
r-oldrel-macos-arm64 | 1.0.25.1 | 116.00 | OK | |||
r-oldrel-macos-x86_64 | 1.0.25.1 | 292.00 | OK | |||
r-oldrel-windows-x86_64 | 1.0.25.1 | 17.00 | 308.00 | 325.00 | OK |
Version: 1.0.25.1
Check: top-level files
Result: NOTE
Found the following validation problem for the NEWS.Rd HTML conversion:
NEWS.html:51:1 (inst/NEWS.Rd:21): Warning: <h4> anchor "CRAN-COMPATIBILITY" already defined
NEWS.html:66:1 (inst/NEWS.Rd:29): Warning: <h4> anchor "USER-VISIBLE-CHANGES" already defined
NEWS.html:136:1 (inst/NEWS.Rd:64): Warning: <h4> anchor "USER-VISIBLE-CHANGES" already defined
NEWS.html:153:1 (inst/NEWS.Rd:73): Warning: <h4> anchor "BUG-FIXES" already defined
NEWS.html:164:1 (inst/NEWS.Rd:78): Warning: <h4> anchor "USER-VISIBLE-CHANGES" already defined
NEWS.html:386:1 (inst/NEWS.Rd:196): Warning: <h3> anchor "Changes-in-version-1.0.10-+282013-08-18+29" already defined
NEWS.html:399:1 (inst/NEWS.Rd:202): Warning: <h3> anchor "Changes-in-version-1.0.9-+282013-06-23+29" already defined
NEWS.html:412:1 (inst/NEWS.Rd:209): Warning: <h3> anchor "Changes-in-version-1.0.8-+282013-04-23+29" already defined
NEWS.html:422:1 (inst/NEWS.Rd:215): Warning: <h3> anchor "Changes-in-version-1.0.7" already defined
NEWS.html:432:1 (inst/NEWS.Rd:221): Warning: <h3> anchor "Changes-in-version-1.0.6" already defined
NEWS.html:443:1 (inst/NEWS.Rd:228): Warning: <h3> anchor "Changes-in-version-1.0.5.3-+282012-09-05+29" already defined
NEWS.html:453:1 (inst/NEWS.Rd:234): Warning: <h3> anchor "Changes-in-version-1.0.5.2-+282012-07-29+29" already defined
Flavor: r-devel-linux-x86_64-debian-gcc
Version: 1.0.25.1
Check: tests
Result: NOTE
Running ‘BIC.R’ [1s/1s]
Comparing ‘BIC.Rout’ to ‘BIC.Rout.save’ ... OK
Running ‘ICtab.R’ [1s/1s]
Comparing ‘ICtab.Rout’ to ‘ICtab.Rout.save’ ... OK
Running ‘RUnit-tests.R’ [0s/0s]
Running ‘binomtest1.R’ [1s/2s]
Comparing ‘binomtest1.Rout’ to ‘binomtest1.Rout.save’ ... OK
Running ‘boundstest.R’ [0s/0s]
Running ‘controleval.R’ [1s/1s]
Comparing ‘controleval.Rout’ to ‘controleval.Rout.save’ ... OK
Running ‘eval.R’ [1s/1s]
Comparing ‘eval.Rout’ to ‘eval.Rout.save’ ... OK
Running ‘formulatest.R’ [1s/2s]
Comparing ‘formulatest.Rout’ to ‘formulatest.Rout.save’ ... OK
Running ‘glmcomp.R’ [1s/2s]
Comparing ‘glmcomp.Rout’ to ‘glmcomp.Rout.save’ ... OK
Running ‘gradient_vecpar_profile.R’ [6s/9s]
Comparing ‘gradient_vecpar_profile.Rout’ to ‘gradient_vecpar_profile.Rout.save’ ... OK
Running ‘grtest1.R’ [1s/2s]
Comparing ‘grtest1.Rout’ to ‘grtest1.Rout.save’ ... OK
Running ‘impsamp.R’ [1s/2s]
Running ‘methods.R’ [1s/2s]
Comparing ‘methods.Rout’ to ‘methods.Rout.save’ ... OK
Running ‘mortanal.R’ [1s/2s]
Comparing ‘mortanal.Rout’ to ‘mortanal.Rout.save’ ... OK
Running ‘optimize.R’ [1s/2s]
Comparing ‘optimize.Rout’ to ‘optimize.Rout.save’ ... OK
Running ‘optimizers.R’ [1s/2s]
Comparing ‘optimizers.Rout’ to ‘optimizers.Rout.save’ ... OK
Running ‘optimx.R’ [4s/6s]
Comparing ‘optimx.Rout’ to ‘optimx.Rout.save’ ... OK
Running ‘order.R’ [1s/1s]
Comparing ‘order.Rout’ to ‘order.Rout.save’ ... OK
Running ‘parscale.R’ [1s/1s]
Comparing ‘parscale.Rout’ to ‘parscale.Rout.save’ ... OK
Running ‘predict.R’ [1s/1s]
Comparing ‘predict.Rout’ to ‘predict.Rout.save’ ... OK
Running ‘prof_newmin.R’ [1s/1s]
Running ‘prof_spec.R’ [1s/1s]
Running ‘profbound.R’ [1s/1s]
Comparing ‘profbound.Rout’ to ‘profbound.Rout.save’ ...36,38d35
< Warning message:
< In mle2(minuslogl = function (a = NULL, b = NULL) :
< convergence failure: code=52 (ERROR: ABNORMAL_TERMINATION_IN_LNSRCH)
Running ‘richards.R’ [5s/6s]
Comparing ‘richards.Rout’ to ‘richards.Rout.save’ ... OK
Running ‘startvals.R’ [1s/1s]
Comparing ‘startvals.Rout’ to ‘startvals.Rout.save’ ... OK
Running ‘startvals2.R’ [1s/1s]
Comparing ‘startvals2.Rout’ to ‘startvals2.Rout.save’ ... OK
Running ‘test-relist1.R’ [1s/1s]
Comparing ‘test-relist1.Rout’ to ‘test-relist1.Rout.save’ ... OK
Running ‘testbounds.R’ [1s/1s]
Comparing ‘testbounds.Rout’ to ‘testbounds.Rout.save’ ... OK
Running ‘testderiv.R’ [1s/1s]
Comparing ‘testderiv.Rout’ to ‘testderiv.Rout.save’ ... OK
Running ‘testenv.R’ [1s/1s]
Comparing ‘testenv.Rout’ to ‘testenv.Rout.save’ ... OK
Running ‘testparpred.R’ [1s/2s]
Comparing ‘testparpred.Rout’ to ‘testparpred.Rout.save’ ... OK
Running ‘tmptest.R’ [1s/1s]
Comparing ‘tmptest.Rout’ to ‘tmptest.Rout.save’ ... OK
Running ‘update.R’ [1s/1s]
Comparing ‘update.Rout’ to ‘update.Rout.save’ ... OK
Flavor: r-release-macos-arm64