Last updated on 2025-10-21 09:48:26 CEST.
Flavor | Version | Tinstall | Tcheck | Ttotal | Status | Flags |
---|---|---|---|---|---|---|
r-devel-linux-x86_64-debian-clang | 2.0.12 | 17.20 | 136.66 | 153.86 | NOTE | |
r-devel-linux-x86_64-debian-gcc | 2.0.12 | 12.33 | 96.97 | 109.30 | NOTE | |
r-devel-linux-x86_64-fedora-clang | 2.0.12 | 248.41 | OK | |||
r-devel-linux-x86_64-fedora-gcc | 2.0.12 | 244.46 | OK | |||
r-devel-windows-x86_64 | 2.0.12 | 18.00 | 145.00 | 163.00 | OK | |
r-patched-linux-x86_64 | 2.0.12 | 17.53 | 129.13 | 146.66 | OK | |
r-release-linux-x86_64 | 2.0.12 | 16.88 | 128.29 | 145.17 | OK | |
r-release-macos-arm64 | 2.0.12 | 77.00 | OK | |||
r-release-macos-x86_64 | 2.0.12 | 167.00 | OK | |||
r-release-windows-x86_64 | 2.0.12 | 24.00 | 147.00 | 171.00 | OK | |
r-oldrel-macos-arm64 | 2.0.12 | 78.00 | OK | |||
r-oldrel-macos-x86_64 | 2.0.12 | 269.00 | OK | |||
r-oldrel-windows-x86_64 | 2.0.12 | 28.00 | 182.00 | 210.00 | OK |
Version: 2.0.12
Check: CRAN incoming feasibility
Result: NOTE
Maintainer: ‘Erik W Leppo <Erik.Leppo@tetratech.com>’
No Authors@R field in DESCRIPTION.
Please add one, modifying
Authors@R: c(person(given = "Rebecca",
family = "Murphy",
role = "aut"),
person(given = "Elgin",
family = "Perry",
role = "aut"),
person(given = "Jennifer",
family = "Keisman",
role = "aut"),
person(given = "Jon",
family = "Harcum",
role = "aut"),
person(given = c("Erik", "W"),
family = "Leppo",
role = c("aut", "cre"),
email = "erik.leppo@tetratech.com"))
as necessary.
Flavors: r-devel-linux-x86_64-debian-clang, r-devel-linux-x86_64-debian-gcc
Version: 2.0.12
Check: HTML version of manual
Result: NOTE
Found the following HTML validation problems:
dot-ExpLNiCens.html:62:1 (dot-ExpLNiCens.Rd:18): Warning: missing </ul> before </div>
dot-ExpLNlCens.html:62:1 (dot-ExpLNlCens.Rd:18): Warning: missing </ul> before </div>
dot-ExpLNmCens.html:58:1 (dot-ExpLNmCens.Rd:16): Warning: missing </ul> before </div>
dot-ExpLNrCens.html:62:1 (dot-ExpLNrCens.Rd:18): Warning: missing </ul> before </div>
dot-ExpNiCens.html:62:1 (dot-ExpNiCens.Rd:18): Warning: missing </ul> before </div>
dot-ExpNlCens.html:62:1 (dot-ExpNlCens.Rd:18): Warning: missing </ul> before </div>
dot-ExpNmCens.html:58:1 (dot-ExpNmCens.Rd:16): Warning: missing </ul> before </div>
dot-ExpNrCens.html:62:1 (dot-ExpNrCens.Rd:18): Warning: missing </ul> before </div>
dot-fmtPval.html:46:1 (dot-fmtPval.Rd:10): Warning: missing </ul> before </div>
dot-gamANOVA.html:46:1 (dot-gamANOVA.Rd:10): Warning: missing </ul> before </div>
dot-gamCoeff.html:50:1 (dot-gamCoeff.Rd:12): Warning: missing </ul> before </div>
dot-gamDiffPORtbl.html:50:1 (dot-gamDiffPORtbl.Rd:12): Warning: missing </ul> before </div>
dot-gamPlotCalc.html:103:1 (dot-gamPlotCalc.Rd:45): Warning: missing </ul> before </div>
dot-mergeFlow.html:68:1 (dot-mergeFlow.Rd:24): Warning: missing </ul> before </div>
dot-mergeSalinity.html:58:1 (dot-mergeSalinity.Rd:18): Warning: missing </ul> before </div>
dot-vTable.html:50:1 (dot-vTable.Rd:12): Warning: missing </ul> before </div>
gamPlotDisp.html:118:1 (gamPlotDisp.Rd:54): Warning: missing </ul> before </div>
Flavor: r-devel-linux-x86_64-debian-gcc