Last updated on 2025-10-21 09:48:26 CEST.
Flavor | Version | Tinstall | Tcheck | Ttotal | Status | Flags |
---|---|---|---|---|---|---|
r-devel-linux-x86_64-debian-clang | 0.0.1 | 3.66 | 40.23 | 43.89 | OK | |
r-devel-linux-x86_64-debian-gcc | 0.0.1 | 3.47 | 30.81 | 34.28 | NOTE | |
r-devel-linux-x86_64-fedora-clang | 0.0.1 | 69.41 | OK | |||
r-devel-linux-x86_64-fedora-gcc | 0.0.1 | 77.75 | OK | |||
r-devel-windows-x86_64 | 0.0.1 | 6.00 | 60.00 | 66.00 | OK | |
r-patched-linux-x86_64 | 0.0.1 | 3.72 | 38.80 | 42.52 | OK | |
r-release-linux-x86_64 | 0.0.1 | 3.70 | 39.04 | 42.74 | OK | |
r-release-macos-arm64 | 0.0.1 | 35.00 | OK | |||
r-release-macos-x86_64 | 0.0.1 | 91.00 | OK | |||
r-release-windows-x86_64 | 0.0.1 | 4.00 | 63.00 | 67.00 | OK | |
r-oldrel-macos-arm64 | 0.0.1 | 49.00 | OK | |||
r-oldrel-macos-x86_64 | 0.0.1 | 108.00 | OK | |||
r-oldrel-windows-x86_64 | 0.0.1 | 7.00 | 88.00 | 95.00 | OK |
Version: 0.0.1
Check: HTML version of manual
Result: NOTE
Found the following HTML validation problems:
quantile.prediction.html:51:1 (quantile.prediction.Rd:12): Warning: missing </ul> before </div>
Flavor: r-devel-linux-x86_64-debian-gcc