Last updated on 2025-10-21 09:48:26 CEST.
Flavor | Version | Tinstall | Tcheck | Ttotal | Status | Flags |
---|---|---|---|---|---|---|
r-devel-linux-x86_64-debian-clang | 1.2.13 | 548.90 | 343.39 | 892.29 | OK | |
r-devel-linux-x86_64-debian-gcc | 1.2.13 | 458.35 | 281.63 | 739.98 | NOTE | |
r-devel-linux-x86_64-fedora-clang | 1.2.13 | 1436.47 | OK | |||
r-devel-linux-x86_64-fedora-gcc | 1.2.13 | 1449.31 | OK | |||
r-devel-windows-x86_64 | 1.2.13 | 606.00 | 424.00 | 1030.00 | OK | |
r-patched-linux-x86_64 | 1.2.13 | 639.78 | 389.80 | 1029.58 | OK | |
r-release-linux-x86_64 | 1.2.13 | 633.88 | 383.87 | 1017.75 | OK | |
r-release-macos-arm64 | 1.2.13 | 264.00 | OK | |||
r-release-macos-x86_64 | 1.2.13 | 411.00 | OK | |||
r-release-windows-x86_64 | 1.2.13 | 589.00 | 418.00 | 1007.00 | OK | |
r-oldrel-macos-arm64 | 1.2.13 | 329.00 | NOTE | |||
r-oldrel-macos-x86_64 | 1.2.13 | 407.00 | NOTE | |||
r-oldrel-windows-x86_64 | 1.2.13 | 692.00 | 527.00 | 1219.00 | NOTE |
Version: 1.2.13
Check: HTML version of manual
Result: NOTE
Found the following HTML validation problems:
b_prior-get_prior_id.html:49:1 (b_prior-get_prior_id.Rd:14): Warning: missing </ul> before </div>
b_results-compare_distributions.html:50:1 (b_results-compare_distributions.Rd:12): Warning: missing </ul> before </div>
b_results-compare_means.html:50:1 (b_results-compare_means.Rd:12): Warning: missing </ul> before </div>
b_results-get_parameters.html:46:1 (b_results-get_parameters.Rd:10): Warning: missing </ul> before </div>
b_results-get_subject_parameters.html:46:1 (b_results-get_subject_parameters.Rd:10): Warning: missing </ul> before </div>
b_results-plot_distributions.html:50:1 (b_results-plot_distributions.Rd:12): Warning: missing </ul> before </div>
b_results-plot_distributions_difference.html:50:1 (b_results-plot_distributions_difference.Rd:12): Warning: missing </ul> before </div>
b_results-plot_fit.html:50:1 (b_results-plot_fit.Rd:12): Warning: missing </ul> before </div>
b_results-plot_means.html:50:1 (b_results-plot_means.Rd:12): Warning: missing </ul> before </div>
b_results-plot_means_difference.html:50:1 (b_results-plot_means_difference.Rd:12): Warning: missing </ul> before </div>
b_results-plot_trace.html:46:1 (b_results-plot_trace.Rd:10): Warning: missing </ul> before </div>
Flavor: r-devel-linux-x86_64-debian-gcc
Version: 1.2.13
Check: installed package size
Result: NOTE
installed size is 103.3Mb
sub-directories of 1Mb or more:
doc 1.9Mb
libs 99.9Mb
Flavors: r-oldrel-macos-arm64, r-oldrel-macos-x86_64, r-oldrel-windows-x86_64
Version: 1.2.13
Check: for GNU extensions in Makefiles
Result: NOTE
GNU make is a SystemRequirements.
Flavors: r-oldrel-macos-arm64, r-oldrel-macos-x86_64, r-oldrel-windows-x86_64