Last updated on 2025-10-21 09:48:25 CEST.
Flavor | Version | Tinstall | Tcheck | Ttotal | Status | Flags |
---|---|---|---|---|---|---|
r-devel-linux-x86_64-debian-clang | 1.6.0 | 19.88 | 154.78 | 174.66 | NOTE | |
r-devel-linux-x86_64-debian-gcc | 1.6.0 | 12.17 | 99.87 | 112.04 | NOTE | |
r-devel-linux-x86_64-fedora-clang | 1.6.0 | 271.35 | NOTE | |||
r-devel-linux-x86_64-fedora-gcc | 1.6.0 | 240.44 | NOTE | |||
r-devel-windows-x86_64 | 1.6.0 | 23.00 | 178.00 | 201.00 | NOTE | |
r-patched-linux-x86_64 | 1.6.0 | 25.04 | 140.11 | 165.15 | NOTE | |
r-release-linux-x86_64 | 1.6.0 | 19.25 | 140.99 | 160.24 | NOTE | |
r-release-macos-arm64 | 1.6.0 | 58.00 | NOTE | |||
r-release-macos-x86_64 | 1.6.0 | 110.00 | NOTE | |||
r-release-windows-x86_64 | 1.6.0 | 27.00 | 176.00 | 203.00 | NOTE | |
r-oldrel-macos-arm64 | 1.6.0 | 40.00 | OK | |||
r-oldrel-macos-x86_64 | 1.6.0 | 66.00 | OK | |||
r-oldrel-windows-x86_64 | 1.6.0 | 31.00 | 211.00 | 242.00 | OK |
Version: 1.6.0
Check: DESCRIPTION meta-information
Result: NOTE
Missing dependency on R >= 4.1.0 because package code uses the pipe
|> or function shorthand \(...) syntax added in R 4.1.0.
File(s) using such syntax:
‘chadwick_installation.R’
Flavors: r-devel-linux-x86_64-debian-clang, r-devel-linux-x86_64-debian-gcc, r-devel-linux-x86_64-fedora-clang, r-devel-linux-x86_64-fedora-gcc, r-devel-windows-x86_64, r-patched-linux-x86_64, r-release-linux-x86_64, r-release-macos-arm64, r-release-macos-x86_64, r-release-windows-x86_64
Version: 1.6.0
Check: HTML version of manual
Result: NOTE
Found the following HTML validation problems:
bref.html:82:1 (bref.Rd:46): Warning: missing </ul> before </div>
chadwick.html:64:1 (chadwick.Rd:31): Warning: missing </ul> before </div>
csv_from_url.html:46:1 (csv_from_url.Rd:10): Warning: missing </ul> before </div>
fangraphs.html:153:1 (fangraphs.Rd:100): Warning: missing </ul> before </div>
metrics.html:97:1 (metrics.Rd:58): Warning: missing </ul> before </div>
mlb.html:99:1 (mlb.Rd:58): Warning: missing </ul> before </div>
mlb_award.html:108:1 (mlb_award.Rd:65): Warning: missing </ul> before </div>
ncaa.html:118:1 (ncaa.Rd:73): Warning: missing </ul> before </div>
request_with_proxy.html:50:1 (request_with_proxy.Rd:12): Warning: missing </ul> before </div>
statcast.html:109:1 (statcast.Rd:73): Warning: missing </ul> before </div>
Flavor: r-devel-linux-x86_64-debian-gcc