Last updated on 2025-10-21 09:48:25 CEST.
Flavor | Version | Tinstall | Tcheck | Ttotal | Status | Flags |
---|---|---|---|---|---|---|
r-devel-linux-x86_64-debian-clang | 1.2.1 | 7.10 | 55.06 | 62.16 | OK | |
r-devel-linux-x86_64-debian-gcc | 1.2.1 | 4.56 | 40.84 | 45.40 | NOTE | |
r-devel-linux-x86_64-fedora-clang | 1.2.1 | 90.05 | OK | |||
r-devel-linux-x86_64-fedora-gcc | 1.2.1 | 86.74 | OK | |||
r-devel-windows-x86_64 | 1.2.1 | 9.00 | 79.00 | 88.00 | OK | |
r-patched-linux-x86_64 | 1.2.1 | 7.18 | 49.93 | 57.11 | OK | |
r-release-linux-x86_64 | 1.2.1 | 6.29 | 50.51 | 56.80 | OK | |
r-release-macos-arm64 | 1.2.1 | 63.00 | OK | |||
r-release-macos-x86_64 | 1.2.1 | 109.00 | OK | |||
r-release-windows-x86_64 | 1.2.1 | 10.00 | 85.00 | 95.00 | OK | |
r-oldrel-macos-arm64 | 1.2.1 | 61.00 | OK | |||
r-oldrel-macos-x86_64 | 1.2.1 | 101.00 | OK | |||
r-oldrel-windows-x86_64 | 1.2.1 | 11.00 | 94.00 | 105.00 | OK |
Version: 1.2.1
Check: HTML version of manual
Result: NOTE
Found the following HTML validation problems:
triplestore_access.html:89:1 (triplestore_access.Rd:76): Warning: <h5> anchor "Usage" already defined
triplestore_access.html:95:1 (triplestore_access.Rd:80): Warning: <h5> anchor "Returns" already defined
triplestore_access.html:113:1 (triplestore_access.Rd:90): Warning: <h5> anchor "Usage" already defined
triplestore_access.html:156:1 (triplestore_access.Rd:121): Warning: <h5> anchor "Usage" already defined
triplestore_access.html:162:1 (triplestore_access.Rd:125): Warning: <h5> anchor "Arguments" already defined
triplestore_access.html:185:1 (triplestore_access.Rd:138): Warning: <h5> anchor "Usage" already defined
triplestore_access.html:191:1 (triplestore_access.Rd:142): Warning: <h5> anchor "Returns" already defined
triplestore_access.html:208:1 (triplestore_access.Rd:151): Warning: <h5> anchor "Usage" already defined
triplestore_access.html:214:1 (triplestore_access.Rd:155): Warning: <h5> anchor "Arguments" already defined
Flavor: r-devel-linux-x86_64-debian-gcc