Last updated on 2025-10-21 09:48:25 CEST.
Flavor | Version | Tinstall | Tcheck | Ttotal | Status | Flags |
---|---|---|---|---|---|---|
r-devel-linux-x86_64-debian-clang | 0.9.5 | 4.08 | 55.26 | 59.34 | OK | |
r-devel-linux-x86_64-debian-gcc | 0.9.6 | 4.01 | 42.37 | 46.38 | OK | |
r-devel-linux-x86_64-fedora-clang | 0.9.6 | 98.53 | OK | |||
r-devel-linux-x86_64-fedora-gcc | 0.9.6 | 96.03 | OK | |||
r-devel-windows-x86_64 | 0.9.5 | 26.00 | 255.00 | 281.00 | OK | |
r-patched-linux-x86_64 | 0.9.5 | 4.74 | 54.20 | 58.94 | OK | |
r-release-linux-x86_64 | 0.9.5 | 4.47 | 53.94 | 58.41 | OK | |
r-release-macos-arm64 | 0.9.6 | 75.00 | OK | |||
r-release-macos-x86_64 | 0.9.6 | 84.00 | OK | |||
r-release-windows-x86_64 | 0.9.5 | 22.00 | 266.00 | 288.00 | OK | |
r-oldrel-macos-arm64 | 0.9.6 | 53.00 | NOTE | |||
r-oldrel-macos-x86_64 | 0.9.6 | 86.00 | NOTE | |||
r-oldrel-windows-x86_64 | 0.9.5 | 33.00 | 370.00 | 403.00 | NOTE |
Version: 0.9.6
Check: installed package size
Result: NOTE
installed size is 23.7Mb
sub-directories of 1Mb or more:
libs 22.9Mb
Flavors: r-oldrel-macos-arm64, r-oldrel-macos-x86_64
Version: 0.9.5
Check: installed package size
Result: NOTE
installed size is 40.5Mb
sub-directories of 1Mb or more:
libs 39.7Mb
Flavor: r-oldrel-windows-x86_64