Last updated on 2025-10-21 09:48:25 CEST.
Flavor | Version | Tinstall | Tcheck | Ttotal | Status | Flags |
---|---|---|---|---|---|---|
r-devel-linux-x86_64-debian-clang | 0.1.0 | 13.77 | 89.90 | 103.67 | NOTE | |
r-devel-linux-x86_64-debian-gcc | 0.1.0 | 9.01 | 63.84 | 72.85 | NOTE | |
r-devel-linux-x86_64-fedora-clang | 0.1.0 | 157.88 | NOTE | |||
r-devel-linux-x86_64-fedora-gcc | 0.1.0 | 148.65 | NOTE | |||
r-devel-windows-x86_64 | 0.1.0 | 15.00 | 101.00 | 116.00 | OK | |
r-patched-linux-x86_64 | 0.1.0 | 11.57 | 84.68 | 96.25 | OK | |
r-release-linux-x86_64 | 0.1.0 | 13.55 | 85.51 | 99.06 | OK | |
r-release-macos-arm64 | 0.1.0 | 50.00 | OK | |||
r-release-macos-x86_64 | 0.1.0 | 103.00 | OK | |||
r-release-windows-x86_64 | 0.1.0 | 14.00 | 104.00 | 118.00 | OK | |
r-oldrel-macos-arm64 | 0.1.0 | 47.00 | OK | |||
r-oldrel-macos-x86_64 | 0.1.0 | 73.00 | OK | |||
r-oldrel-windows-x86_64 | 0.1.0 | 20.00 | 123.00 | 143.00 | OK |
Version: 0.1.0
Check: CRAN incoming feasibility
Result: NOTE
Maintainer: ‘Vitor Cerqueira <cerqueira.vitormanuel@gmail.com>’
The Description field contains
arXiv:1706.09367.
Please refer to arXiv e-prints via their arXiv DOI <doi:10.48550/arXiv.YYMM.NNNNN>.
Flavors: r-devel-linux-x86_64-debian-clang, r-devel-linux-x86_64-debian-gcc
Version: 0.1.0
Check: HTML version of manual
Result: NOTE
Found the following HTML validation problems:
KNORA.E.html:62:1 (KNORA.E.Rd:18): Warning: missing </ul> before </div>
OLA.html:62:1 (OLA.Rd:18): Warning: missing </ul> before </div>
abmodel.html:59:1 (abmodel.Rd:17): Warning: missing </ul> before </div>
bb.html:58:1 (bb.Rd:16): Warning: missing </ul> before </div>
classmajority.landmarker.html:50:1 (classmajority.landmarker.Rd:12): Warning: missing </ul> before </div>
classmajority.landmarker.correlation.html:50:1 (classmajority.landmarker.correlation.Rd:12): Warning: missing </ul> before </div>
classmajority.landmarker.entropy.html:50:1 (classmajority.landmarker.entropy.Rd:12): Warning: missing </ul> before </div>
classmajority.landmarker.interinfo.html:50:1 (classmajority.landmarker.interinfo.Rd:12): Warning: missing </ul> before </div>
classmajority.landmarker.mutual.information.html:50:1 (classmajority.landmarker.mutual.information.Rd:12): Warning: missing </ul> before </div>
dstump.landmarker_d1.html:50:1 (dstump.landmarker_d1.Rd:12): Warning: missing </ul> before </div>
dstump.landmarker_d1.correlation.html:50:1 (dstump.landmarker_d1.correlation.Rd:12): Warning: missing </ul> before </div>
dstump.landmarker_d1.entropy.html:50:1 (dstump.landmarker_d1.entropy.Rd:12): Warning: missing </ul> before </div>
dstump.landmarker_d1.interinfo.html:50:1 (dstump.landmarker_d1.interinfo.Rd:12): Warning: missing </ul> before </div>
dstump.landmarker_d1.mutual.information.html:50:1 (dstump.landmarker_d1.mutual.information.Rd:12): Warning: missing </ul> before </div>
dstump.landmarker_d2.html:50:1 (dstump.landmarker_d2.Rd:12): Warning: missing </ul> before </div>
dstump.landmarker_d2.correlation.html:50:1 (dstump.landmarker_d2.correlation.Rd:12): Warning: missing </ul> before </div>
dstump.landmarker_d2.entropy.html:50:1 (dstump.landmarker_d2.entropy.Rd:12): Warning: missing </ul> before </div>
dstump.landmarker_d2.interinfo.html:50:1 (dstump.landmarker_d2.interinfo.Rd:12): Warning: missing </ul> before </div>
dstump.landmarker_d2.mutual.information.html:50:1 (dstump.landmarker_d2.mutual.information.Rd:12): Warning: missing </ul> before </div>
dstump.landmarker_d3.html:50:1 (dstump.landmarker_d3.Rd:12): Warning: missing </ul> before </div>
dstump.landmarker_d3.correlation.html:50:1 (dstump.landmarker_d3.correlation.Rd:12): Warning: missing </ul> before </div>
dstump.landmarker_d3.entropy.html:50:1 (dstump.landmarker_d3.entropy.Rd:12): Warning: missing </ul> before </div>
dstump.landmarker_d3.interinfo.html:50:1 (dstump.landmarker_d3.interinfo.Rd:12): Warning: missing </ul> before </div>
dstump.landmarker_d3.mutual.information.html:50:1 (dstump.landmarker_d3.mutual.information.Rd:12): Warning: missing </ul> before </div>
get_target.html:46:1 (get_target.Rd:10): Warning: missing </ul> before </div>
lda.landmarker.correlation.html:51:1 (lda.landmarker.correlation.Rd:12): Warning: missing </ul> before </div>
majority_voting.html:46:1 (majority_voting.Rd:10): Warning: missing </ul> before </div>
mdsq.html:58:1 (mdsq.Rd:16): Warning: missing </ul> before </div>
nb.landmarker.html:50:1 (nb.landmarker.Rd:12): Warning: missing </ul> before </div>
nb.landmarker.correlation.html:50:1 (nb.landmarker.correlation.Rd:12): Warning: missing </ul> before </div>
nb.landmarker.entropy.html:50:1 (nb.landmarker.entropy.Rd:12): Warning: missing </ul> before </div>
nb.landmarker.interinfo.html:50:1 (nb.landmarker.interinfo.Rd:12): Warning: missing </ul> before </div>
nb.landmarker.mutual.information.html:50:1 (nb.landmarker.mutual.information.Rd:12): Warning: missing </ul> before </div>
Flavor: r-devel-linux-x86_64-debian-gcc
Version: 0.1.0
Check: dependencies in R code
Result: NOTE
Namespace in Imports field not imported from: ‘abind’
All declared Imports should be used.
Flavors: r-devel-linux-x86_64-fedora-clang, r-devel-linux-x86_64-fedora-gcc