Last updated on 2025-10-21 09:48:25 CEST.
Flavor | Version | Tinstall | Tcheck | Ttotal | Status | Flags |
---|---|---|---|---|---|---|
r-devel-linux-x86_64-debian-clang | 0.2.5 | 2.39 | 23.39 | 25.78 | OK | |
r-devel-linux-x86_64-debian-gcc | 0.2.5 | 1.66 | 19.36 | 21.02 | NOTE | |
r-devel-linux-x86_64-fedora-clang | 0.2.5 | 35.55 | OK | |||
r-devel-linux-x86_64-fedora-gcc | 0.2.5 | 34.83 | OK | |||
r-devel-windows-x86_64 | 0.2.5 | 5.00 | 44.00 | 49.00 | OK | |
r-patched-linux-x86_64 | 0.2.5 | 2.53 | 20.93 | 23.46 | OK | |
r-release-linux-x86_64 | 0.2.5 | 1.90 | 21.04 | 22.94 | OK | |
r-release-macos-arm64 | 0.2.5 | 32.00 | OK | |||
r-release-macos-x86_64 | 0.2.5 | 25.00 | OK | |||
r-release-windows-x86_64 | 0.2.5 | 6.00 | 45.00 | 51.00 | OK | |
r-oldrel-macos-arm64 | 0.2.5 | 20.00 | OK | |||
r-oldrel-macos-x86_64 | 0.2.5 | 40.00 | OK | |||
r-oldrel-windows-x86_64 | 0.2.5 | 6.00 | 49.00 | 55.00 | OK |
Version: 0.2.5
Check: HTML version of manual
Result: NOTE
Found the following HTML validation problems:
argonSidebarHeader.html:46:1 (argonSidebarHeader.Rd:10): Warning: missing </ul> before </div>
argonTabItem.html:51:1 (argonTabItem.Rd:13): Warning: missing </ul> before </div>
argonTabItems.html:47:1 (argonTabItems.Rd:11): Warning: missing </ul> before </div>
create_app_link.html:54:1 (create_app_link.Rd:14): Warning: missing </ul> before </div>
tagAssert.html:61:1 (tagAssert.Rd:19): Warning: missing </ul> before </div>
Flavor: r-devel-linux-x86_64-debian-gcc