Last updated on 2025-10-21 09:48:25 CEST.
Flavor | Version | Tinstall | Tcheck | Ttotal | Status | Flags |
---|---|---|---|---|---|---|
r-devel-linux-x86_64-debian-clang | 2.2.1 | 9.02 | 39.88 | 48.90 | OK | |
r-devel-linux-x86_64-debian-gcc | 2.2.1 | 6.23 | 30.56 | 36.79 | NOTE | |
r-devel-linux-x86_64-fedora-clang | 2.2.1 | 70.19 | OK | |||
r-devel-linux-x86_64-fedora-gcc | 2.2.1 | 65.57 | OK | |||
r-devel-windows-x86_64 | 2.2.1 | 10.00 | 61.00 | 71.00 | OK | |
r-patched-linux-x86_64 | 2.2.1 | 9.21 | 36.05 | 45.26 | OK | |
r-release-linux-x86_64 | 2.2.1 | 7.05 | 35.96 | 43.01 | OK | |
r-release-macos-arm64 | 2.2.1 | 22.00 | OK | |||
r-release-macos-x86_64 | 2.2.1 | 42.00 | OK | |||
r-release-windows-x86_64 | 2.2.1 | 10.00 | 62.00 | 72.00 | OK | |
r-oldrel-macos-arm64 | 2.2.1 | 24.00 | OK | |||
r-oldrel-macos-x86_64 | 2.2.1 | 57.00 | OK | |||
r-oldrel-windows-x86_64 | 2.2.1 | 14.00 | 74.00 | 88.00 | OK |
Version: 2.2.1
Check: HTML version of manual
Result: NOTE
Found the following HTML validation problems:
Ambiorix.html:186:1 (Ambiorix.Rd:217): Warning: <h5> anchor "Usage" already defined
Ambiorix.html:192:1 (Ambiorix.Rd:221): Warning: <h5> anchor "Details" already defined
Ambiorix.html:208:1 (Ambiorix.Rd:231): Warning: <h5> anchor "Usage" already defined
Ambiorix.html:214:1 (Ambiorix.Rd:235): Warning: <h5> anchor "Arguments" already defined
Ambiorix.html:227:1 (Ambiorix.Rd:242): Warning: <h5> anchor "Details" already defined
Ambiorix.html:260:1 (Ambiorix.Rd:268): Warning: <h5> anchor "Usage" already defined
Ambiorix.html:266:1 (Ambiorix.Rd:272): Warning: <h5> anchor "Arguments" already defined
Ambiorix.html:280:1 (Ambiorix.Rd:280): Warning: <h5> anchor "Details" already defined
Ambiorix.html:287:1 (Ambiorix.Rd:284): Warning: <h5> anchor "Examples" already defined
Ambiorix.html:315:1 (Ambiorix.Rd:308): Warning: <h5> anchor "Usage" already defined
Ambiorix.html:321:1 (Ambiorix.Rd:312): Warning: <h5> anchor "Arguments" already defined
Ambiorix.html:334:1 (Ambiorix.Rd:319): Warning: <h5> anchor "Details" already defined
Ambiorix.html:341:1 (Ambiorix.Rd:323): Warning: <h5> anchor "Examples" already defined
Ambiorix.html:386:1 (Ambiorix.Rd:364): Warning: <h5> anchor "Usage" already defined
Ambiorix.html:392:1 (Ambiorix.Rd:368): Warning: <h5> anchor "Arguments" already defined
Ambiorix.html:407:1 (Ambiorix.Rd:377): Warning: <h5> anchor "Details" already defined
Ambiorix.html:422:1 (Ambiorix.Rd:386): Warning: <h5> anchor "Usage" already defined
Ambiorix.html:428:1 (Ambiorix.Rd:390): Warning: <h5> anchor "Arguments" already defined
Ambiorix.html:445:1 (Ambiorix.Rd:401): Warning: <h5> anchor "Details" already defined
Ambiorix.html:453:1 (Ambiorix.Rd:406): Warning: <h5> anchor "Examples" already defined
Ambiorix.html:477:1 (Ambiorix.Rd:426): Warning: <h5> anchor "Usage" already defined
Ambiorix.html:483:1 (Ambiorix.Rd:430): Warning: <h5> anchor "Arguments" already defined
Ambiorix.html:497:1 (Ambiorix.Rd:438): Warning: <h5> anchor "Details" already defined
Ambiorix.html:504:1 (Ambiorix.Rd:442): Warning: <h5> anchor "Examples" already defined
Ambiorix.html:532:1 (Ambiorix.Rd:466): Warning: <h5> anchor "Usage" already defined
Ambiorix.html:538:1 (Ambiorix.Rd:470): Warning: <h5> anchor "Details" already defined
Ambiorix.html:554:1 (Ambiorix.Rd:480): Warning: <h5> anchor "Usage" already defined
Ambiorix.html:560:1 (Ambiorix.Rd:484): Warning: <h5> anchor "Details" already defined
Ambiorix.html:577:1 (Ambiorix.Rd:494): Warning: <h5> anchor "Usage" already defined
Ambiorix.html:583:1 (Ambiorix.Rd:498): Warning: <h5> anchor "Arguments" already defined
Request.html:182:1 (Request.Rd:134): Warning: <h5> anchor "Usage" already defined
Request.html:188:1 (Request.Rd:138): Warning: <h5> anchor "Details" already defined
Request.html:203:1 (Request.Rd:147): Warning: <h5> anchor "Usage" already defined
Request.html:209:1 (Request.Rd:151): Warning: <h5> anchor "Arguments" already defined
Request.html:222:1 (Request.Rd:158): Warning: <h5> anchor "Details" already defined
Request.html:237:1 (Request.Rd:167): Warning: <h5> anchor "Usage" already defined
Request.html:243:1 (Request.Rd:171): Warning: <h5> anchor "Details" already defined
Request.html:258:1 (Request.Rd:180): Warning: <h5> anchor "Usage" already defined
Request.html:264:1 (Request.Rd:184): Warning: <h5> anchor "Arguments" already defined
Request.html:277:1 (Request.Rd:191): Warning: <h5> anchor "Details" already defined
Request.html:294:1 (Request.Rd:201): Warning: <h5> anchor "Usage" already defined
Request.html:300:1 (Request.Rd:205): Warning: <h5> anchor "Arguments" already defined
Response.html:202:1 (Response.Rd:98): Warning: <h5> anchor "Usage" already defined
Response.html:208:1 (Response.Rd:102): Warning: <h5> anchor "Arguments" already defined
Response.html:225:1 (Response.Rd:113): Warning: <h5> anchor "Details" already defined
Response.html:240:1 (Response.Rd:122): Warning: <h5> anchor "Usage" already defined
Response.html:246:1 (Response.Rd:126): Warning: <h5> anchor "Arguments" already defined
Response.html:265:1 (Response.Rd:139): Warning: <h5> anchor "Details" already defined
Response.html:280:1 (Response.Rd:148): Warning: <h5> anchor "Usage" already defined
Response.html:286:1 (Response.Rd:152): Warning: <h5> anchor "Arguments" already defined
Response.html:303:1 (Response.Rd:163): Warning: <h5> anchor "Details" already defined
Response.html:318:1 (Response.Rd:172): Warning: <h5> anchor "Usage" already defined
Response.html:324:1 (Response.Rd:176): Warning: <h5> anchor "Arguments" already defined
Response.html:341:1 (Response.Rd:187): Warning: <h5> anchor "Details" already defined
Response.html:356:1 (Response.Rd:196): Warning: <h5> anchor "Usage" already defined
Response.html:362:1 (Response.Rd:200): Warning: <h5> anchor "Arguments" already defined
Response.html:377:1 (Response.Rd:209): Warning: <h5> anchor "Details" already defined
Response.html:392:1 (Response.Rd:218): Warning: <h5> anchor "Usage" already defined
Response.html:398:1 (Response.Rd:222): Warning: <h5> anchor "Arguments" already defined
Response.html:417:1 (Response.Rd:235): Warning: <h5> anchor "Details" already defined
Response.html:432:1 (Response.Rd:244): Warning: <h5> anchor "Usage" already defined
Response.html:438:1 (Response.Rd:248): Warning: <h5> anchor "Arguments" already defined
Response.html:457:1 (Response.Rd:261): Warning: <h5> anchor "Details" already defined
Response.html:472:1 (Response.Rd:270): Warning: <h5> anchor "Usage" already defined
Response.html:478:1 (Response.Rd:274): Warning: <h5> anchor "Arguments" already defined
Response.html:497:1 (Response.Rd:287): Warning: <h5> anchor "Details" already defined
Response.html:512:1 (Response.Rd:296): Warning: <h5> anchor "Usage" already defined
Response.html:518:1 (Response.Rd:300): Warning: <h5> anchor "Arguments" already defined
Response.html:537:1 (Response.Rd:313): Warning: <h5> anchor "Details" already defined
Response.html:552:1 (Response.Rd:322): Warning: <h5> anchor "Usage" already defined
Response.html:558:1 (Response.Rd:326): Warning: <h5> anchor "Arguments" already defined
Response.html:575:1 (Response.Rd:337): Warning: <h5> anchor "Details" already defined
Response.html:590:1 (Response.Rd:346): Warning: <h5> anchor "Usage" already defined
Response.html:596:1 (Response.Rd:350): Warning: <h5> anchor "Arguments" already defined
Response.html:615:1 (Response.Rd:363): Warning: <h5> anchor "Details" already defined
Response.html:630:1 (Response.Rd:372): Warning: <h5> anchor "Usage" already defined
Response.html:636:1 (Response.Rd:376): Warning: <h5> anchor "Arguments" already defined
Response.html:649:1 (Response.Rd:383): Warning: <h5> anchor "Details" already defined
Response.html:664:1 (Response.Rd:392): Warning: <h5> anchor "Usage" already defined
Response.html:670:1 (Response.Rd:396): Warning: <h5> anchor "Arguments" already defined
Response.html:683:1 (Response.Rd:403): Warning: <h5> anchor "Details" already defined
Response.html:698:1 (Response.Rd:412): Warning: <h5> anchor "Usage" already defined
Response.html:704:1 (Response.Rd:416): Warning: <h5> anchor "Arguments" already defined
Response.html:717:1 (Response.Rd:423): Warning: <h5> anchor "Details" already defined
Response.html:734:1 (Response.Rd:434): Warning: <h5> anchor "Usage" already defined
Response.html:740:1 (Response.Rd:438): Warning: <h5> anchor "Arguments" already defined
Response.html:757:1 (Response.Rd:449): Warning: <h5> anchor "Details" already defined
Response.html:772:1 (Response.Rd:458): Warning: <h5> anchor "Usage" already defined
Response.html:778:1 (Response.Rd:462): Warning: <h5> anchor "Details" already defined
Response.html:793:1 (Response.Rd:471): Warning: <h5> anchor "Usage" already defined
Response.html:799:1 (Response.Rd:475): Warning: <h5> anchor "Arguments" already defined
Response.html:814:1 (Response.Rd:484): Warning: <h5> anchor "Details" already defined
Response.html:836:1 (Response.Rd:496): Warning: <h5> anchor "Usage" already defined
Response.html:842:1 (Response.Rd:500): Warning: <h5> anchor "Arguments" already defined
Response.html:855:1 (Response.Rd:507): Warning: <h5> anchor "Details" already defined
Response.html:870:1 (Response.Rd:516): Warning: <h5> anchor "Usage" already defined
Response.html:876:1 (Response.Rd:520): Warning: <h5> anchor "Arguments" already defined
Response.html:891:1 (Response.Rd:529): Warning: <h5> anchor "Details" already defined
Response.html:898:1 (Response.Rd:533): Warning: <h5> anchor "Returns" already defined
Response.html:913:1 (Response.Rd:541): Warning: <h5> anchor "Usage" already defined
Response.html:919:1 (Response.Rd:545): Warning: <h5> anchor "Details" already defined
Response.html:926:1 (Response.Rd:549): Warning: <h5> anchor "Returns" already defined
Response.html:941:1 (Response.Rd:557): Warning: <h5> anchor "Usage" already defined
Response.html:947:1 (Response.Rd:561): Warning: <h5> anchor "Details" already defined
Response.html:954:1 (Response.Rd:565): Warning: <h5> anchor "Returns" already defined
Response.html:969:1 (Response.Rd:573): Warning: <h5> anchor "Usage" already defined
Response.html:975:1 (Response.Rd:577): Warning: <h5> anchor "Details" already defined
Response.html:982:1 (Response.Rd:581): Warning: <h5> anchor "Returns" already defined
Response.html:997:1 (Response.Rd:589): Warning: <h5> anchor "Usage" already defined
Response.html:1003:1 (Response.Rd:593): Warning: <h5> anchor "Details" already defined
Response.html:1010:1 (Response.Rd:597): Warning: <h5> anchor "Returns" already defined
Response.html:1025:1 (Response.Rd:605): Warning: <h5> anchor "Usage" already defined
Response.html:1031:1 (Response.Rd:609): Warning: <h5> anchor "Details" already defined
Response.html:1038:1 (Response.Rd:613): Warning: <h5> anchor "Returns" already defined
Response.html:1053:1 (Response.Rd:621): Warning: <h5> anchor "Usage" already defined
Response.html:1059:1 (Response.Rd:625): Warning: <h5> anchor "Details" already defined
Response.html:1075:1 (Response.Rd:635): Warning: <h5> anchor "Usage" already defined
Response.html:1081:1 (Response.Rd:639): Warning: <h5> anchor "Arguments" already defined
Response.html:1094:1 (Response.Rd:646): Warning: <h5> anchor "Details" already defined
Response.html:1110:1 (Response.Rd:656): Warning: <h5> anchor "Usage" already defined
Response.html:1116:1 (Response.Rd:660): Warning: <h5> anchor "Arguments" already defined
Response.html:1129:1 (Response.Rd:667): Warning: <h5> anchor "Details" already defined
Response.html:1144:1 (Response.Rd:676): Warning: <h5> anchor "Usage" already defined
Response.html:1150:1 (Response.Rd:680): Warning: <h5> anchor "Arguments" already defined
Response.html:1165:1 (Response.Rd:689): Warning: <h5> anchor "Details" already defined
Response.html:1172:1 (Response.Rd:693): Warning: <h5> anchor "Returns" already defined
Response.html:1187:1 (Response.Rd:701): Warning: <h5> anchor "Usage" already defined
Response.html:1193:1 (Response.Rd:705): Warning: <h5> anchor "Arguments" already defined
Response.html:1231:1 (Response.Rd:728): Warning: <h5> anchor "Details" already defined
Response.html:1239:1 (Response.Rd:733): Warning: <h5> anchor "Returns" already defined
Response.html:1254:1 (Response.Rd:741): Warning: <h5> anchor "Usage" already defined
Response.html:1260:1 (Response.Rd:745): Warning: <h5> anchor "Arguments" already defined
Response.html:1290:1 (Response.Rd:762): Warning: <h5> anchor "Details" already defined
Response.html:1297:1 (Response.Rd:766): Warning: <h5> anchor "Returns" already defined
Response.html:1312:1 (Response.Rd:774): Warning: <h5> anchor "Usage" already defined
Response.html:1328:1 (Response.Rd:788): Warning: <h5> anchor "Arguments" already defined
Response.html:1371:1 (Response.Rd:825): Warning: <h5> anchor "Details" already defined
Response.html:1379:1 (Response.Rd:830): Warning: <h5> anchor "Returns" already defined
Response.html:1394:1 (Response.Rd:838): Warning: <h5> anchor "Usage" already defined
Response.html:1400:1 (Response.Rd:842): Warning: <h5> anchor "Arguments" already defined
Response.html:1413:1 (Response.Rd:849): Warning: <h5> anchor "Details" already defined
Response.html:1421:1 (Response.Rd:854): Warning: <h5> anchor "Returns" already defined
Response.html:1438:1 (Response.Rd:863): Warning: <h5> anchor "Usage" already defined
Response.html:1444:1 (Response.Rd:867): Warning: <h5> anchor "Arguments" already defined
Router.html:133:1 (Router.Rd:109): Warning: <h5> anchor "Usage" already defined
Router.html:139:1 (Router.Rd:113): Warning: <h5> anchor "Details" already defined
Router.html:156:1 (Router.Rd:123): Warning: <h5> anchor "Usage" already defined
Router.html:162:1 (Router.Rd:127): Warning: <h5> anchor "Arguments" already defined
Routing.html:164:1 (Routing.Rd:111): Warning: <h5> anchor "Usage" already defined
Routing.html:170:1 (Routing.Rd:115): Warning: <h5> anchor "Arguments" already defined
Routing.html:188:1 (Routing.Rd:127): Warning: <h5> anchor "Details" already defined
Routing.html:221:1 (Routing.Rd:153): Warning: <h5> anchor "Usage" already defined
Routing.html:227:1 (Routing.Rd:157): Warning: <h5> anchor "Arguments" already defined
Routing.html:245:1 (Routing.Rd:169): Warning: <h5> anchor "Details" already defined
Routing.html:262:1 (Routing.Rd:180): Warning: <h5> anchor "Usage" already defined
Routing.html:268:1 (Routing.Rd:184): Warning: <h5> anchor "Arguments" already defined
Routing.html:286:1 (Routing.Rd:196): Warning: <h5> anchor "Details" already defined
Routing.html:303:1 (Routing.Rd:207): Warning: <h5> anchor "Usage" already defined
Routing.html:309:1 (Routing.Rd:211): Warning: <h5> anchor "Arguments" already defined
Routing.html:327:1 (Routing.Rd:223): Warning: <h5> anchor "Details" already defined
Routing.html:344:1 (Routing.Rd:234): Warning: <h5> anchor "Usage" already defined
Routing.html:350:1 (Routing.Rd:238): Warning: <h5> anchor "Arguments" already defined
Routing.html:368:1 (Routing.Rd:250): Warning: <h5> anchor "Details" already defined
Routing.html:385:1 (Routing.Rd:261): Warning: <h5> anchor "Usage" already defined
Routing.html:391:1 (Routing.Rd:265): Warning: <h5> anchor "Arguments" already defined
Routing.html:409:1 (Routing.Rd:277): Warning: <h5> anchor "Details" already defined
Routing.html:426:1 (Routing.Rd:288): Warning: <h5> anchor "Usage" already defined
Routing.html:432:1 (Routing.Rd:292): Warning: <h5> anchor "Arguments" already defined
Routing.html:450:1 (Routing.Rd:304): Warning: <h5> anchor "Details" already defined
Routing.html:467:1 (Routing.Rd:315): Warning: <h5> anchor "Usage" already defined
Routing.html:473:1 (Routing.Rd:319): Warning: <h5> anchor "Arguments" already defined
Routing.html:488:1 (Routing.Rd:328): Warning: <h5> anchor "Details" already defined
Routing.html:495:1 (Routing.Rd:332): Warning: <h5> anchor "Examples" already defined
Routing.html:526:1 (Routing.Rd:359): Warning: <h5> anchor "Usage" already defined
Routing.html:532:1 (Routing.Rd:363): Warning: <h5> anchor "Details" already defined
Routing.html:547:1 (Routing.Rd:372): Warning: <h5> anchor "Usage" already defined
Routing.html:553:1 (Routing.Rd:376): Warning: <h5> anchor "Arguments" already defined
Routing.html:566:1 (Routing.Rd:383): Warning: <h5> anchor "Details" already defined
Routing.html:581:1 (Routing.Rd:392): Warning: <h5> anchor "Usage" already defined
Routing.html:587:1 (Routing.Rd:396): Warning: <h5> anchor "Arguments" already defined
Routing.html:605:1 (Routing.Rd:408): Warning: <h5> anchor "Details" already defined
Routing.html:620:1 (Routing.Rd:417): Warning: <h5> anchor "Usage" already defined
Routing.html:626:1 (Routing.Rd:421): Warning: <h5> anchor "Arguments" already defined
Routing.html:641:1 (Routing.Rd:430): Warning: <h5> anchor "Details" already defined
Routing.html:656:1 (Routing.Rd:439): Warning: <h5> anchor "Usage" already defined
Routing.html:662:1 (Routing.Rd:443): Warning: <h5> anchor "Arguments" already defined
Routing.html:675:1 (Routing.Rd:450): Warning: <h5> anchor "Details" already defined
Routing.html:690:1 (Routing.Rd:459): Warning: <h5> anchor "Usage" already defined
Routing.html:696:1 (Routing.Rd:463): Warning: <h5> anchor "Arguments" already defined
Routing.html:711:1 (Routing.Rd:472): Warning: <h5> anchor "Details" already defined
Routing.html:726:1 (Routing.Rd:481): Warning: <h5> anchor "Usage" already defined
Routing.html:732:1 (Routing.Rd:485): Warning: <h5> anchor "Details" already defined
Routing.html:749:1 (Routing.Rd:495): Warning: <h5> anchor "Usage" already defined
Routing.html:755:1 (Routing.Rd:499): Warning: <h5> anchor "Arguments" already defined
Websocket.html:98:1 (Websocket.Rd:93): Warning: <h5> anchor "Usage" already defined
Websocket.html:104:1 (Websocket.Rd:97): Warning: <h5> anchor "Arguments" already defined
Websocket.html:120:1 (Websocket.Rd:107): Warning: <h5> anchor "Details" already defined
Websocket.html:135:1 (Websocket.Rd:116): Warning: <h5> anchor "Usage" already defined
Websocket.html:141:1 (Websocket.Rd:120): Warning: <h5> anchor "Details" already defined
Websocket.html:158:1 (Websocket.Rd:130): Warning: <h5> anchor "Usage" already defined
Websocket.html:164:1 (Websocket.Rd:134): Warning: <h5> anchor "Arguments" already defined
Flavor: r-devel-linux-x86_64-debian-gcc