Last updated on 2025-10-21 09:48:25 CEST.
Flavor | Version | Tinstall | Tcheck | Ttotal | Status | Flags |
---|---|---|---|---|---|---|
r-devel-linux-x86_64-debian-clang | 1.0.0 | 13.95 | 155.29 | 169.24 | OK | |
r-devel-linux-x86_64-debian-gcc | 1.0.0 | 8.25 | 117.44 | 125.69 | NOTE | |
r-devel-linux-x86_64-fedora-clang | 1.0.0 | 283.15 | OK | |||
r-devel-linux-x86_64-fedora-gcc | 1.0.0 | 294.08 | OK | |||
r-devel-windows-x86_64 | 1.0.0 | 18.00 | 159.00 | 177.00 | OK | |
r-patched-linux-x86_64 | 1.0.0 | 11.73 | 149.81 | 161.54 | OK | |
r-release-linux-x86_64 | 1.0.0 | 11.67 | 148.27 | 159.94 | OK | |
r-release-macos-arm64 | 1.0.0 | 103.00 | OK | |||
r-release-macos-x86_64 | 1.0.0 | 165.00 | OK | |||
r-release-windows-x86_64 | 1.0.0 | 19.00 | 167.00 | 186.00 | OK | |
r-oldrel-macos-arm64 | 1.0.0 | 88.00 | OK | |||
r-oldrel-macos-x86_64 | 1.0.0 | 119.00 | OK | |||
r-oldrel-windows-x86_64 | 1.0.0 | 23.00 | 219.00 | 242.00 | OK |
Version: 1.0.0
Check: HTML version of manual
Result: NOTE
Found the following HTML validation problems:
deprecated-recur.html:109:1 (deprecated-recur.Rd:47): Warning: missing </ul> before </div>
Flavor: r-devel-linux-x86_64-debian-gcc