Last updated on 2025-10-21 09:48:25 CEST.
Flavor | Version | Tinstall | Tcheck | Ttotal | Status | Flags |
---|---|---|---|---|---|---|
r-devel-linux-x86_64-debian-clang | 0.1.0 | 3.82 | 37.67 | 41.49 | OK | |
r-devel-linux-x86_64-debian-gcc | 0.1.0 | 2.71 | 28.57 | 31.28 | NOTE | |
r-devel-linux-x86_64-fedora-clang | 0.1.0 | 60.45 | OK | |||
r-devel-linux-x86_64-fedora-gcc | 0.1.0 | 58.10 | OK | |||
r-devel-windows-x86_64 | 0.1.0 | 6.00 | 57.00 | 63.00 | OK | |
r-patched-linux-x86_64 | 0.1.0 | 3.59 | 33.93 | 37.52 | OK | |
r-release-linux-x86_64 | 0.1.0 | 3.77 | 34.65 | 38.42 | OK | |
r-release-macos-arm64 | 0.1.0 | 26.00 | OK | |||
r-release-macos-x86_64 | 0.1.0 | 41.00 | OK | |||
r-release-windows-x86_64 | 0.1.0 | 5.00 | 59.00 | 64.00 | OK | |
r-oldrel-macos-arm64 | 0.1.0 | 22.00 | NOTE | |||
r-oldrel-macos-x86_64 | 0.1.0 | 32.00 | NOTE | |||
r-oldrel-windows-x86_64 | 0.1.0 | 7.00 | 66.00 | 73.00 | NOTE |
Version: 0.1.0
Check: HTML version of manual
Result: NOTE
Found the following HTML validation problems:
assert.html:53:1 (assert.Rd:14): Warning: missing </ul> before </div>
assert_apikey.html:46:1 (assert_apikey.Rd:10): Warning: missing </ul> before </div>
assert_coordinates.html:50:1 (assert_coordinates.Rd:12): Warning: missing </ul> before </div>
assert_ids.html:46:1 (assert_ids.Rd:10): Warning: missing </ul> before </div>
print.airly_measurement.html:51:1 (print.airly_measurement.Rd:12): Warning: missing </ul> before </div>
validate_airly_api_response.html:48:1 (validate_airly_api_response.Rd:11): Warning: missing </ul> before </div>
validate_airly_location.html:48:1 (validate_airly_location.Rd:11): Warning: missing </ul> before </div>
validate_airly_measurement.html:48:1 (validate_airly_measurement.Rd:11): Warning: missing </ul> before </div>
validate_airly_meta.html:46:1 (validate_airly_meta.Rd:10): Warning: missing </ul> before </div>
Flavor: r-devel-linux-x86_64-debian-gcc
Version: 0.1.0
Check: LazyData
Result: NOTE
'LazyData' is specified without a 'data' directory
Flavors: r-oldrel-macos-arm64, r-oldrel-macos-x86_64, r-oldrel-windows-x86_64