Last updated on 2025-10-21 09:48:24 CEST.
Flavor | Version | Tinstall | Tcheck | Ttotal | Status | Flags |
---|---|---|---|---|---|---|
r-devel-linux-x86_64-debian-clang | 3.3-6 | 20.19 | 238.07 | 258.26 | OK | |
r-devel-linux-x86_64-debian-gcc | 3.3-6 | 16.74 | 169.02 | 185.76 | NOTE | |
r-devel-linux-x86_64-fedora-clang | 3.3-6 | 352.69 | OK | |||
r-devel-linux-x86_64-fedora-gcc | 3.3-6 | 368.50 | OK | |||
r-devel-windows-x86_64 | 3.3-6 | 51.00 | 490.00 | 541.00 | OK | |
r-patched-linux-x86_64 | 3.3-6 | 22.56 | 235.26 | 257.82 | OK | |
r-release-linux-x86_64 | 3.3-6 | 19.76 | 234.02 | 253.78 | OK | |
r-release-macos-arm64 | 3.3-6 | 154.00 | OK | |||
r-release-macos-x86_64 | 3.3-6 | 262.00 | OK | |||
r-release-windows-x86_64 | 3.3-6 | 46.00 | 494.00 | 540.00 | OK | |
r-oldrel-macos-arm64 | 3.3-6 | 127.00 | OK | |||
r-oldrel-macos-x86_64 | 3.3-6 | 275.00 | OK | |||
r-oldrel-windows-x86_64 | 3.3-6 | 48.00 | 482.00 | 530.00 | OK |
Version: 3.3-6
Check: top-level files
Result: NOTE
Found the following validation problem for the NEWS.Rd HTML conversion:
NEWS.html:86:1 (inst/NEWS.Rd:40): Warning: <h4> anchor "NEW-FEATURES" already defined
NEWS.html:99:1 (inst/NEWS.Rd:47): Warning: <h4> anchor "BUG-FIXES" already defined
NEWS.html:119:1 (inst/NEWS.Rd:59): Warning: <h4> anchor "OTHER-CHANGES" already defined
NEWS.html:134:1 (inst/NEWS.Rd:67): Warning: <h4> anchor "BUG-FIXES" already defined
NEWS.html:154:1 (inst/NEWS.Rd:78): Warning: <h4> anchor "BUG-FIXES" already defined
NEWS.html:191:1 (inst/NEWS.Rd:100): Warning: <h4> anchor "BUG-FIXES" already defined
NEWS.html:206:1 (inst/NEWS.Rd:109): Warning: <h4> anchor "OTHER-CHANGES" already defined
NEWS.html:222:1 (inst/NEWS.Rd:118): Warning: <h4> anchor "BUG-FIXES" already defined
NEWS.html:238:1 (inst/NEWS.Rd:127): Warning: <h4> anchor "NEW-FEATURES" already defined
NEWS.html:262:1 (inst/NEWS.Rd:140): Warning: <h4> anchor "BUG-FIXES" already defined
NEWS.html:278:1 (inst/NEWS.Rd:149): Warning: <h4> anchor "BUG-FIXES" already defined
NEWS.html:293:1 (inst/NEWS.Rd:157): Warning: <h4> anchor "NEW-FEATURES" already defined
NEWS.html:317:1 (inst/NEWS.Rd:171): Warning: <h4> anchor "BUG-FIXES" already defined
NEWS.html:340:1 (inst/NEWS.Rd:185): Warning: <h4> anchor "BUG-FIXES" already defined
NEWS.html:356:1 (inst/NEWS.Rd:194): Warning: <h4> anchor "BUG-FIXES" already defined
NEWS.html:379:1 (inst/NEWS.Rd:208): Warning: <h4> anchor "BUG-FIXES" already defined
NEWS.html:416:1 (inst/NEWS.Rd:230): Warning: <h4> anchor "BUG-FIXES" already defined
NEWS.html:432:1 (inst/NEWS.Rd:239): Warning: <h4> anchor "BUG-FIXES" already defined
NEWS.html:451:1 (inst/NEWS.Rd:252): Warning: <h4> anchor "USER-VISIBLE-CHANGES" already defined
NEWS.html:471:1 (inst/NEWS.Rd:263): Warning: <h4> anchor "NEW-FEATURES" already defined
NEWS.html:527:1 (inst/NEWS.Rd:303): Warning: <h4> anchor "BUG-FIXES" already defined
Flavor: r-devel-linux-x86_64-debian-gcc