Last updated on 2025-10-21 09:48:52 CEST.
Flavor | Version | Tinstall | Tcheck | Ttotal | Status | Flags |
---|---|---|---|---|---|---|
r-devel-linux-x86_64-debian-clang | 4.0.3 | 12.66 | 270.12 | 282.78 | OK | |
r-devel-linux-x86_64-debian-gcc | 4.0.3 | 7.57 | 169.87 | 177.44 | NOTE | |
r-devel-linux-x86_64-fedora-clang | 4.0.3 | 473.14 | OK | |||
r-devel-linux-x86_64-fedora-gcc | 4.0.3 | 430.29 | OK | |||
r-devel-windows-x86_64 | 4.0.3 | 12.00 | 229.00 | 241.00 | OK | |
r-patched-linux-x86_64 | 4.0.3 | 11.18 | 254.49 | 265.67 | OK | |
r-release-linux-x86_64 | 4.0.3 | 11.12 | 253.55 | 264.67 | OK | |
r-release-macos-arm64 | 4.0.3 | 116.00 | OK | |||
r-release-macos-x86_64 | 4.0.3 | 286.00 | OK | |||
r-release-windows-x86_64 | 4.0.3 | 13.00 | 233.00 | 246.00 | OK | |
r-oldrel-macos-arm64 | 4.0.3 | 112.00 | NOTE | |||
r-oldrel-macos-x86_64 | 4.0.3 | 170.00 | OK | |||
r-oldrel-windows-x86_64 | 4.0.3 | 17.00 | 325.00 | 342.00 | OK |
Version: 4.0.3
Check: top-level files
Result: NOTE
Found the following validation problem for the NEWS.Rd HTML conversion:
NEWS.html:488:1 (inst/NEWS.Rd:223): Warning: missing </ul> before </div>
NEWS.html:100:1 (inst/NEWS.Rd:39): Warning: <h4> anchor "BUG-FIXES" already defined
NEWS.html:118:1 (inst/NEWS.Rd:47): Warning: <h4> anchor "IMPROVEMENTS" already defined
NEWS.html:132:1 (inst/NEWS.Rd:53): Warning: <h4> anchor "BUG-FIXES" already defined
NEWS.html:147:1 (inst/NEWS.Rd:62): Warning: <h4> anchor "IMPROVEMENTS" already defined
NEWS.html:158:1 (inst/NEWS.Rd:67): Warning: <h4> anchor "BUG-FIXES" already defined
NEWS.html:173:1 (inst/NEWS.Rd:75): Warning: <h4> anchor "BUG-FIXES" already defined
NEWS.html:202:1 (inst/NEWS.Rd:90): Warning: <h4> anchor "IMPROVEMENTS" already defined
NEWS.html:220:1 (inst/NEWS.Rd:99): Warning: <h4> anchor "BUG-FIXES" already defined
NEWS.html:253:1 (inst/NEWS.Rd:114): Warning: <h4> anchor "IMPROVEMENTS" already defined
NEWS.html:264:1 (inst/NEWS.Rd:121): Warning: <h3> anchor "Changes-in-version-3.1.7" already defined
NEWS.html:268:1 (inst/NEWS.Rd:122): Warning: <h4> anchor "IMPROVEMENTS" already defined
NEWS.html:286:1 (inst/NEWS.Rd:131): Warning: <h4> anchor "IMPROVEMENTS" already defined
NEWS.html:301:1 (inst/NEWS.Rd:139): Warning: <h4> anchor "IMPROVEMENTS" already defined
NEWS.html:322:1 (inst/NEWS.Rd:149): Warning: <h4> anchor "BUG-FIXES" already defined
NEWS.html:337:1 (inst/NEWS.Rd:157): Warning: <h4> anchor "BUG-FIXES" already defined
NEWS.html:355:1 (inst/NEWS.Rd:166): Warning: <h4> anchor "NEW-FEATURES" already defined
NEWS.html:372:1 (inst/NEWS.Rd:173): Warning: <h4> anchor "BUG-FIXES" already defined
NEWS.html:412:1 (inst/NEWS.Rd:191): Warning: <h4> anchor "NEW-FEATURES" already defined
NEWS.html:463:1 (inst/NEWS.Rd:214): Warning: <h4> anchor "BUG-FIXES" already defined
Flavor: r-devel-linux-x86_64-debian-gcc
Version: 4.0.3
Check: package dependencies
Result: NOTE
Package suggested but not available for checking: ‘glmmTMB’
Flavor: r-oldrel-macos-arm64