Last updated on 2025-10-21 09:48:52 CEST.
Flavor | Version | Tinstall | Tcheck | Ttotal | Status | Flags |
---|---|---|---|---|---|---|
r-devel-linux-x86_64-debian-clang | 1.4.4 | 9.66 | 127.08 | 136.74 | OK | |
r-devel-linux-x86_64-debian-gcc | 1.4.4 | 8.21 | 93.46 | 101.67 | NOTE | |
r-devel-linux-x86_64-fedora-clang | 1.4.4 | 213.60 | OK | |||
r-devel-linux-x86_64-fedora-gcc | 1.4.4 | 216.02 | OK | |||
r-devel-windows-x86_64 | 1.4.4 | 13.00 | 132.00 | 145.00 | OK | |
r-patched-linux-x86_64 | 1.4.4 | 11.24 | 122.72 | 133.96 | OK | |
r-release-linux-x86_64 | 1.4.4 | 11.14 | 121.16 | 132.30 | OK | |
r-release-macos-arm64 | 1.4.4 | 66.00 | OK | |||
r-release-macos-x86_64 | 1.4.4 | 148.00 | OK | |||
r-release-windows-x86_64 | 1.4.4 | 13.00 | 134.00 | 147.00 | OK | |
r-oldrel-macos-arm64 | 1.4.4 | 68.00 | OK | |||
r-oldrel-macos-x86_64 | 1.4.4 | 155.00 | OK | |||
r-oldrel-windows-x86_64 | 1.4.4 | 17.00 | 167.00 | 184.00 | OK |
Version: 1.4.4
Check: HTML version of manual
Result: NOTE
Found the following HTML validation problems:
dot-onLoad.html:53:1 (dot-onLoad.Rd:14): Warning: missing </ul> before </div>
powfun2simple.html:46:1 (powfun2simple.Rd:10): Warning: missing </ul> before </div>
powfun3.html:46:1 (powfun3.Rd:10): Warning: missing </ul> before </div>
powfun3simple.html:46:1 (powfun3simple.Rd:10): Warning: missing </ul> before </div>
powfun4.html:50:1 (powfun4.Rd:12): Warning: missing </ul> before </div>
powfun4simple.html:50:1 (powfun4simple.Rd:12): Warning: missing </ul> before </div>
powfun5.html:46:1 (powfun5.Rd:10): Warning: missing </ul> before </div>
powfun5simple.html:50:1 (powfun5simple.Rd:12): Warning: missing </ul> before </div>
powfun6.html:46:1 (powfun6.Rd:10): Warning: missing </ul> before </div>
powfun6simple.html:46:1 (powfun6simple.Rd:10): Warning: missing </ul> before </div>
powfun7.html:46:1 (powfun7.Rd:10): Warning: missing </ul> before </div>
powfun7simple.html:46:1 (powfun7simple.Rd:10): Warning: missing </ul> before </div>
powfun8.html:54:1 (powfun8.Rd:14): Warning: missing </ul> before </div>
powfun8simple.html:46:1 (powfun8simple.Rd:10): Warning: missing </ul> before </div>
powfun9simple.html:46:1 (powfun9simple.Rd:10): Warning: missing </ul> before </div>
Flavor: r-devel-linux-x86_64-debian-gcc