Last updated on 2025-10-21 09:48:52 CEST.
Flavor | Version | Tinstall | Tcheck | Ttotal | Status | Flags |
---|---|---|---|---|---|---|
r-devel-linux-x86_64-debian-clang | 1.5.2 | 17.07 | 312.20 | 329.27 | OK | |
r-devel-linux-x86_64-debian-gcc | 1.5.2 | 12.11 | 257.56 | 269.67 | NOTE | |
r-devel-linux-x86_64-fedora-clang | 1.5.2 | 494.23 | OK | |||
r-devel-linux-x86_64-fedora-gcc | 1.5.2 | 507.54 | OK | |||
r-devel-windows-x86_64 | 1.5.2 | 20.00 | 306.00 | 326.00 | OK | |
r-patched-linux-x86_64 | 1.5.2 | 18.81 | 306.74 | 325.55 | OK | |
r-release-linux-x86_64 | 1.5.2 | 14.92 | 304.31 | 319.23 | OK | |
r-release-macos-arm64 | 1.5.2 | 161.00 | OK | |||
r-release-macos-x86_64 | 1.5.2 | 383.00 | OK | |||
r-release-windows-x86_64 | 1.5.2 | 22.00 | 308.00 | 330.00 | OK | |
r-oldrel-macos-arm64 | 1.5.2 | 166.00 | OK | |||
r-oldrel-macos-x86_64 | 1.5.2 | 380.00 | OK | |||
r-oldrel-windows-x86_64 | 1.5.2 | 27.00 | 394.00 | 421.00 | OK |
Version: 1.5.2
Check: HTML version of manual
Result: NOTE
Found the following HTML validation problems:
model.matrix.VCA.html:53:1 (model.matrix.VCA.Rd:12): Warning: missing </ul> before </div>
print.VCA.html:55:1 (print.VCA.Rd:14): Warning: missing </ul> before </div>
Flavor: r-devel-linux-x86_64-debian-gcc