Last updated on 2025-10-21 09:48:52 CEST.
Flavor | Version | Tinstall | Tcheck | Ttotal | Status | Flags |
---|---|---|---|---|---|---|
r-devel-linux-x86_64-debian-clang | 0.2 | 10.43 | 84.43 | 94.86 | OK | |
r-devel-linux-x86_64-debian-gcc | 0.2 | 6.84 | 58.78 | 65.62 | NOTE | |
r-devel-linux-x86_64-fedora-clang | 0.2 | 143.39 | OK | |||
r-devel-linux-x86_64-fedora-gcc | 0.2 | 138.61 | OK | |||
r-devel-windows-x86_64 | 0.2 | 11.00 | 87.00 | 98.00 | OK | |
r-patched-linux-x86_64 | 0.2 | 10.31 | 78.52 | 88.83 | OK | |
r-release-linux-x86_64 | 0.2 | 9.88 | 78.44 | 88.32 | OK | |
r-release-macos-arm64 | 0.2 | 39.00 | OK | |||
r-release-macos-x86_64 | 0.2 | 74.00 | OK | |||
r-release-windows-x86_64 | 0.2 | 13.00 | 91.00 | 104.00 | OK | |
r-oldrel-macos-arm64 | 0.2 | 36.00 | NOTE | |||
r-oldrel-macos-x86_64 | 0.2 | 60.00 | NOTE | |||
r-oldrel-windows-x86_64 | 0.2 | 16.00 | 113.00 | 129.00 | NOTE |
Version: 0.2
Check: HTML version of manual
Result: NOTE
Found the following HTML validation problems:
censor_surv.html:56:1 (censor_surv.Rd:13): Warning: missing </ul> before </div>
censordata.html:85:1 (censordata.Rd:24): Warning: missing </ul> before </div>
column_freq.html:56:1 (column_freq.Rd:14): Warning: missing </ul> before </div>
objfunction.html:78:1 (objfunction.Rd:18): Warning: missing </ul> before </div>
objfunction_betapw.html:78:1 (objfunction_betapw.Rd:18): Warning: missing </ul> before </div>
projection.html:94:1 (projection.Rd:25): Warning: missing </ul> before </div>
projection_simulation.html:99:1 (projection_simulation.Rd:31): Warning: missing </ul> before </div>
randomize_trt.html:61:1 (randomize_trt.Rd:17): Warning: missing </ul> before </div>
randomize_trt2.html:57:1 (randomize_trt2.Rd:17): Warning: missing </ul> before </div>
trial_data_simulation.html:61:1 (trial_data_simulation.Rd:18): Warning: missing </ul> before </div>
weibullsim_betapw.html:64:1 (weibullsim_betapw.Rd:18): Warning: missing </ul> before </div>
weibullsim_pw.html:64:1 (weibullsim_pw.Rd:16): Warning: missing </ul> before </div>
Flavor: r-devel-linux-x86_64-debian-gcc
Version: 0.2
Check: LazyData
Result: NOTE
'LazyData' is specified without a 'data' directory
Flavors: r-oldrel-macos-arm64, r-oldrel-macos-x86_64, r-oldrel-windows-x86_64