Last updated on 2025-10-21 09:48:51 CEST.
Flavor | Version | Tinstall | Tcheck | Ttotal | Status | Flags |
---|---|---|---|---|---|---|
r-devel-linux-x86_64-debian-clang | 1.0.0 | 13.42 | 323.85 | 337.27 | OK | |
r-devel-linux-x86_64-debian-gcc | 1.0.0 | 9.94 | 205.61 | 215.55 | NOTE | |
r-devel-linux-x86_64-fedora-clang | 1.0.0 | 579.80 | OK | |||
r-devel-linux-x86_64-fedora-gcc | 1.0.0 | 558.60 | OK | |||
r-devel-windows-x86_64 | 1.0.0 | 15.00 | 347.00 | 362.00 | OK | |
r-patched-linux-x86_64 | 1.0.0 | 14.27 | 311.54 | 325.81 | OK | |
r-release-linux-x86_64 | 1.0.0 | 13.20 | 312.46 | 325.66 | OK | |
r-release-macos-arm64 | 1.0.0 | 131.00 | OK | |||
r-release-macos-x86_64 | 1.0.0 | 274.00 | OK | |||
r-release-windows-x86_64 | 1.0.0 | 16.00 | 347.00 | 363.00 | OK | |
r-oldrel-macos-arm64 | 1.0.0 | 140.00 | OK | |||
r-oldrel-macos-x86_64 | 1.0.0 | 286.00 | OK | |||
r-oldrel-windows-x86_64 | 1.0.0 | 20.00 | 435.00 | 455.00 | OK |
Version: 1.0.0
Check: HTML version of manual
Result: NOTE
Found the following HTML validation problems:
OneToN.html:63:1 (OneToN.Rd:19): Warning: missing </ul> before </div>
maximumTreat.html:58:1 (maximumTreat.Rd:14): Warning: missing </ul> before </div>
parallel.plot.html:50:1 (parallel.plot.Rd:12): Warning: missing </ul> before </div>
perpPt.html:56:1 (perpPt.Rd:15): Warning: missing </ul> before </div>
plot.balance.plots.html:69:1 (plot.balance.plots.Rd:22): Warning: missing </ul> before </div>
print.balance.plots.html:52:1 (print.balance.plots.Rd:13): Warning: missing </ul> before </div>
print.triangle.plot.html:55:1 (print.triangle.plot.Rd:14): Warning: missing </ul> before </div>
print.trimatch.summary.html:53:1 (print.trimatch.summary.Rd:13): Warning: missing </ul> before </div>
segment1.html:48:1 (segment1.Rd:11): Warning: missing </ul> before </div>
segment2.html:48:1 (segment2.Rd:11): Warning: missing </ul> before </div>
star.html:47:1 (star.Rd:10): Warning: missing </ul> before </div>
summary.triangle.psa.html:53:1 (summary.triangle.psa.Rd:12): Warning: missing </ul> before </div>
trimatch.apply2.html:80:1 (trimatch.apply2.Rd:31): Warning: missing </ul> before </div>
Flavor: r-devel-linux-x86_64-debian-gcc