Last updated on 2025-10-21 09:48:51 CEST.
Flavor | Version | Tinstall | Tcheck | Ttotal | Status | Flags |
---|---|---|---|---|---|---|
r-devel-linux-x86_64-debian-clang | 1.9.18 | 78.42 | 74.85 | 153.27 | OK | |
r-devel-linux-x86_64-debian-gcc | 1.9.18 | 63.42 | 56.74 | 120.16 | NOTE | |
r-devel-linux-x86_64-fedora-clang | 1.9.18 | 232.74 | OK | |||
r-devel-linux-x86_64-fedora-gcc | 1.9.18 | 279.86 | OK | |||
r-devel-windows-x86_64 | 1.9.18 | 111.00 | 201.00 | 312.00 | OK | |
r-patched-linux-x86_64 | 1.9.18 | 89.88 | 74.83 | 164.71 | OK | |
r-release-linux-x86_64 | 1.9.18 | 93.03 | 75.54 | 168.57 | OK | |
r-release-macos-arm64 | 1.9.18 | 74.00 | OK | |||
r-release-macos-x86_64 | 1.9.18 | 146.00 | OK | |||
r-release-windows-x86_64 | 1.9.18 | 116.00 | 102.00 | 218.00 | OK | |
r-oldrel-macos-arm64 | 1.9.18 | 71.00 | NOTE | |||
r-oldrel-macos-x86_64 | 1.9.18 | 149.00 | NOTE | |||
r-oldrel-windows-x86_64 | 1.9.18 | 127.00 | 116.00 | 243.00 | NOTE |
Version: 1.9.18
Check: HTML version of manual
Result: NOTE
Found the following HTML validation problems:
GK.html:48:1 (GK.Rd:10): Warning: missing </ul> before </div>
SR.html:52:1 (SR.Rd:12): Warning: missing </ul> before </div>
plot.tmbprofile.html:59:1 (plot.tmbprofile.Rd:16): Warning: missing </ul> before </div>
print.checkConsistency.html:51:1 (print.checkConsistency.Rd:12): Warning: missing </ul> before </div>
print.sdreport.html:52:1 (print.sdreport.Rd:12): Warning: missing </ul> before </div>
runExample.html:83:1 (runExample.Rd:33): Warning: missing </ul> before </div>
runSymbolicAnalysis.html:49:1 (runSymbolicAnalysis.Rd:10): Warning: missing </ul> before </div>
Flavor: r-devel-linux-x86_64-debian-gcc
Version: 1.9.18
Check: installed package size
Result: NOTE
installed size is 16.6Mb
sub-directories of 1Mb or more:
examples 12.4Mb
include 3.6Mb
Flavors: r-oldrel-macos-arm64, r-oldrel-macos-x86_64, r-oldrel-windows-x86_64