Last updated on 2025-10-21 09:48:49 CEST.
Flavor | Version | Tinstall | Tcheck | Ttotal | Status | Flags |
---|---|---|---|---|---|---|
r-devel-linux-x86_64-debian-clang | 1.0.0 | 3.74 | 305.54 | 309.28 | OK | |
r-devel-linux-x86_64-debian-gcc | 1.0.0 | 3.02 | 184.68 | 187.70 | NOTE | |
r-devel-linux-x86_64-fedora-clang | 1.0.0 | 532.89 | OK | |||
r-devel-linux-x86_64-fedora-gcc | 1.0.0 | 506.98 | OK | |||
r-devel-windows-x86_64 | 1.0.0 | 6.00 | 400.00 | 406.00 | OK | |
r-patched-linux-x86_64 | 1.0.0 | 4.66 | 287.29 | 291.95 | OK | |
r-release-linux-x86_64 | 1.0.0 | 3.99 | 289.61 | 293.60 | OK | |
r-release-macos-arm64 | 1.0.0 | 143.00 | OK | |||
r-release-macos-x86_64 | 1.0.0 | 269.00 | OK | |||
r-release-windows-x86_64 | 1.0.0 | 6.00 | 296.00 | 302.00 | OK | |
r-oldrel-macos-arm64 | 1.0.0 | 121.00 | OK | |||
r-oldrel-macos-x86_64 | 1.0.0 | 280.00 | OK | |||
r-oldrel-windows-x86_64 | 1.0.0 | 7.00 | 458.00 | 465.00 | OK |
Version: 1.0.0
Check: HTML version of manual
Result: NOTE
Found the following HTML validation problems:
AB.html:64:1 (AB.Rd:20): Warning: missing </ul> before </div>
abundance_dataframe.html:62:1 (abundance_dataframe.Rd:19): Warning: missing </ul> before </div>
check_parameters.html:173:1 (check_parameters.Rd:96): Warning: missing </ul> before </div>
filter_na_empty.html:56:1 (filter_na_empty.Rd:16): Warning: missing </ul> before </div>
generate_stat_per_rand.html:75:1 (generate_stat_per_rand.Rd:31): Warning: missing </ul> before </div>
get_abundance_df.html:85:1 (get_abundance_df.Rd:37): Warning: missing </ul> before </div>
get_weighted_mnts.html:87:1 (get_weighted_mnts.Rd:39): Warning: missing </ul> before </div>
load_depending_on_format.html:55:1 (load_depending_on_format.Rd:15): Warning: missing </ul> before </div>
load_tad_table.html:77:1 (load_tad_table.Rd:31): Warning: missing </ul> before </div>
save_obs_df.html:75:1 (save_obs_df.Rd:31): Warning: missing </ul> before </div>
skr_ses_dataframe.html:48:1 (skr_ses_dataframe.Rd:12): Warning: missing </ul> before </div>
stat_per_obs_dataframe.html:86:1 (stat_per_obs_dataframe.Rd:31): Warning: missing </ul> before </div>
stat_per_rand_dataframe.html:69:1 (stat_per_rand_dataframe.Rd:22): Warning: missing </ul> before </div>
trait.html:55:1 (trait.Rd:15): Warning: missing </ul> before </div>
weighted_moments_dataframe.html:48:1 (weighted_moments_dataframe.Rd:12): Warning: missing </ul> before </div>
Flavor: r-devel-linux-x86_64-debian-gcc