Last updated on 2025-10-21 09:48:49 CEST.
Flavor | Version | Tinstall | Tcheck | Ttotal | Status | Flags |
---|---|---|---|---|---|---|
r-devel-linux-x86_64-debian-clang | 2.0.4 | 52.26 | 138.29 | 190.55 | OK | |
r-devel-linux-x86_64-debian-gcc | 2.0.4 | 37.48 | 132.67 | 170.15 | NOTE | |
r-devel-linux-x86_64-fedora-clang | 2.0.4 | 337.94 | OK | |||
r-devel-linux-x86_64-fedora-gcc | 2.0.4 | 348.30 | OK | |||
r-devel-windows-x86_64 | 2.0.4 | 67.00 | 197.00 | 264.00 | OK | |
r-patched-linux-x86_64 | 2.0.4 | 57.62 | 180.17 | 237.79 | OK | |
r-release-linux-x86_64 | 2.0.4 | 55.43 | 178.17 | 233.60 | OK | |
r-release-macos-arm64 | 2.0.4 | 168.00 | OK | |||
r-release-macos-x86_64 | 2.0.4 | 283.00 | OK | |||
r-release-windows-x86_64 | 2.0.4 | 69.00 | 200.00 | 269.00 | OK | |
r-oldrel-macos-arm64 | 2.0.4 | 211.00 | NOTE | |||
r-oldrel-macos-x86_64 | 2.0.4 | 281.00 | NOTE | |||
r-oldrel-windows-x86_64 | 2.0.4 | 80.00 | 265.00 | 345.00 | OK |
Version: 2.0.4
Check: HTML version of manual
Result: NOTE
Found the following HTML validation problems:
Circulant.html:391:1 (Circulant.Rd:206): Warning: missing </ul> before </div>
Circulant.html:121:1 (Circulant.Rd:54): Warning: <h5> anchor "Usage" already defined
Circulant.html:127:1 (Circulant.Rd:58): Warning: <h5> anchor "Returns" already defined
Circulant.html:144:1 (Circulant.Rd:67): Warning: <h5> anchor "Usage" already defined
Circulant.html:150:1 (Circulant.Rd:71): Warning: <h5> anchor "Arguments" already defined
Circulant.html:173:1 (Circulant.Rd:84): Warning: <h5> anchor "Usage" already defined
Circulant.html:179:1 (Circulant.Rd:88): Warning: <h5> anchor "Returns" already defined
Circulant.html:198:1 (Circulant.Rd:99): Warning: <h5> anchor "Usage" already defined
Circulant.html:204:1 (Circulant.Rd:103): Warning: <h5> anchor "Arguments" already defined
Circulant.html:227:1 (Circulant.Rd:116): Warning: <h5> anchor "Usage" already defined
Circulant.html:233:1 (Circulant.Rd:120): Warning: <h5> anchor "Returns" already defined
Circulant.html:250:1 (Circulant.Rd:129): Warning: <h5> anchor "Usage" already defined
Circulant.html:256:1 (Circulant.Rd:133): Warning: <h5> anchor "Returns" already defined
Circulant.html:273:1 (Circulant.Rd:142): Warning: <h5> anchor "Usage" already defined
Circulant.html:279:1 (Circulant.Rd:146): Warning: <h5> anchor "Arguments" already defined
Circulant.html:292:1 (Circulant.Rd:153): Warning: <h5> anchor "Returns" already defined
Circulant.html:309:1 (Circulant.Rd:162): Warning: <h5> anchor "Usage" already defined
Circulant.html:315:1 (Circulant.Rd:166): Warning: <h5> anchor "Arguments" already defined
Circulant.html:328:1 (Circulant.Rd:173): Warning: <h5> anchor "Returns" already defined
Circulant.html:345:1 (Circulant.Rd:182): Warning: <h5> anchor "Usage" already defined
Circulant.html:351:1 (Circulant.Rd:186): Warning: <h5> anchor "Returns" already defined
Circulant.html:368:1 (Circulant.Rd:195): Warning: <h5> anchor "Usage" already defined
Circulant.html:374:1 (Circulant.Rd:199): Warning: <h5> anchor "Arguments" already defined
NormalCirculant.html:242:1 (NormalCirculant.Rd:130): Warning: missing </ul> before </div>
NormalCirculant.html:106:1 (NormalCirculant.Rd:53): Warning: <h5> anchor "Usage" already defined
NormalCirculant.html:112:1 (NormalCirculant.Rd:57): Warning: <h5> anchor "Returns" already defined
NormalCirculant.html:129:1 (NormalCirculant.Rd:66): Warning: <h5> anchor "Usage" already defined
NormalCirculant.html:135:1 (NormalCirculant.Rd:70): Warning: <h5> anchor "Arguments" already defined
NormalCirculant.html:150:1 (NormalCirculant.Rd:79): Warning: <h5> anchor "Returns" already defined
NormalCirculant.html:167:1 (NormalCirculant.Rd:88): Warning: <h5> anchor "Usage" already defined
NormalCirculant.html:173:1 (NormalCirculant.Rd:92): Warning: <h5> anchor "Arguments" already defined
NormalCirculant.html:192:1 (NormalCirculant.Rd:105): Warning: <h5> anchor "Returns" already defined
NormalCirculant.html:219:1 (NormalCirculant.Rd:119): Warning: <h5> anchor "Usage" already defined
NormalCirculant.html:225:1 (NormalCirculant.Rd:123): Warning: <h5> anchor "Arguments" already defined
NormalToeplitz.html:337:1 (NormalToeplitz.Rd:188): Warning: missing </ul> before </div>
NormalToeplitz.html:109:1 (NormalToeplitz.Rd:51): Warning: <h5> anchor "Usage" already defined
NormalToeplitz.html:115:1 (NormalToeplitz.Rd:55): Warning: <h5> anchor "Returns" already defined
NormalToeplitz.html:132:1 (NormalToeplitz.Rd:64): Warning: <h5> anchor "Usage" already defined
NormalToeplitz.html:138:1 (NormalToeplitz.Rd:68): Warning: <h5> anchor "Arguments" already defined
NormalToeplitz.html:153:1 (NormalToeplitz.Rd:77): Warning: <h5> anchor "Returns" already defined
NormalToeplitz.html:170:1 (NormalToeplitz.Rd:86): Warning: <h5> anchor "Usage" already defined
NormalToeplitz.html:176:1 (NormalToeplitz.Rd:90): Warning: <h5> anchor "Arguments" already defined
NormalToeplitz.html:197:1 (NormalToeplitz.Rd:105): Warning: <h5> anchor "Returns" already defined
NormalToeplitz.html:214:1 (NormalToeplitz.Rd:114): Warning: <h5> anchor "Usage" already defined
NormalToeplitz.html:220:1 (NormalToeplitz.Rd:118): Warning: <h5> anchor "Arguments" already defined
NormalToeplitz.html:245:1 (NormalToeplitz.Rd:137): Warning: <h5> anchor "Returns" already defined
NormalToeplitz.html:262:1 (NormalToeplitz.Rd:146): Warning: <h5> anchor "Usage" already defined
NormalToeplitz.html:268:1 (NormalToeplitz.Rd:150): Warning: <h5> anchor "Arguments" already defined
NormalToeplitz.html:287:1 (NormalToeplitz.Rd:163): Warning: <h5> anchor "Returns" already defined
NormalToeplitz.html:314:1 (NormalToeplitz.Rd:177): Warning: <h5> anchor "Usage" already defined
NormalToeplitz.html:320:1 (NormalToeplitz.Rd:181): Warning: <h5> anchor "Arguments" already defined
Toeplitz.html:153:1 (Toeplitz.Rd:101): Warning: <h5> anchor "Usage" already defined
Toeplitz.html:169:1 (Toeplitz.Rd:111): Warning: <h5> anchor "Usage" already defined
Toeplitz.html:175:1 (Toeplitz.Rd:115): Warning: <h5> anchor "Returns" already defined
Toeplitz.html:192:1 (Toeplitz.Rd:124): Warning: <h5> anchor "Usage" already defined
Toeplitz.html:198:1 (Toeplitz.Rd:128): Warning: <h5> anchor "Arguments" already defined
Toeplitz.html:221:1 (Toeplitz.Rd:141): Warning: <h5> anchor "Usage" already defined
Toeplitz.html:227:1 (Toeplitz.Rd:145): Warning: <h5> anchor "Returns" already defined
Toeplitz.html:244:1 (Toeplitz.Rd:154): Warning: <h5> anchor "Usage" already defined
Toeplitz.html:250:1 (Toeplitz.Rd:158): Warning: <h5> anchor "Returns" already defined
Toeplitz.html:267:1 (Toeplitz.Rd:167): Warning: <h5> anchor "Usage" already defined
Toeplitz.html:273:1 (Toeplitz.Rd:171): Warning: <h5> anchor "Arguments" already defined
Toeplitz.html:286:1 (Toeplitz.Rd:178): Warning: <h5> anchor "Returns" already defined
Toeplitz.html:303:1 (Toeplitz.Rd:187): Warning: <h5> anchor "Usage" already defined
Toeplitz.html:309:1 (Toeplitz.Rd:191): Warning: <h5> anchor "Arguments" already defined
Toeplitz.html:326:1 (Toeplitz.Rd:202): Warning: <h5> anchor "Returns" already defined
Toeplitz.html:343:1 (Toeplitz.Rd:211): Warning: <h5> anchor "Usage" already defined
Toeplitz.html:349:1 (Toeplitz.Rd:215): Warning: <h5> anchor "Returns" already defined
Toeplitz.html:366:1 (Toeplitz.Rd:224): Warning: <h5> anchor "Usage" already defined
Toeplitz.html:372:1 (Toeplitz.Rd:228): Warning: <h5> anchor "Arguments" already defined
Toeplitz.html:385:1 (Toeplitz.Rd:235): Warning: <h5> anchor "Returns" already defined
Toeplitz.html:406:1 (Toeplitz.Rd:249): Warning: <h5> anchor "Usage" already defined
Toeplitz.html:412:1 (Toeplitz.Rd:253): Warning: <h5> anchor "Arguments" already defined
Toeplitz.html:427:1 (Toeplitz.Rd:262): Warning: <h5> anchor "Returns" already defined
Toeplitz.html:448:1 (Toeplitz.Rd:276): Warning: <h5> anchor "Usage" already defined
Toeplitz.html:454:1 (Toeplitz.Rd:280): Warning: <h5> anchor "Arguments" already defined
Flavor: r-devel-linux-x86_64-debian-gcc
Version: 2.0.4
Check: installed package size
Result: NOTE
installed size is 8.0Mb
sub-directories of 1Mb or more:
libs 7.2Mb
Flavors: r-oldrel-macos-arm64, r-oldrel-macos-x86_64