Last updated on 2025-10-21 09:48:48 CEST.
Flavor | Version | Tinstall | Tcheck | Ttotal | Status | Flags |
---|---|---|---|---|---|---|
r-devel-linux-x86_64-debian-clang | 1.5.1 | 11.03 | 82.88 | 93.91 | OK | |
r-devel-linux-x86_64-debian-gcc | 1.5.1 | 7.02 | 57.03 | 64.05 | NOTE | |
r-devel-linux-x86_64-fedora-clang | 1.5.1 | 143.40 | OK | |||
r-devel-linux-x86_64-fedora-gcc | 1.5.1 | 137.47 | OK | |||
r-devel-windows-x86_64 | 1.5.1 | 11.00 | 92.00 | 103.00 | OK | |
r-patched-linux-x86_64 | 1.5.1 | 11.43 | 79.36 | 90.79 | OK | |
r-release-linux-x86_64 | 1.5.1 | 10.00 | 78.74 | 88.74 | OK | |
r-release-macos-arm64 | 1.5.1 | 39.00 | OK | |||
r-release-macos-x86_64 | 1.5.1 | 78.00 | OK | |||
r-release-windows-x86_64 | 1.5.1 | 11.00 | 97.00 | 108.00 | OK | |
r-oldrel-macos-arm64 | 1.5.1 | 45.00 | OK | |||
r-oldrel-macos-x86_64 | 1.5.1 | 94.00 | OK | |||
r-oldrel-windows-x86_64 | 1.5.1 | 14.00 | 113.00 | 127.00 | OK |
Version: 1.5.1
Check: HTML version of manual
Result: NOTE
Found the following HTML validation problems:
is.splinets-methods.html:48:1 (is.splinets-methods.Rd:10): Warning: missing </ul> before </div>
Flavor: r-devel-linux-x86_64-debian-gcc