Last updated on 2025-10-21 09:48:48 CEST.
Flavor | Version | Tinstall | Tcheck | Ttotal | Status | Flags |
---|---|---|---|---|---|---|
r-devel-linux-x86_64-debian-clang | 1.0.3 | 45.47 | 456.68 | 502.15 | NOTE | |
r-devel-linux-x86_64-debian-gcc | 1.0.3 | 32.72 | 312.57 | 345.29 | NOTE | |
r-devel-linux-x86_64-fedora-clang | 1.0.3 | 845.77 | NOTE | |||
r-devel-linux-x86_64-fedora-gcc | 1.0.3 | 770.55 | NOTE | |||
r-devel-windows-x86_64 | 1.0.3 | 55.00 | 553.00 | 608.00 | NOTE | |
r-patched-linux-x86_64 | 1.0.3 | 43.57 | 425.45 | 469.02 | NOTE | |
r-release-linux-x86_64 | 1.0.3 | 42.64 | 428.76 | 471.40 | NOTE | |
r-release-macos-arm64 | 1.0.3 | 184.00 | NOTE | |||
r-release-macos-x86_64 | 1.0.3 | 354.00 | NOTE | |||
r-release-windows-x86_64 | 1.0.3 | 56.00 | 642.00 | 698.00 | NOTE | |
r-oldrel-macos-arm64 | 1.0.3 | 137.00 | OK | |||
r-oldrel-macos-x86_64 | 1.0.3 | 228.00 | OK | |||
r-oldrel-windows-x86_64 | 1.0.3 | 65.00 | 673.00 | 738.00 | OK |
Version: 1.0.3
Check: DESCRIPTION meta-information
Result: NOTE
Missing dependency on R >= 4.1.0 because package code uses the pipe
|> or function shorthand \(...) syntax added in R 4.1.0.
File(s) using such syntax:
‘dnnModel.R’ ‘interGradientsDL.R’ ‘loadData.R’ ‘spatialClustering.R’
Flavors: r-devel-linux-x86_64-debian-clang, r-devel-linux-x86_64-debian-gcc, r-devel-linux-x86_64-fedora-clang, r-devel-linux-x86_64-fedora-gcc, r-devel-windows-x86_64, r-patched-linux-x86_64, r-release-linux-x86_64, r-release-macos-arm64, r-release-macos-x86_64, r-release-windows-x86_64
Version: 1.0.3
Check: HTML version of manual
Result: NOTE
Found the following HTML validation problems:
cell.names.html:55:1 (cell.names.Rd:20): Warning: missing </ul> before </div>
cell.types.html:55:1 (cell.types.Rd:20): Warning: missing </ul> before </div>
deconv.spots.html:61:1 (deconv.spots.Rd:24): Warning: missing </ul> before </div>
features.html:55:1 (features.Rd:20): Warning: missing </ul> before </div>
method.html:55:1 (method.Rd:20): Warning: missing </ul> before </div>
mixed.profiles.html:61:1 (mixed.profiles.Rd:24): Warning: missing </ul> before </div>
model.html:55:1 (model.Rd:20): Warning: missing </ul> before </div>
plots.html:55:1 (plots.Rd:20): Warning: missing </ul> before </div>
prob.cell.types.html:60:1 (prob.cell.types.Rd:23): Warning: missing </ul> before </div>
prob.matrix.html:54:1 (prob.matrix.Rd:19): Warning: missing </ul> before </div>
project.html:54:1 (project.Rd:19): Warning: missing </ul> before </div>
set.html:55:1 (set.Rd:20): Warning: missing </ul> before </div>
set.list.html:54:1 (set.list.Rd:19): Warning: missing </ul> before </div>
single.cell.real.html:55:1 (single.cell.real.Rd:20): Warning: missing </ul> before </div>
single.cell.simul.html:55:1 (single.cell.simul.Rd:20): Warning: missing </ul> before </div>
spatial.experiments.html:63:1 (spatial.experiments.Rd:26): Warning: missing </ul> before </div>
test.deconv.metrics.html:59:1 (test.deconv.metrics.Rd:22): Warning: missing </ul> before </div>
test.metrics.html:54:1 (test.metrics.Rd:19): Warning: missing </ul> before </div>
test.pred.html:54:1 (test.pred.Rd:19): Warning: missing </ul> before </div>
trained.model.html:54:1 (trained.model.Rd:19): Warning: missing </ul> before </div>
training.history.html:55:1 (training.history.Rd:20): Warning: missing </ul> before </div>
zinb.params.html:55:1 (zinb.params.Rd:20): Warning: missing </ul> before </div>
zinbwave.model.html:55:1 (zinbwave.model.Rd:20): Warning: missing </ul> before </div>
Flavors: r-devel-linux-x86_64-debian-gcc, r-devel-linux-x86_64-fedora-clang, r-devel-linux-x86_64-fedora-gcc